000
CXUS53 KMKX 021738
CLMMSN


CLIMATE REPORT
NATIONAL WEATHER SERVICE IN MILWAUKEE
1128 AM CST MON FEB 2 2015

...................................

...THE MADISON WI CLIMATE SUMMARY FOR THE MONTH OF JANUARY 2015...

CLIMATE NORMAL PERIOD 1981 TO 2010
CLIMATE RECORD PERIOD 1871 TO 2015

WEATHER         OBSERVED          NORMAL  DEPART  LAST YEAR`S
                 VALUE   DATE(S)  VALUE   FROM    VALUE  DATE(S)
                                          NORMAL
................................................................
TEMPERATURE (F)
RECORD
 HIGH              58   01/06/1880
 LOW              -37   01/30/1951
HIGHEST            42   01/18        44      -2       41  01/13
                                                          01/12
LOWEST             -8   01/08       -14       6      -18  01/06
                        01/07
                        01/05
AVG. MAXIMUM     27.2              26.4     0.8     20.9
AVG. MINIMUM     12.5              11.1     1.4      1.8
MEAN             19.9              18.8     1.1     11.4
DAYS MAX >= 90      0               0.0     0.0        0
DAYS MAX <= 32     19              20.4    -1.4       21
DAYS MIN <= 32     31              29.9     1.1       31
DAYS MIN <= 0      10               7.1     2.9       15

PRECIPITATION (INCHES)
RECORD
 MAXIMUM         3.64   1874
 MINIMUM         0.10   1903
TOTALS           0.66              1.23   -0.57     0.65
DAILY AVG.       0.02              0.04   -0.02     0.02
DAYS >= .01        11              10.2     0.8        8
DAYS >= .10         4               3.8     0.2        2
DAYS >= .50         0               0.5    -0.5        0
DAYS >= 1.00        0               0.1    -0.1        0
GREATEST
 24 HR. TOTAL    0.13   01/31 TO 01/31              0.18  01/26
                        01/05 TO 01/05

SNOWFALL (INCHES)
RECORDS
 TOTAL           31.5   1929
TOTALS           10.2              12.9    -2.7     12.4
SINCE 7/1        18.8              30.5   -11.7     38.0
SNOWDEPTH AVG.      1                 5      -4        6
DAYS >= 1.0         5               3.6     1.4        4
GREATEST
 SNOW DEPTH         3   01/15                          8  01/29
                        01/14                             01/28
                        01/13                             01/27
 24 HR TOTAL      2.7   01/08 TO 01/09               3.9  01/26

DEGREE_DAYS
HEATING TOTAL    1392              1434     -42     1657
 SINCE 7/1       4204              4313    -109     4642
COOLING TOTAL       0                 0       0        0
 SINCE 1/1          0                 0       0        0
.................................................................

WIND (MPH)
AVERAGE WIND SPEED              7.1
HIGHEST WIND SPEED/DIRECTION    25/160    DATE  01/28
HIGHEST GUST SPEED/DIRECTION    36/170    DATE  01/28

SKY COVER
POSSIBLE SUNSHINE (PERCENT)   MM
AVERAGE SKY COVER           0.70
NUMBER OF DAYS FAIR            2
NUMBER OF DAYS PC             13
NUMBER OF DAYS CLOUDY         16

AVERAGE RH (PERCENT)     73

WEATHER CONDITIONS. NUMBER OF DAYS WITH
THUNDERSTORM              0     MIXED PRECIP               0
HEAVY RAIN                0     RAIN                       0
LIGHT RAIN                2     FREEZING RAIN              0
LT FREEZING RAIN          2     HAIL                       0
HEAVY SNOW                0     SNOW                       1
LIGHT SNOW               16     SLEET                      0
FOG                      16     FOG W/VIS <= 1/4 MILE      0
HAZE                     12

-  INDICATES NEGATIVE NUMBERS.
R  INDICATES RECORD WAS SET OR TIED.
MM INDICATES DATA IS MISSING.
T  INDICATES TRACE AMOUNT.

$$
