000
CXUS51 KOKX 012243
CLMNYC

CLIMATE REPORT
NATIONAL WEATHER SERVICE NEW YORK NY
642 PM EDT SUN MAY 1 2016

...................................

...THE CENTRAL PARK NY CLIMATE SUMMARY FOR THE MONTH OF APRIL 2016...

CLIMATE NORMAL PERIOD 1981 TO 2010
CLIMATE RECORD PERIOD 1869 TO 2016

WEATHER         OBSERVED          NORMAL  DEPART  LAST YEAR`S
                 VALUE   DATE(S)  VALUE   FROM    VALUE  DATE(S)
                                          NORMAL
................................................................
TEMPERATURE (F)
RECORD
 HIGH              96   04/17/2002
                        04/18/1976
 LOW               20   04/05/1874
HIGHEST            82   04/18        MM      MM       80  04/18
LOWEST             26   04/05        MM      MM       32  04/01
AVG. MAXIMUM     62.2              61.2     1.0     62.6
AVG. MINIMUM     44.4              44.8    -0.4     45.9
MEAN             53.3              53.0     0.3     54.2
DAYS MAX >= 90      0               0.1    -0.1        0
DAYS MAX <= 32      0               0.0     0.0        0
DAYS MIN <= 32      4               0.9     3.1        1
DAYS MIN <= 0       0               0.0     0.0        0

PRECIPITATION (INCHES)
RECORD
 MAXIMUM        14.01   1983
 MINIMUM         0.95   1881
TOTALS           1.61              4.50   -2.89     2.08
DAILY AVG.       0.05              0.15   -0.10     0.07
DAYS >= .01        12              11.5     0.5        9
DAYS >= .10         6               6.9    -0.9        4
DAYS >= .50         0               2.6    -2.6        1
DAYS >= 1.00        0               1.2    -1.2        1
GREATEST
 24 HR. TOTAL    0.47   04/04 TO 04/04           04/20 TO 04/21
                                                          04/30 TO 04/30
                                                          04/30 TO 04/30
 STORM TOTAL       MM                                 MM
 (MM/DD(HH))            MM                    04/21(00) TO 04/21(00)
                                                 04/30(00) TO 04/30(00)0
                                                 04/30(00) TO 04/30(00)0

SNOWFALL (INCHES)
TOTALS              T               0.6    -0.6      0.0
 LIQUID EQUIV      MM              0.10      MM     0.00
SINCE 7/1        32.1              25.8     6.3     50.3
 LIQUID 7/1      3.21              2.60    0.61     5.03
SNOWDEPTH AVG.      0                MM      MM        0
DAYS >= TRACE       3               0.3     2.7        0
DAYS >= 1.0         0               0.1    -0.1        0
GREATEST
 SNOW DEPTH         0   MM                             0  MM
 24 HR TOTAL        T   04/09 TO 04/09           04/30 TO 04/30
                                                          04/30 TO 04/30
                                                          04/30 TO 04/30
 STORM TOTAL       MM                                 MM
 (MM/DD(HH))            MM                    04/30(00) TO 04/30(00)
                                                 04/30(00) TO 04/30(00)0
                                                 04/30(00) TO 04/30(00)0

DEGREE_DAYS
HEATING TOTAL     355               371     -16      319
 SINCE 7/1       3600              4593    -993     4904
COOLING TOTAL      13                11       2        5
 SINCE 1/1         19                12       7        5
.................................................

WIND (MPH)
AVERAGE WIND SPEED              6.0
HIGHEST WIND SPEED/DIRECTION    25/280    DATE  04/03
HIGHEST GUST SPEED/DIRECTION    45/280    DATE  04/03

AVERAGE RH (PERCENT)     47

WEATHER CONDITIONS. NUMBER OF DAYS WITH
THUNDERSTORM              0     MIXED PRECIP               0
HEAVY RAIN                1     RAIN                       3
LIGHT RAIN               12     FREEZING RAIN              0
LT FREEZING RAIN          0     HAIL                       0
HEAVY SNOW                0     SNOW                       0
LIGHT SNOW                3     SLEET                      0
FOG                       5     FOG W/VIS <= 1/4 MILE      0
HAZE                      2

-  INDICATES NEGATIVE NUMBERS.
R  INDICATES RECORD WAS SET OR TIED.
MM INDICATES DATA IS MISSING.
T  INDICATES TRACE AMOUNT.

$$
