203
CXUS51 KOKX 012142
CLMNYC

NYCCLMNYC 000
TTAA00 KOKX 012134


CLIMATE REPORT
NATIONAL WEATHER SERVICE NEW YORK NY
542 PM EDT MON MAY 1 2017

...................................

...THE CENTRAL PARK NY CLIMATE SUMMARY FOR THE MONTH OF APRIL 2017...

CLIMATE NORMAL PERIOD 1981 TO 2010
CLIMATE RECORD PERIOD 1869 TO 2017

WEATHER         OBSERVED          NORMAL  DEPART  LAST YEAR`S
                 VALUE   DATE(S)  VALUE   FROM    VALUE  DATE(S)
                                          NORMAL
................................................................
TEMPERATURE (F)
RECORD
 HIGH              96   04/17/2002
                        04/18/1976
 LOW               20   04/05/1874
HIGHEST            87   04/16        MM      MM       82  04/18
LOWEST             37   04/01        MM      MM       26  04/05
AVG. MAXIMUM     64.9              61.2     3.7     62.2
AVG. MINIMUM     49.4              44.8     4.6     44.4
MEAN             57.2              53.0     4.2     53.3
DAYS MAX >= 90      0               0.1    -0.1        0
DAYS MAX <= 32      0               0.0     0.0        0
DAYS MIN <= 32      0               0.9    -0.9        4
DAYS MIN <= 0       0               0.0     0.0        0

PRECIPITATION (INCHES)
RECORD
 MAXIMUM        14.01   1983
 MINIMUM         0.95   1881
TOTALS           3.84              4.50   -0.66     1.61
DAILY AVG.       0.13              0.15   -0.02     0.05
DAYS >= .01        10              11.5    -1.5       12
DAYS >= .10         7               6.9     0.1        6
DAYS >= .50         3               2.6     0.4        0
DAYS >= 1.00        1               1.2    -0.2        0
GREATEST
 24 HR. TOTAL    1.23   04/25 TO 04/26           04/04 TO 04/04
                        04/01 TO 04/02                    04/09 TO 04/09
                        04/02 TO 04/03                    04/09 TO 04/09
 STORM TOTAL       MM                                 MM
 (MM/DD(HH))            MM                    04/04(00) TO 04/04(00)
                                                 04/09(00) TO 04/09(00)9
                                                 04/09(00) TO 04/09(00)9

SNOWFALL (INCHES)
TOTALS            0.0               0.6    -0.6        T
 LIQUID EQUIV    0.00              0.10   -0.10       MM
SINCE 7/1        30.2              25.8     4.4     32.1
 LIQUID 7/1      3.02              2.60    0.42     3.21
SNOWDEPTH AVG.      0                MM      MM        0
DAYS >= TRACE       0               0.3    -0.3        3
DAYS >= 1.0         0               0.1    -0.1        0
GREATEST
 SNOW DEPTH         0   MM                             0  MM
 24 HR TOTAL      0.0   04/30 TO 04/30           04/09 TO 04/09
                                                          04/09 TO 04/09
                                                          04/09 TO 04/09
 STORM TOTAL       MM                                 MM
 (MM/DD(HH))            MM                    04/09(00) TO 04/09(00)
                                                 04/09(00) TO 04/09(00)9
                                                 04/09(00) TO 04/09(00)9

DEGREE_DAYS
HEATING TOTAL     261               371    -110      355
 SINCE 7/1       4037              4593    -556     3600
COOLING TOTAL      34                11      23       13
 SINCE 1/1         34                12      22       19
..........................................................

WIND (MPH)
AVERAGE WIND SPEED              5.9
HIGHEST WIND SPEED/DIRECTION    26/070    DATE  04/01
HIGHEST GUST SPEED/DIRECTION    39/060    DATE  04/25

AVERAGE RH (PERCENT)     62

WEATHER CONDITIONS. NUMBER OF DAYS WITH
THUNDERSTORM              0     MIXED PRECIP               0
HEAVY RAIN                4     RAIN                       8
LIGHT RAIN               13     FREEZING RAIN              0
LT FREEZING RAIN          0     HAIL                       0
HEAVY SNOW                0     SNOW                       0
LIGHT SNOW                0     SLEET                      0
FOG                      12     FOG W/VIS <= 1/4 MILE      0
HAZE                      4

-  INDICATES NEGATIVE NUMBERS.
R  INDICATES RECORD WAS SET OR TIED.
MM INDICATES DATA IS MISSING.
T  INDICATES TRACE AMOUNT.

$$
