000
CXUS55 KPSR 011302
CLMNYL

CLIMATE REPORT
NATIONAL WEATHER SERVICE PHOENIX AZ
600 AM MST SUN JAN 1 2017

...................................

...THE YUMA AZ CLIMATE SUMMARY FOR THE MONTH OF DECEMBER 2016...

CLIMATE NORMAL PERIOD 1981 TO 2010
CLIMATE RECORD PERIOD 1876 TO 2016

WEATHER         OBSERVED          NORMAL  DEPART
                 VALUE   DATE(S)  VALUE   FROM
                                          NORMAL
................................................
TEMPERATURE (F)
RECORD
 HIGH              86   12/03/1958
 LOW               22   12/26/1911
HIGHEST            82   12/16        78       4
LOWEST             40   12/25        36       4
AVG. MAXIMUM     68.9              68.3     0.6
AVG. MINIMUM     49.4              46.6     2.8
MEAN             59.1              57.4     1.7
DAYS MAX >= 90      0               0.0     0.0
DAYS MAX <= 32      0               0.0     0.0
DAYS MIN <= 32      0               0.0     0.0
DAYS MIN <= 0       0               0.0     0.0

PRECIPITATION (INCHES)
RECORD
 MAXIMUM         4.43   1926
 MINIMUM         0.00   2006
                        2005
                        2003
TOTALS           0.91              0.51    0.40
DAYS >= .01         6               2.3     3.7
DAYS >= .10         4               1.0     3.0
DAYS >= .50         0               0.3    -0.3
DAYS >= 1.00        0               0.1    -0.1
GREATEST
 24 HR. TOTAL    0.56   12/21 TO 12/22

DEGREE_DAYS
HEATING TOTAL     185               236     -51
 SINCE 7/1        231               304     -73
COOLING TOTAL       9                 2       7
 SINCE 1/1       5082              4651     431
.................................................

WIND (MPH)
AVERAGE WIND SPEED              7.2
HIGHEST GUST SPEED/DIRECTION    44/290    DATE  12/17

AVERAGE RH (PERCENT)     45

WEATHER CONDITIONS. NUMBER OF DAYS WITH
THUNDERSTORM              0     HEAVY RAIN                 0
RAIN                      3     LIGHT RAIN                 5
FOG W/VIS <= 1/4 MILE     1

-  INDICATES NEGATIVE NUMBERS.
R  INDICATES RECORD WAS SET OR TIED.
MM INDICATES DATA IS MISSING.
T  INDICATES TRACE AMOUNT.

$$
