000
CXUS55 KPSR 011319
CLMNYL

CLIMATE REPORT
NATIONAL WEATHER SERVICE PHOENIX AZ
615 AM MST SUN MAY 1 2016

...................................

...THE YUMA AZ CLIMATE SUMMARY FOR THE MONTH OF APRIL 2016...

CLIMATE NORMAL PERIOD 1981 TO 2010
CLIMATE RECORD PERIOD 1876 TO 2016

WEATHER         OBSERVED          NORMAL  DEPART
                 VALUE   DATE(S)  VALUE   FROM
                                          NORMAL
................................................
TEMPERATURE (F)
RECORD
 HIGH             107   04/06/1989
                        04/21/1958
                        04/18/1954
 LOW               38   04/08/1929
                        04/05/1901
HIGHEST            97   04/21       100      -3
                        04/20
LOWEST             52   04/26        49       3
AVG. MAXIMUM     87.0              86.4     0.6
AVG. MINIMUM     60.6              59.6     1.0
MEAN             73.8              73.0     0.8
DAYS MAX >= 90     10              10.4    -0.4
DAYS MAX <= 32      0               0.0     0.0
DAYS MIN <= 32      0               0.0     0.0
DAYS MIN <= 0       0               0.0     0.0

PRECIPITATION (INCHES)
RECORD
 MAXIMUM         1.20   1965
 MINIMUM         0.00   2014
                        2010
                        2008
TOTALS           0.31              0.15    0.16
DAYS >= .01         2               0.7     1.3
DAYS >= .10         2               0.5     1.5
DAYS >= .50         0               0.1    -0.1
DAYS >= 1.00        0               0.0     0.0
GREATEST
 24 HR. TOTAL    0.16   04/09 TO 04/10


DEGREE_DAYS
HEATING TOTAL       1                13     -12
 SINCE 7/1        598               686     -88
COOLING TOTAL     272               253      19
 SINCE 1/1        588               406     182
.................................................

WIND (MPH)
AVERAGE WIND SPEED              7.7
HIGHEST GUST SPEED/DIRECTION    37/280    DATE  04/28

AVERAGE RH (PERCENT)     35

WEATHER CONDITIONS. NUMBER OF DAYS WITH
THUNDERSTORM              2     HEAVY RAIN                 1
RAIN                      1     LIGHT RAIN                 3
FOG W/VIS <= 1/4 MILE     0

-  INDICATES NEGATIVE NUMBERS.
R  INDICATES RECORD WAS SET OR TIED.
MM INDICATES DATA IS MISSING.
T  INDICATES TRACE AMOUNT.

$$
