000
CXUS55 KPSR 010847
CLMNYL

CLIMATE REPORT
NATIONAL WEATHER SERVICE PHOENIX AZ
141 AM MST FRI SEP 1 2017

...................................

...THE YUMA AZ CLIMATE SUMMARY FOR THE MONTH OF AUGUST 2017...

CLIMATE NORMAL PERIOD 1981 TO 2010
CLIMATE RECORD PERIOD 1876 TO 2017

WEATHER         OBSERVED          NORMAL  DEPART
                 VALUE   DATE(S)  VALUE   FROM
                                          NORMAL
................................................
TEMPERATURE (F)
RECORD
 HIGH             120   08/27/1981
 LOW               58   08/30/1907
HIGHEST           113   08/30       114      -1
                        08/29
                        08/28
LOWEST             77   08/16        74       3
AVG. MAXIMUM    107.6             106.2     1.4
AVG. MINIMUM     84.2              82.3     1.9
MEAN             95.9              94.3     1.6
DAYS MAX >= 90     31              30.8     0.2
DAYS MAX <= 32      0               0.0     0.0
DAYS MIN <= 32      0               0.0     0.0
DAYS MIN <= 0       0               0.0     0.0

PRECIPITATION (INCHES)
RECORD
 MAXIMUM         6.25   1909
 MINIMUM         0.00   2006
                        2004
                        2002
TOTALS           0.09              0.47   -0.38
DAYS >= .01         1               2.4    -1.4
DAYS >= .10         0               1.2    -1.2
DAYS >= .50         0               0.3    -0.3
DAYS >= 1.00        0               0.1    -0.1
GREATEST
 24 HR. TOTAL    0.09   08/01 TO 08/01

DEGREE_DAYS
HEATING TOTAL       0                 0       0
 SINCE 7/1          0                 0       0
COOLING TOTAL     969               907      62
 SINCE 1/1       3768              3453     315
.................................................

WIND (MPH)
AVERAGE WIND SPEED              7.3
HIGHEST GUST SPEED/DIRECTION    34/190    DATE  08/01

AVERAGE RH (PERCENT)     34

WEATHER CONDITIONS. NUMBER OF DAYS WITH
THUNDERSTORM              4     HEAVY RAIN                 0
RAIN                      1     LIGHT RAIN                 3
FOG W/VIS <= 1/4 MILE     0

-  INDICATES NEGATIVE NUMBERS.
R  INDICATES RECORD WAS SET OR TIED.
MM INDICATES DATA IS MISSING.
T  INDICATES TRACE AMOUNT.

$$
