000
CXUS56 KMTR 011423
CLMOAK


CLIMATE REPORT
NATIONAL WEATHER SERVICE SAN FRANCISCO BAY AREA
723 AM PDT SAT APR 1 2017

...................................

...THE OAKLAND AIRPORT CLIMATE SUMMARY FOR THE MONTH OF MARCH 2017...

CLIMATE NORMAL PERIOD 1981 TO 2010
CLIMATE RECORD PERIOD 1948 TO 2017

WEATHER         OBSERVED          NORMAL  DEPART  LAST YEAR`S
                 VALUE   DATE(S)  VALUE   FROM    VALUE  DATE(S)
                                          NORMAL
................................................................
TEMPERATURE (F)
RECORD
 HIGH              87   03/08/1986
 LOW               32   03/03/1953
HIGHEST            78   03/14                         75  03/17
LOWEST             41   03/02                         42  03/08
                        03/01
AVG. MAXIMUM     66.1              62.6     3.5     64.7
AVG. MINIMUM     49.9              46.1     3.8     50.8
MEAN             58.0                               57.8
DAYS MAX >= 90      0                                  0
DAYS MAX <= 32      0                                  0
DAYS MIN <= 32      0                                  0
DAYS MIN <= 0       0                                  0

PRECIPITATION (INCHES)
RECORD
 MAXIMUM         5.88   2012
 MINIMUM         0.04   1956
TOTALS           2.69              3.08   -0.39     4.80
DAILY AVG.       0.09              0.10   -0.01     0.15
DAYS >= .01         8                                 11
DAYS >= .10         7                                  9
DAYS >= .50         2                                  5
DAYS >= 1.00        0                                  1
GREATEST
 24 HR. TOTAL    0.68   03/24 TO 03/24           03/05 TO 03/05
                                                          03/31 TO 03/31
                                                          03/31 TO 03/31

DEGREE_DAYS
HEATING TOTAL     210               331    -121      217
 SINCE 7/1       1739              2353    -614     1692
COOLING TOTAL       1                 1       0        0
 SINCE 1/1          1                 1       0        1
..................................................

WIND (MPH)
AVERAGE WIND SPEED              8.5
RESULTANT WIND SPEED/DIRECTION   5/272
HIGHEST WIND SPEED/DIRECTION    41/280    DATE  03/05
HIGHEST GUST SPEED/DIRECTION    48/280    DATE  03/05

SKY COVER
POSSIBLE SUNSHINE (PERCENT)   MM
AVERAGE SKY COVER           0.50
NUMBER OF DAYS FAIR           12
NUMBER OF DAYS PC             13
NUMBER OF DAYS CLOUDY          6

AVERAGE RH (PERCENT)     75

WEATHER CONDITIONS. NUMBER OF DAYS WITH
THUNDERSTORM              0     MIXED PRECIP               0
HEAVY RAIN                2     RAIN                       7
LIGHT RAIN                9     FREEZING RAIN              0
LT FREEZING RAIN          0     HAIL                       0
HEAVY SNOW                0     SNOW                       0
LIGHT SNOW                0     SLEET                      0
FOG                      14     FOG W/VIS <= 1/4 MILE      1
HAZE                      0

-  INDICATES NEGATIVE NUMBERS.
R  INDICATES RECORD WAS SET OR TIED.
MM INDICATES DATA IS MISSING.
T  INDICATES TRACE AMOUNT.

$$
