000
CXUS53 KGID 011933 AAB
CLMODX

CLIMATE REPORT...UPDATED
NATIONAL WEATHER SERVICE HASTINGS NE
133 PM CST THU DEC 1 2016

...UPDATED TO ADD LAST YEAR`S VALUES...

...................................

...THE ORD NE CLIMATE SUMMARY FOR THE MONTH OF NOVEMBER 2016...

CLIMATE NORMAL PERIOD 1981 TO 2010
CLIMATE RECORD PERIOD 1895 TO 2016

WEATHER         OBSERVED          NORMAL  DEPART  LAST YEAR`S
                 VALUE   DATE(S)  VALUE   FROM    VALUE
                                          NORMAL
.............................................................
TEMPERATURE (F)
HIGHEST            76   11/04        MM      MM       77  11/02
                        11/03
LOWEST             10   11/19        MM      MM       16  11/22
AVG. MAXIMUM     56.7              48.5     8.2     52.2
AVG. MINIMUM     28.1              24.1     4.0     28.6
MEAN             42.4              36.3     6.1     40.4
DAYS MAX >= 90      0               0.0     0.0        0
DAYS MAX <= 32      1                                  4
DAYS MIN <= 32     23              24.0    -1.0       21
DAYS MIN <= 0       0                                  0

PRECIPITATION (INCHES)
TOTALS           1.26              1.07    0.19     3.16
DAILY AVG.       0.04              0.04    0.00     0.11
DAYS >= .01         5                MM      MM        8
DAYS >= .10         4                MM      MM        6
DAYS >= .50         0                MM      MM        3
DAYS >= 1.00        0                MM      MM        0
GREATEST
 24 HR. TOTAL    0.46   11/07 TO 11/07

DEGREE_DAYS
HEATING TOTAL     671
 SINCE 7/1       1116
COOLING TOTAL       0
 SINCE 1/1        887
..............................................................

WIND (MPH)
AVERAGE WIND SPEED              8.6
HIGHEST WIND SPEED/DIRECTION    39/320    DATE  11/18
HIGHEST GUST SPEED/DIRECTION    49/330    DATE  11/18

SKY COVER
POSSIBLE SUNSHINE (PERCENT)   MM
NUMBER OF DAYS FAIR           19
NUMBER OF DAYS PC              6
NUMBER OF DAYS CLOUDY          5

AVERAGE RH (PERCENT)     64

WEATHER CONDITIONS. NUMBER OF DAYS WITH
THUNDERSTORM              1     MIXED PRECIP               0
HEAVY RAIN                2     RAIN                       2
LIGHT RAIN                6     FREEZING RAIN              0
LT FREEZING RAIN          0     HAIL                       0
HEAVY SNOW                0     SNOW                       1
LIGHT SNOW                4     SLEET                      0
FOG                       7     FOG W/VIS <= 1/4 MILE      2
HAZE                      3

-  INDICATES NEGATIVE NUMBERS.
R  INDICATES RECORD WAS SET OR TIED.
MM INDICATES DATA IS MISSING.
T  INDICATES TRACE AMOUNT.

$$
REED
