000
CXUS52 KCAE 020212 AAA
CLMOGB

CLIMATE REPORT...UPDATED...
NATIONAL WEATHER SERVICE COLUMBIA SC
912 PM EST SUN MAR 1 2015

...................................

...THE ORANGEBURG AIRPORT SC CLIMATE SUMMARY FOR THE
   MONTH OF FEBRUARY 2015...

CLIMATE NORMAL PERIOD 1981 TO 2010
CLIMATE RECORD PERIOD 9999 TO 9999

WEATHER         OBSERVED          NORMAL  DEPART
                 VALUE   DATE(S)  VALUE   FROM
                                          NORMAL
................................................
TEMPERATURE (F)
HIGHEST            71   02/09        MM      MM
                        02/08
LOWEST             16R  02/20        MM      MM
AVG. MAXIMUM     54.8              60.9    -6.1
AVG. MINIMUM     32.7              38.2    -5.5
MEAN             43.7              49.6    -5.9
DAYS MAX >= 90      0               0.0     0.0
DAYS MAX <= 32      0               0.0     0.0
DAYS MIN <= 32     14               7.1     6.9
DAYS MIN <= 0       0               0.0     0.0

PRECIPITATION (INCHES)
TOTALS           4.03              3.59    0.44
DAYS >= .01        13                MM      MM
DAYS >= .10         8                MM      MM
DAYS >= .50         2                MM      MM
DAYS >= 1.00        1                MM      MM
GREATEST
 24 HR. TOTAL    1.76   02/25 TO 02/26

SNOWFALL (INCHES)
DAYS >= TRACE       0

DEGREE_DAYS
HEATING TOTAL     590               435     155
 SINCE 7/1       2074              1932     142
COOLING TOTAL       0                 2      -2
 SINCE 1/1          0                 3      -3
.................................................

WIND (MPH)
AVERAGE WIND SPEED              7.2
RESULTANT WIND SPEED/DIRECTION   2/319
HIGHEST WIND SPEED/DIRECTION    36/270    DATE  02/02
HIGHEST GUST SPEED/DIRECTION    50/270    DATE  02/02

SKY COVER
POSSIBLE SUNSHINE (PERCENT)   MM
AVERAGE SKY COVER           0.40
NUMBER OF DAYS FAIR           14
NUMBER OF DAYS PC              7
NUMBER OF DAYS CLOUDY          7

AVERAGE RH (PERCENT)     60

WEATHER CONDITIONS. NUMBER OF DAYS WITH
THUNDERSTORM              1     MIXED PRECIP               0
HEAVY RAIN                6     RAIN                       8
LIGHT RAIN               15     FREEZING RAIN              1
LT FREEZING RAIN          1     HAIL                       0
HEAVY SNOW                0     SNOW                       0
LIGHT SNOW                1     SLEET                      1
FOG                      14     FOG W/VIS <= 1/4 MILE      1
HAZE                      4

-  INDICATES NEGATIVE NUMBERS.
R  INDICATES RECORD WAS SET OR TIED.
MM INDICATES DATA IS MISSING.
T  INDICATES TRACE AMOUNT.

$$
