000
CXHW52 PHFO 012042
CLMOGG


CLIMATE REPORT
NATIONAL WEATHER SERVICE HONOLULU HI
1041 AM HST THU JAN 1 2015

...................................

...THE KAHULUI HI CLIMATE SUMMARY FOR THE MONTH OF DECEMBER 2014...

CLIMATE NORMAL PERIOD 1981 TO 2010
CLIMATE RECORD PERIOD 1946 TO 2014

WEATHER         OBSERVED          NORMAL  DEPART  LAST YEAR`S
                 VALUE   DATE(S)  VALUE   FROM    VALUE  DATE(S)
                                          NORMAL
................................................................
TEMPERATURE (F)
RECORD
 HIGH              90   12/06/1995
                        12/24/1992
                        12/13/1991
 LOW               49   12/08/2008
HIGHEST            87   12/20        82       5       88  12/09
LOWEST             58   12/07        65      -7       60  12/12
AVG. MAXIMUM     81.6              81.6     0.0     84.0
AVG. MINIMUM     64.5              65.1    -0.6     65.4
MEAN             73.1              73.3    -0.2     74.7
DAYS MAX >= 90      0               0.1    -0.1        0
DAYS MAX <= 32      0               0.0     0.0        0
DAYS MIN <= 32      0               0.0     0.0        0
DAYS MIN <= 0       0               0.0     0.0        0

PRECIPITATION (INCHES)
RECORD
 MAXIMUM        10.21   1996
 MINIMUM         0.00   2011
TOTALS           4.24              3.35    0.89     2.04
DAILY AVG.       0.14              0.11    0.03     0.07
DAYS >= .01         9              10.7    -1.7        6
DAYS >= .10         4               5.0    -1.0        3
DAYS >= .50         2               1.9     0.1        1
DAYS >= 1.00        2               0.7     1.3        1
GREATEST
 24 HR. TOTAL    3.67   12/22 TO 12/23              1.41

SNOWFALL (INCHES)
RECORDS
 TOTAL            0.0   5
                        0
                        -26215
TOTALS            0.0               0.0     0.0      0.0
SINCE 7/1         0.0               0.0     0.0      0.0
SNOWDEPTH AVG.      0                MM      MM        0
DAYS >= 1.0         0               0.0     0.0        0
GREATEST
 SNOW DEPTH         0   MM                             0  MM
 24 HR TOTAL      0.0   12/31 TO 12/31               0.0

DEGREE_DAYS
HEATING TOTAL       0                 0       0        0
 SINCE 7/1          0                 0       0        0
COOLING TOTAL     260               259       1      308
 SINCE 1/1       4454              3966     488     4286
.................................................................

WIND (MPH)
AVERAGE WIND SPEED              9.8
HIGHEST WIND SPEED/DIRECTION    31/050    DATE  12/14
HIGHEST GUST SPEED/DIRECTION    39/210    DATE  12/30

SKY COVER
POSSIBLE SUNSHINE (PERCENT)   MM
AVERAGE SKY COVER           0.40
NUMBER OF DAYS FAIR           14
NUMBER OF DAYS PC             15
NUMBER OF DAYS CLOUDY          2

AVERAGE RH (PERCENT)     71

WEATHER CONDITIONS. NUMBER OF DAYS WITH
THUNDERSTORM              0     MIXED PRECIP               0
HEAVY RAIN                2     RAIN                       4
LIGHT RAIN               15     FREEZING RAIN              0
LT FREEZING RAIN          0     HAIL                       0
HEAVY SNOW                0     SNOW                       0
LIGHT SNOW                0     SLEET                      0
FOG                      10     FOG W/VIS <= 1/4 MILE      0
HAZE                      8

-  INDICATES NEGATIVE NUMBERS.
R  INDICATES RECORD WAS SET OR TIED.
MM INDICATES DATA IS MISSING.
T  INDICATES TRACE AMOUNT.

$$
