000
CXUS53 KEAX 020352
CLMOJC

CLIMATE REPORT
NATIONAL WEATHER SERVICE KANSAS CITY/PLEASANT HILL MO
1044 PM CDT THU JUN 1 2017

...................................

...THE JOHNSON COUNTY EXECUTIVE CLIMATE SUMMARY FOR THE MONTH OF MAY 2017...

CLIMATE NORMAL PERIOD 1981 TO 2010
CLIMATE RECORD PERIOD 9999 TO 9999

WEATHER         OBSERVED          NORMAL  DEPART  LAST YEAR`S
                 VALUE   DATE(S)  VALUE   FROM    VALUE  DATE(S)
                                          NORMAL
................................................................
TEMPERATURE (F)
HIGHEST            86   05/15        87      -1       84  05/07
LOWEST             38   05/01        42      -4       40  05/15
AVG. MAXIMUM     74.2              74.4    -0.2     71.5
AVG. MINIMUM     53.3              55.0    -1.7     52.5
MEAN             63.7              64.7    -1.0     62.0
DAYS MAX >= 90      0               0.3    -0.3        0
DAYS MAX <= 32      0               0.0     0.0        0
DAYS MIN <= 32      0               0.0     0.0        0
DAYS MIN <= 0       0               0.0     0.0        0

PRECIPITATION (INCHES)
TOTALS           4.33              5.43   -1.10     7.56
DAILY AVG.       0.14              0.18   -0.04     0.24
DAYS >= .01        14              11.7     2.3       15
DAYS >= .10         7               8.2    -1.2       12
DAYS >= .50         4               3.6     0.4        5
DAYS >= 1.00        1               1.5    -0.5        3
GREATEST
 24 HR. TOTAL    1.43   05/18 TO 05/18

DEGREE_DAYS
HEATING TOTAL     100                95       5      131
 SINCE 7/1       4018              4926    -908     4139
COOLING TOTAL      70                86     -16       48
 SINCE 1/1         96               104      -8       54
.................................................................

WIND (MPH)
AVERAGE WIND SPEED              8.8
HIGHEST WIND SPEED/DIRECTION    35/220    DATE  05/10
HIGHEST GUST SPEED/DIRECTION    76/160    DATE  05/01

SKY COVER
POSSIBLE SUNSHINE (PERCENT)   MM
AVERAGE SKY COVER           0.30
NUMBER OF DAYS FAIR           20
NUMBER OF DAYS PC              6
NUMBER OF DAYS CLOUDY          5

AVERAGE RH (PERCENT)     72

WEATHER CONDITIONS. NUMBER OF DAYS WITH
THUNDERSTORM             10     MIXED PRECIP               0
HEAVY RAIN                4     RAIN                       5
LIGHT RAIN               15     FREEZING RAIN              0
LT FREEZING RAIN          0     HAIL                       0
HEAVY SNOW                0     SNOW                       0
LIGHT SNOW                0     SLEET                      0
FOG                      12     FOG W/VIS <= 1/4 MILE      0
HAZE                      3

-  INDICATES NEGATIVE NUMBERS.
R  INDICATES RECORD WAS SET OR TIED.
MM INDICATES DATA IS MISSING.
T  INDICATES TRACE AMOUNT.

$$
