000
CXUS54 KOUN 011322
CLMOKC

CLIMATE REPORT
NATIONAL WEATHER SERVICE NORMAN OK
815 AM CDT SAT APR 1 2017

...................................

...THE OKLAHOMA CITY CLIMATE SUMMARY FOR THE MONTH OF MARCH 2017...

CLIMATE NORMAL PERIOD 1981 TO 2010
CLIMATE RECORD PERIOD 1890 TO 2017

WEATHER         OBSERVED          NORMAL  DEPART  LAST YEAR`S
                 VALUE   DATE(S)  VALUE   FROM    VALUE
                                          NORMAL
.............................................................
TEMPERATURE (F)
RECORD
 HIGH              97   03/19/1907
 LOW                1   03/11/1948
HIGHEST            91                83       8       84
LOWEST             28                20       8       27
AVG. MAXIMUM     69.5              63.4     6.1     67.9
AVG. MINIMUM     44.7              41.0     3.7     43.1
MEAN             57.1              52.2     4.9     55.5
DAYS MAX >= 90      1               0.1     0.9        0
DAYS MAX <= 32      0               0.3    -0.3        0
DAYS MIN <= 32      3               5.2    -2.2        5
DAYS MIN <= 0       0               0.0     0.0        0

PRECIPITATION (INCHES)
RECORD
 MAXIMUM         8.02   2007
 MINIMUM         0.02   1911, 1940
TOTALS           2.60              3.06   -0.46     1.02
DAILY AVG.       0.08              0.10   -0.02     0.03
DAYS >= .01         5               7.6    -2.6        7
DAYS >= .10         2               5.1    -3.1        3
DAYS >= .50         2               1.9     0.1        1
DAYS >= 1.00        1               1.1    -0.1        0
GREATEST
 24 HR. TOTAL    1.72   03/28 TO 03/28

SNOWFALL (INCHES)
TOTALS            0.0               0.9    -0.9
SINCE 7/1         2.1               7.6    -5.5

DEGREE_DAYS
HEATING TOTAL     284               409    -125      292
 SINCE 7/1       2504              3159    -655     2649
COOLING TOTAL      48                12      36        8
 SINCE 1/1         57                13      44       12
..............................................................

WIND (MPH)
AVERAGE WIND SPEED              14.2
HIGHEST WIND SPEED/DIRECTION    40/200    DATE  03/06
HIGHEST GUST SPEED/DIRECTION    51/170    DATE  03/23


WEATHER CONDITIONS. NUMBER OF DAYS WITH
THUNDERSTORM              0     MIXED PRECIP               0
HEAVY RAIN                2     RAIN                       2
LIGHT RAIN                8     FREEZING RAIN              0
LT FREEZING RAIN          0     HAIL                       0
HEAVY SNOW                0     SNOW                       0
LIGHT SNOW                0     SLEET                      0
FOG                       8     FOG W/VIS <= 1/4 MILE      0
HAZE                      3

-  INDICATES NEGATIVE NUMBERS.
R  INDICATES RECORD WAS SET OR TIED.
MM INDICATES DATA IS MISSING.
T  INDICATES TRACE AMOUNT.
................................................................
RECORD EVENTS/REMARKS
7TH WARMEST MARCH ON RECORD
THE JANUARY THROUGH MARCH 2016 TOTAL PRECIPITATION IS 7.29 INCHES.
$$
