979
CXUS56 KSEW 011046
CLMOLM


CLIMATE REPORT
NATIONAL WEATHER SERVICE SEATTLE WA
346 AM PDT MON AUG 1 2016

...................................

...THE OLYMPIA WA AIRPORT CLIMATE SUMMARY FOR THE MONTH OF JULY 2016...

CLIMATE NORMAL PERIOD 1981 TO 2010
CLIMATE RECORD PERIOD 1948 TO 2016

WEATHER         OBSERVED          NORMAL  DEPART  LAST YEAR`S
                 VALUE   DATE(S)  VALUE   FROM    VALUE  DATE(S)
                                          NORMAL
................................................................
TEMPERATURE (F)
RECORD
 HIGH             104   07/29/2009
 LOW               35   07/03/1962
HIGHEST            92   07/29        MM      MM       98  07/31
LOWEST             46   07/14        MM      MM       47  07/28
                                                          07/27
                                                          07/22
AVG. MAXIMUM     75.9              76.8    -0.9     83.3
AVG. MINIMUM     52.3              50.8     1.5     52.8
MEAN             64.1              63.8     0.3     68.0
DAYS MAX >= 90      2               2.2    -0.2       10
DAYS MAX <= 32      0               0.0     0.0        0
DAYS MIN <= 32      0               0.0     0.0        0
DAYS MIN <= 0       0               0.0     0.0        0

PRECIPITATION (INCHES)
RECORD
 MAXIMUM         3.00   1983
 MINIMUM            T   2013
                        1984
TOTALS           0.62              0.63   -0.01     0.15
DAILY AVG.       0.02              0.02    0.00     0.00
DAYS >= .01         5               4.6     0.4        2
DAYS >= .10         3               1.9     1.1        1
DAYS >= .50         0               0.2    -0.2        0
DAYS >= 1.00        0               0.0     0.0        0
GREATEST
 24 HR. TOTAL    0.25   07/07 TO 07/08

DEGREE_DAYS
HEATING TOTAL      58                80     -22
COOLING TOTAL      37                43      -6
.................................................................

WIND (MPH)
AVERAGE WIND SPEED              5.0
HIGHEST WIND SPEED/DIRECTION    20/190    DATE  07/09
HIGHEST GUST SPEED/DIRECTION    25/230    DATE  07/04

SKY COVER
POSSIBLE SUNSHINE (PERCENT)   MM
AVERAGE SKY COVER           0.50
NUMBER OF DAYS FAIR            9
NUMBER OF DAYS PC             16
NUMBER OF DAYS CLOUDY          6

AVERAGE RH (PERCENT)     69

WEATHER CONDITIONS. NUMBER OF DAYS WITH
THUNDERSTORM              0     MIXED PRECIP               0
HEAVY RAIN                0     RAIN                       2
LIGHT RAIN                8     FREEZING RAIN              0
LT FREEZING RAIN          0     HAIL                       0
HEAVY SNOW                0     SNOW                       0
LIGHT SNOW                0     SLEET                      0
FOG                      12     FOG W/VIS <= 1/4 MILE      3
HAZE                      1

-  INDICATES NEGATIVE NUMBERS.
R  INDICATES RECORD WAS SET OR TIED.
MM INDICATES DATA IS MISSING.
T  INDICATES TRACE AMOUNT.

$$
