000
CXUS53 KOAX 141650 CCA
CLMOMA

CLIMATE REPORT...CORRECTION
NATIONAL WEATHER SERVICE OMAHA NEBRASKA
1143 PM CST FRI JAN 2 2015

...CORRECTED GREATEST 24 HOUR TOTAL PRECIPITATION FROM 0.66 ON THE 22ND TO
0.71 ON THE 14TH - 15TH...

...................................

...THE OMAHA EPPLEY, NEBRASKA CLIMATE SUMMARY FOR THE MONTH OF DECEMBER 2014...

CLIMATE NORMAL PERIOD 1981 TO 2010
CLIMATE RECORD PERIOD 1871 TO 2014

WEATHER         OBSERVED          NORMAL  DEPART
                 VALUE   DATE(S)  VALUE   FROM
                                          NORMAL
................................................
TEMPERATURE (F)
HIGHEST            59   12/14
LOWEST             -2   12/30
AVG. MAXIMUM     37.6              35.3     2.3
AVG. MINIMUM     25.4              16.7     8.7
MEAN             31.5              26.0     5.5
DAYS MAX >= 90      0
DAYS MAX <= 32      8
DAYS MIN <= 32     25
DAYS MIN <= 0       2

PRECIPITATION (INCHES)
RECORD
 MAXIMUM         5.42   1984
 MINIMUM            T   2002
                        1943
TOTALS           1.68              1.04    0.64
DAILY AVG.       0.05
DAYS >= .01        10
DAYS >= .10         4
DAYS >= .50         2
DAYS >= 1.00        0
GREATEST
 24 HR. TOTAL    0.71   12/14 TO 12/15

SNOWFALL (INCHES)
RECORDS
 TOTAL           24.6   2009
TOTALS            0.7               6.2
SINCE 7/1         3.1
DAYS >= 1.0         0
GREATEST
 SNOW DEPTH         T   12/29
                        12/18
 24 HR TOTAL      0.3   12/29
                        12/18

DEGREE DAYS
HEATING TOTAL    1030              1209    -179
 SINCE 7/1       2331              2479    -148
COOLING TOTAL       0                 0       0
 SINCE 1/1       1149              1113      36
.................................................

WIND (MPH)
AVERAGE WIND SPEED              10.7
HIGHEST WIND SPEED/DIRECTION    36/340    DATE  12/15
HIGHEST GUST SPEED/DIRECTION    45/340    DATE  12/15

SKY COVER
AVERAGE SKY COVER           0.80


WEATHER CONDITIONS. NUMBER OF DAYS WITH
THUNDERSTORM              0     MIXED PRECIP               0
HEAVY RAIN                0     RAIN                       2
LIGHT RAIN               11     FREEZING RAIN              0
LT FREEZING RAIN          2     HAIL                       0
HEAVY SNOW                0     SNOW                       2
LIGHT SNOW                7     SLEET                      0
FOG                      20     FOG W/VIS <= 1/4 MILE      1
HAZE                      5

-  INDICATES NEGATIVE NUMBERS.
R  INDICATES RECORD WAS SET OR TIED.
MM INDICATES DATA IS MISSING.
T  INDICATES TRACE AMOUNT.
>  INDICATES GREATER THAN OR EQUAL TO.
<  INDICATES LESS THAN OR EQUAL TO.

&&

...DECEMBER WAS WARMER AND WETTER THAN NORMAL IN OMAHA...

WITH A VERY WARM STRETCH IN MID-DECEMBER...AND TEMPERATURES MAINLY
ABOVE NORMAL THROUGH MUCH OF THE MONTH...THE AVERAGE TEMPERATURE IN
DECEMBER WAS 31.5 DEGREES...WHICH IS 5.5 DEGREES ABOVE NORMAL.
WHILE THE MONTH OF DECEMBER WAS WETTER THAN NORMAL...THE MONTHLY
SNOWFALL OF 0.7 INCHES WAS 5.5 INCHES BELOW NORMAL.

AFTER A SLIGHTLY COOL START TO THE MONTH...TEMPERATURES ROSE ABOVE
AVERAGE IN OMAHA ON THE 4TH AND REMAINED THERE UNTIL THE 15TH.  ON
THE 13TH AND 14TH IN PARTICULAR...NUMEROUS RECORD WARM TEMPERATURES
WERE SET...INCLUDING DAILY RECORD WARMEST MINIMUM TEMPERATURES ON
BOTH DAYS...A RECORD WARMEST MAXIMUM TEMPERATURE ON THE 14TH...AS
WELL AS THE WARMEST MINIMUM TEMPERATURE EVER RECORDED IN DECEMBER.
THE MID-MONTH WAS MARKED BY LONG PERIODS OF CLOUDINESS...BUT
MEASURABLE RAIN HELD OF UNTIL THE 13TH.  THE RAIN TOTAL ON THE 13TH
THROUGH THE 15TH WAS 0.75 INCHES. BEHIND THE RAIN-PRODUCING STORM
SYSTEM...TEMPERATURES FELL BACK TO SLIGHTLY BELOW NORMAL READINGS
JUST BRIEFLY...WITH A GRADUAL WARMING BRINGING TEMPERATURES BACK
ABOVE NORMAL ON THE 18TH AS THE CLOUDY REGIME PERSISTED.  THE FIRST
MEASURABLE SNOW OF THE MONTH FELL ON THE 18TH...WITH 0.3 INCHES
FALLING. FROM THE 19TH THROUGH THE 28TH TEMPERATURES WERE WELL ABOVE
NORMAL. A WELCOMING RAIN OF 0.66 INCHES FELL ON THE 22ND WITH A FEW
LIGHT SNOWS THEREAFTER. THE MONTH OF DECEMBER ENDED COLD. ON THE
29TH THROUGH THE 31ST THE AVERAGE TEMPERATURES WERE WELL BELOW
NORMAL WITH THE DAYTIME HIGH ON THE 30TH TOPPING OUT AT ONLY 7
DEGREES.

DAILY RECORDS SET IN DECEMBER 2014:
DATE         RECORD          READING           PREVIOUS RECORD
DECEMBER 13  WARM MIN TEMP    47               42 (1921)
DECEMBER 14  WARM MIN TEMP    52               43 (1891)
DECEMBER 14  WARM MAX TEMP    59               59 (TIES WITH 2006)

MONTHLY RECORDS SET IN DECEMBER 2014:
DATE         RECORD         READING  PREVIOUS RECORD
DECEMBER 14  WARM MIN TEMP   52      52 (TIES WITH 12/22/1877)

$$

MAYES/PEARSON
COR BY KLISH ON 2015-JAN-14
