000
CXUS56 KOTX 011050
CLMOMK


CLIMATE REPORT
NATIONAL WEATHER SERVICE SPOKANE, WA
350 AM PDT WED OCT 1 2014

...................................

...THE OMAK WA AIRPORT CLIMATE SUMMARY FOR THE MONTH OF SEPTEMBER 2014...

CLIMATE NORMAL PERIOD 1981 TO 2010
CLIMATE RECORD PERIOD 9999 TO 9999

WEATHER         OBSERVED          NORMAL  DEPART  LAST YEAR`S
                 VALUE   DATE(S)  VALUE   FROM    VALUE  DATE(S)
                                          NORMAL
................................................................
TEMPERATURE (F)
RECORD
 HIGH             101   09/02/1938
 LOW               20   09/27/1945
HIGHEST            91   09/07        MM      MM       97  09/13
LOWEST             31   09/12        MM      MM       33  09/27
AVG. MAXIMUM     78.6              77.7     0.9     77.9
AVG. MINIMUM     48.4              47.5     0.9     51.1
MEAN             63.5              62.6     0.9     64.5
DAYS MAX >= 90      1               2.4    -1.4        8
DAYS MAX <= 32      0               0.0     0.0        0
DAYS MIN <= 32      1               0.5     0.5        0
DAYS MIN <= 0       0               0.0     0.0        0

PRECIPITATION (INCHES)
RECORD
 MAXIMUM         2.71   1959
 MINIMUM            T   1975
TOTALS           0.77              0.58    0.19     1.41
DAILY AVG.       0.03              0.02    0.01     0.05
DAYS >= .01         4                MM      MM       12
DAYS >= .10         3                MM      MM        6
DAYS >= .50         0                MM      MM        0
DAYS >= 1.00        0                MM      MM        0
GREATEST
 24 HR. TOTAL    0.40   09/02 TO 09/03           09/05 TO 09/06
                                                          09/06 TO 09/06
                                                          09/06 TO 09/06

SNOWFALL (INCHES)
RECORDS
 TOTAL              T   1945
TOTALS             MM                MM      MM       MM
SINCE 7/1          MM                MM      MM       MM
SNOWDEPTH AVG.     MM                MM      MM        0
DAYS >= 1.0         0                MM      MM        0
GREATEST
 SNOW DEPTH        MM                                  0  MM
 24 HR TOTAL       MM                                 MM

DEGREE_DAYS
HEATING TOTAL      84               130     -46      133
 SINCE 7/1         89               161     -72      133
COOLING TOTAL      46                58     -12      128
 SINCE 1/1        870               664     206      814
.......................................................

WIND (MPH)
AVERAGE WIND SPEED              7.4
HIGHEST WIND SPEED/DIRECTION    29/020    DATE  09/10
HIGHEST GUST SPEED/DIRECTION    36/020    DATE  09/10

SKY COVER
POSSIBLE SUNSHINE (PERCENT)   MM
AVERAGE SKY COVER           0.20
NUMBER OF DAYS FAIR           24
NUMBER OF DAYS PC              3
NUMBER OF DAYS CLOUDY          3

AVERAGE RH (PERCENT)     49

WEATHER CONDITIONS. NUMBER OF DAYS WITH
THUNDERSTORM              0     MIXED PRECIP               0
HEAVY RAIN                1     RAIN                       0
LIGHT RAIN                9     FREEZING RAIN              0
LT FREEZING RAIN          0     HAIL                       0
HEAVY SNOW                0     SNOW                       0
LIGHT SNOW                0     SLEET                      0
FOG                       3     FOG W/VIS <= 1/4 MILE      0
HAZE                      0

-  INDICATES NEGATIVE NUMBERS.
R  INDICATES RECORD WAS SET OR TIED.
MM INDICATES DATA IS MISSING.
T  INDICATES TRACE AMOUNT.

$$
