000
CXUS51 KBOX 022253
CLMORH


CLIMATE REPORT
NATIONAL WEATHER SERVICE TAUNTON MA
545 PM EST MON FEB 2 2015

...................................

...THE WORCESTER MA CLIMATE SUMMARY FOR THE MONTH OF JANUARY 2015...

CLIMATE NORMAL PERIOD 1981 TO 2010
CLIMATE RECORD PERIOD 1892 TO 2015

WEATHER         OBSERVED          NORMAL  DEPART
                 VALUE   DATE(S)  VALUE   FROM
                                          NORMAL
................................................
TEMPERATURE (F)
RECORD
 HIGH              67   01/26/1950
                        01/15/1932
 LOW              -19   01/15/1957
HIGHEST            47   01/18
                        01/04
LOWEST             -6   01/08
AVG. MAXIMUM     28.4              31.3    -2.9
AVG. MINIMUM     13.5              16.8    -3.3
MEAN             21.0              24.1    -3.1
DAYS MAX >= 90      0               0.0     0.0
DAYS MAX <= 32     24              16.6     7.4
DAYS MIN <= 32     31              28.5     2.5
DAYS MIN <= 0       1               2.2    -1.2

PRECIPITATION (INCHES)
RECORD
 MAXIMUM        11.16   1979
 MINIMUM         0.59   1955
TOTALS           5.03              3.49    1.54
DAYS >= .01        10              12.5    -2.5
DAYS >= .10         7               6.7     0.3
DAYS >= .50         4               2.4     1.6
DAYS >= 1.00        2               0.8     1.2
GREATEST
 24 HR. TOTAL    1.55   01/27 TO 01/27

SNOWFALL (INCHES)
RECORDS
 TOTAL           50.9   2005
 SNOW DEPTH        35   01/31/1966
TOTALS           46.5              17.1    29.4
SINCE 7/1        55.2              34.3    20.9
SNOWDEPTH AVG.     MM
GREATEST
 SNOW DEPTH        MM
 24 HR TOTAL     31.9R  01/27 TO 01/27

DEGREE_DAYS
HEATING TOTAL    1358              1269      89
 SINCE 7/1       3700              3773     -73
COOLING TOTAL       0                 0       0
 SINCE 1/1          0                 0       0
.................................................

WIND (MPH)
AVERAGE WIND SPEED              12.3
RESULTANT WIND SPEED/DIRECTION   8/282
HIGHEST WIND SPEED/DIRECTION    37/310    DATE  01/30
HIGHEST GUST SPEED/DIRECTION    55/360    DATE  01/27

SKY COVER
POSSIBLE SUNSHINE (PERCENT)   MM
AVERAGE SKY COVER           0.50
NUMBER OF DAYS FAIR           14
NUMBER OF DAYS PC              8
NUMBER OF DAYS CLOUDY          9

AVERAGE RH (PERCENT)     64

WEATHER CONDITIONS. NUMBER OF DAYS WITH
THUNDERSTORM              0     MIXED PRECIP               0
HEAVY RAIN                1     RAIN                       2
LIGHT RAIN                4     FREEZING RAIN              2
LT FREEZING RAIN          4     HAIL                       0
HEAVY SNOW                3     SNOW                       6
LIGHT SNOW               15     SLEET                      0
FOG                      11     FOG W/VIS <= 1/4 MILE      5
HAZE                      4

-  INDICATES NEGATIVE NUMBERS.
R  INDICATES RECORD WAS SET OR TIED.
MM INDICATES DATA IS MISSING.
T  INDICATES TRACE AMOUNT.

$$

SIPPRELL
