000
CXUS53 KPAH 011822
CLMPAH

SDFCLMPAA 000
TTAA00 KPAH 011820


CLIMATE REPORT
NATIONAL WEATHER SERVICE PADUCAH KY
117 PM CDT WED NOV 1 2017

...................................

...THE PADUCAH ASOS CLIMATE SUMMARY FOR THE MONTH OF OCTOBER 2017...

CLIMATE NORMAL PERIOD 1981 TO 2010
CLIMATE RECORD PERIOD 1937 TO 2017

WEATHER         OBSERVED          NORMAL  DEPART  LAST YEAR`S
                 VALUE   DATE(S)  VALUE   FROM    VALUE  DATE(S)
                                          NORMAL
................................................................
TEMPERATURE (F)
RECORD
 HIGH              95   10/06/1938
 LOW               22   10/24/1981
HIGHEST            88   10/14        71      17       89  10/19
LOWEST             30   10/31        47     -17       35  10/22
AVG. MAXIMUM     72.7              71.0     1.7     78.3
AVG. MINIMUM     50.0              46.7     3.3     53.1
MEAN             61.4              58.8     2.6     65.7
DAYS MAX >= 90      0               0.1    -0.1        0
DAYS MAX <= 32      0               0.0     0.0        0
DAYS MIN <= 32      2               2.0     0.0        0
DAYS MIN <= 0       0               0.0     0.0        0

PRECIPITATION (INCHES)
RECORD
 MAXIMUM        10.55   2009
 MINIMUM            T   1964
TOTALS           4.04              3.96    0.08     0.34
DAILY AVG.       0.13              0.13    0.00     0.01
DAYS >= .01         8               7.8     0.2        4
DAYS >= .10         6               5.5     0.5        1
DAYS >= .50         4               2.5     1.5        0
DAYS >= 1.00        1               1.3    -0.3        0
GREATEST
 24 HR. TOTAL    1.22   10/08 TO 10/08
 STORM TOTAL       MM
 (MM/DD(HH))            MM

SNOWFALL (INCHES)
RECORDS
 TOTAL            2.2   1993
TOTALS            0.0               0.1    -0.1      0.0
SINCE 7/1         0.0               0.1    -0.1      0.0
SNOWDEPTH AVG.      0                MM      MM        0
DAYS >= TRACE       0
DAYS >= 1.0         0               0.0     0.0        0
GREATEST
 SNOW DEPTH         0   MM                             0  MM
 24 HR TOTAL      0.0   10/31 TO 10/31
 STORM TOTAL       MM
 (MM/DD(HH))            MM

DEGREE_DAYS
HEATING TOTAL     198               228     -30       90
 SINCE 7/1        209               267     -58      104
COOLING TOTAL      95                38      57      120
 SINCE 1/1       1685              1538     147     1934

FREEZE DATES
RECORD
 EARLIEST     10/01/1984
 LATEST       04/28/1992
EARLIEST      10/28             10/26
LATEST                          04/04
.................................................................

WIND (MPH)
AVERAGE WIND SPEED              5.9
HIGHEST WIND SPEED/DIRECTION    21/240    DATE  10/25
HIGHEST GUST SPEED/DIRECTION    34/150    DATE  10/21

SKY COVER
POSSIBLE SUNSHINE (PERCENT)   MM
AVERAGE SKY COVER           0.40
NUMBER OF DAYS FAIR           17
NUMBER OF DAYS PC              9
NUMBER OF DAYS CLOUDY          5

AVERAGE RH (PERCENT)     66

WEATHER CONDITIONS. NUMBER OF DAYS WITH
THUNDERSTORM              0     MIXED PRECIP               0
HEAVY RAIN                5     RAIN                       7
LIGHT RAIN                9     FREEZING RAIN              0
LT FREEZING RAIN          0     HAIL                       0
HEAVY SNOW                0     SNOW                       0
LIGHT SNOW                0     SLEET                      0
FOG                      13     FOG W/VIS <= 1/4 MILE      3
HAZE                      1

-  INDICATES NEGATIVE NUMBERS.
R  INDICATES RECORD WAS SET OR TIED.
MM INDICATES DATA IS MISSING.
T  INDICATES TRACE AMOUNT.

$$
