000
CXUS52 KMFL 011354
CLMPBI

CLIMATE REPORT
NATIONAL WEATHER SERVICE MIAMI, FL
951 AM EDT SAT AUG 1 2015

...................................

...THE WEST PALM BEACH CLIMATE SUMMARY FOR THE MONTH OF JULY 2015...

CLIMATE NORMAL PERIOD 1981 TO 2010
CLIMATE RECORD PERIOD 1888 TO 2015

WEATHER         OBSERVED          NORMAL  DEPART  LAST YEAR`S
                 VALUE   DATE(S)  VALUE   FROM    VALUE
                                          NORMAL
.............................................................
TEMPERATURE (F)
RECORD
 HIGH             101   07/21/1942
 LOW               64   07/26/1940
                        07/18/1940
HIGHEST            96   07/14                         95
LOWEST             72   07/31                         72
                        07/01
AVG. MAXIMUM     91.1              89.9     1.2     89.9
AVG. MINIMUM     75.8              75.5     0.3     75.9
MEAN             83.5              82.7     0.8     82.9
DAYS MAX >= 90     25                                 19
DAYS MAX <= 32      0                                  0
DAYS MIN <= 32      0                                  0
DAYS MIN <= 0       0                                  0

PRECIPITATION (INCHES)
RECORD
 MAXIMUM        23.28   1933
 MINIMUM         0.51   1892
TOTALS           6.04              5.76    0.28     7.73
DAILY AVG.       0.19              0.19    0.00     0.25
DAYS >= .01        15                                 23
DAYS >= .10        10                                 16
DAYS >= .50         5                                  6
DAYS >= 1.00        2                                  2
GREATEST
 24 HR. TOTAL    1.27   07/31 TO 07/31              1.07

DEGREE_DAYS
HEATING TOTAL       0                 0       0        0
 SINCE 7/1          0                 0       0        0
COOLING TOTAL     580               549      31      564
 SINCE 1/1       2649              2148     501     2404
..............................................................

WIND (MPH)
AVERAGE WIND SPEED              7.9
HIGHEST WIND SPEED/DIRECTION    35/220    DATE  07/23
HIGHEST GUST SPEED/DIRECTION    47/230    DATE  07/23

SKY COVER
POSSIBLE SUNSHINE (PERCENT)   MM
AVERAGE SKY COVER           0.60
NUMBER OF DAYS FAIR            0
NUMBER OF DAYS PC             27
NUMBER OF DAYS CLOUDY          4

AVERAGE RH (PERCENT)     72

WEATHER CONDITIONS. NUMBER OF DAYS WITH
THUNDERSTORM             23     MIXED PRECIP               0
HEAVY RAIN               11     RAIN                      10
LIGHT RAIN               16     FREEZING RAIN              0
LT FREEZING RAIN          0     HAIL                       0
HEAVY SNOW                0     SNOW                       0
LIGHT SNOW                0     SLEET                      0
FOG                       9     FOG W/VIS <= 1/4 MILE      1
HAZE                      0

-  INDICATES NEGATIVE NUMBERS.
R  INDICATES RECORD WAS SET OR TIED.
MM INDICATES DATA IS MISSING.
T  INDICATES TRACE AMOUNT.

$$
