000
CXUS56 KPQR 011630
CLMPDX


CLIMATE REPORT
NATIONAL WEATHER SERVICE PORTLAND OREGON
930 AM PDT FRI JUL 1 2016

...................................

...THE PORTLAND OR CLIMATE SUMMARY FOR THE MONTH OF JUNE 2016...

CLIMATE NORMAL PERIOD 1981 TO 2010
CLIMATE RECORD PERIOD 1940 TO 2016

WEATHER         OBSERVED          NORMAL  DEPART  LAST YEAR`S
                 VALUE   DATE(S)  VALUE   FROM    VALUE  DATE(S)
                                          NORMAL
................................................................
TEMPERATURE (F)
HIGHEST           100                                 95  06/26
LOWEST             48                                 51  06/14
                                                          06/13
AVG. MAXIMUM     76.8              73.5     3.3     82.7
AVG. MINIMUM     55.4              53.6     1.8     57.9
MEAN             66.1              63.6     2.5     70.3
DAYS MAX >= 90      3               1.2     1.8        9
DAYS MAX <= 32      0               0.0     0.0        0
DAYS MIN <= 32      0               0.0     0.0        0
DAYS MIN <= 0       0               0.0     0.0        0

PRECIPITATION (INCHES)
RECORD
 MAXIMUM         4.27   2010
 MINIMUM         0.03   1951
TOTALS           1.42              1.70   -0.28     0.40
DAYS >= .01        10               9.2     0.8        3
DAYS >= .10         5               4.5     0.5        1
DAYS >= .50         1               0.7     0.3        0
DAYS >= 1.00        0               0.2    -0.2        0
GREATEST
 24 HR. TOTAL    0.54   06/23 TO 06/24

SNOWFALL (INCHES)
TOTALS            0.0
SINCE 7/1         1.3

DEGREE_DAYS
HEATING TOTAL      67                91     -24       19
 SINCE 7/1       3455              4278    -823     3367
COOLING TOTAL     105                47      58      185
 SINCE 1/1        154                64      90      207
.................................................................

WIND (MPH)
AVERAGE WIND SPEED              6.6
RESULTANT WIND SPEED/DIRECTION   4/306
HIGHEST WIND SPEED/DIRECTION    25/230    DATE  06/14
HIGHEST GUST SPEED/DIRECTION    32/190    DATE  06/10

SKY COVER
POSSIBLE SUNSHINE (PERCENT)   MM
AVERAGE SKY COVER           0.50
NUMBER OF DAYS FAIR            8
NUMBER OF DAYS PC             18
NUMBER OF DAYS CLOUDY          4

AVERAGE RH (PERCENT)     59

WEATHER CONDITIONS. NUMBER OF DAYS WITH
THUNDERSTORM              0     MIXED PRECIP               0
HEAVY RAIN                2     RAIN                       1
LIGHT RAIN               14     FREEZING RAIN              0
LT FREEZING RAIN          0     HAIL                       1
HEAVY SNOW                0     SNOW                       0
LIGHT SNOW                0     SLEET                      0
FOG                       3     FOG W/VIS <= 1/4 MILE      0
HAZE                      3

-  INDICATES NEGATIVE NUMBERS.
R  INDICATES RECORD WAS SET OR TIED.
MM INDICATES DATA IS MISSING.
T  INDICATES TRACE AMOUNT.

$$
