000
CXUS56 KPQR 011606
CLMPDX


CLIMATE REPORT
NATIONAL WEATHER SERVICE PORTLAND OREGON
806 AM PST WED FEB 1 2017

...................................

...THE PORTLAND OR CLIMATE SUMMARY FOR THE MONTH OF JANUARY 2017...

CLIMATE NORMAL PERIOD 1981 TO 2010
CLIMATE RECORD PERIOD 1940 TO 2017

WEATHER         OBSERVED          NORMAL  DEPART  LAST YEAR`S
                 VALUE   DATE(S)  VALUE   FROM    VALUE  DATE(S)
                                          NORMAL
................................................................
TEMPERATURE (F)
HIGHEST            52                                 59  01/28
                                                          01/22
LOWEST             11                                 28  01/03
                                                          01/02
AVG. MAXIMUM     39.0              47.0    -8.0     47.2
AVG. MINIMUM     28.0              35.8    -7.8     38.0
MEAN             33.5              41.4    -7.9     42.6
DAYS MAX >= 90      0               0.0     0.0        0
DAYS MAX <= 32      6               0.5     5.5        1
DAYS MIN <= 32     21               8.3    12.7        8
DAYS MIN <= 0       0               0.0     0.0        0

PRECIPITATION (INCHES)
RECORD
 MAXIMUM        12.83   1953
 MINIMUM         0.06   1985
TOTALS           4.13              4.88   -0.75     7.23
DAYS >= .01        14              18.0    -4.0       23
DAYS >= .10         8              11.8    -3.8       19
DAYS >= .50         4               3.0     1.0        6
DAYS >= 1.00        1               0.5     0.5        0
GREATEST
 24 HR. TOTAL    1.42   01/17 TO 01/18

SNOWFALL (INCHES)
TOTALS            8.4
SINCE 7/1        11.2

DEGREE_DAYS
HEATING TOTAL     969               732     237      688
 SINCE 7/1       2533              2464      69     2155
COOLING TOTAL       0                 0       0        0
 SINCE 1/1          0                 0       0        0
.................................................................

WIND (MPH)
AVERAGE WIND SPEED              10.9
RESULTANT WIND SPEED/DIRECTION  10/112
HIGHEST WIND SPEED/DIRECTION    36/100    DATE  01/07
HIGHEST GUST SPEED/DIRECTION    48/070    DATE  01/04

SKY COVER
POSSIBLE SUNSHINE (PERCENT)   MM
AVERAGE SKY COVER           0.70
NUMBER OF DAYS FAIR            4
NUMBER OF DAYS PC             13
NUMBER OF DAYS CLOUDY         14

AVERAGE RH (PERCENT)     77

WEATHER CONDITIONS. NUMBER OF DAYS WITH
THUNDERSTORM              0     MIXED PRECIP               0
HEAVY RAIN                0     RAIN                       3
LIGHT RAIN               15     FREEZING RAIN              1
LT FREEZING RAIN          4     HAIL                       0
HEAVY SNOW                0     SNOW                       3
LIGHT SNOW                3     SLEET                      0
FOG                      19     FOG W/VIS <= 1/4 MILE      1
HAZE                      0

-  INDICATES NEGATIVE NUMBERS.
R  INDICATES RECORD WAS SET OR TIED.
MM INDICATES DATA IS MISSING.
T  INDICATES TRACE AMOUNT.

$$
