000
CXUS55 KPSR 010855
CLMPHX

CLIMATE REPORT
NATIONAL WEATHER SERVICE PHOENIX AZ
154 AM MST MON JUN 1 2015

...................................

...THE PHOENIX AZ CLIMATE SUMMARY FOR THE MONTH OF MAY 2015...

CLIMATE NORMAL PERIOD 1981 TO 2010
CLIMATE RECORD PERIOD 1895 TO 2015

WEATHER         OBSERVED          NORMAL  DEPART
                 VALUE   DATE(S)  VALUE   FROM
                                          NORMAL
................................................
TEMPERATURE (F)
RECORD
 HIGH             114   05/30/1910
 LOW               39   05/03/1899
HIGHEST           107   05/31       106       1
LOWEST             57   05/16        58      -1
                        05/15
                        05/09
AVG. MAXIMUM     90.1              94.8    -4.7
AVG. MINIMUM     67.4              69.4    -2.0
MEAN             78.7              82.1    -3.4
DAYS MAX >= 90     17              23.6    -6.6
DAYS MAX <= 32      0               0.0     0.0
DAYS MIN <= 32      0               0.0     0.0
DAYS MIN <= 0       0               0.0     0.0

PRECIPITATION (INCHES)
RECORD
 MAXIMUM         1.31   1930
 MINIMUM         0.00   2014
                        2013
                        2010
TOTALS           1.17              0.11    1.06
DAYS >= .01         2               1.0     1.0
DAYS >= .10         2               0.4     1.6
DAYS >= .50         1               0.0     1.0
DAYS >= 1.00        0               0.0     0.0
GREATEST
 24 HR. TOTAL    0.93   05/15 TO 05/15
                        05/15 TO 05/16

DEGREE_DAYS
HEATING TOTAL       0                 1      -1
 SINCE 7/1        520               935    -415
COOLING TOTAL     435               531     -96
 SINCE 1/1       1025               886     139
.................................................

WIND (MPH)
AVERAGE WIND SPEED              7.4
HIGHEST GUST SPEED/DIRECTION    39/210    DATE  05/03

AVERAGE RH (PERCENT)     28

WEATHER CONDITIONS. NUMBER OF DAYS WITH
THUNDERSTORM              0     HEAVY RAIN                 2
RAIN                      2     LIGHT RAIN                 4
FOG W/VIS <= 1/4 MILE     0

-  INDICATES NEGATIVE NUMBERS.
R  INDICATES RECORD WAS SET OR TIED.
MM INDICATES DATA IS MISSING.
T  INDICATES TRACE AMOUNT.

$$
