000
CXUS51 KRLX 031944
CLMPKB


CLIMATE REPORT
NATIONAL WEATHER SERVICE CHARLESTON WV
343 PM EDT MON APR 3 2017

...................................

...THE PARKERSBURG WV CLIMATE SUMMARY FOR THE MONTH OF MARCH 2017...

CLIMATE NORMAL PERIOD 1981 TO 2010
CLIMATE RECORD PERIOD 1889 TO 2017

WEATHER         OBSERVED          NORMAL  DEPART  LAST YEAR`S
                 VALUE   DATE(S)  VALUE   FROM    VALUE  DATE(S)
                                          NORMAL
................................................................
TEMPERATURE (F)
RECORD
 HIGH              89   03/25/1929
 LOW               -5   03/03/1980
HIGHEST            77   03/30        MM      MM       77  03/24
                        03/24
LOWEST             15   03/15        MM      MM       19  03/03
AVG. MAXIMUM     54.3              54.1     0.2     61.6
AVG. MINIMUM     34.3              32.8     1.5     40.1
MEAN             44.3              43.5     0.8     50.9
DAYS MAX >= 90      0               0.0     0.0        0
DAYS MAX <= 32      0               0.9    -0.9        0
DAYS MIN <= 32     14              15.4    -1.4       11
DAYS MIN <= 0       0               0.0     0.0        0

PRECIPITATION (INCHES)
RECORD
 MAXIMUM         9.39   1963
 MINIMUM         0.10   1910
TOTALS           4.55              3.73    0.82     2.78
DAILY AVG.       0.15              0.12    0.03     0.09
DAYS >= .01        13              13.1    -0.1       12
DAYS >= .10        10               7.7     2.3        8
DAYS >= .50         3               2.4     0.6
DAYS >= 1.00        1               0.7     0.3        0
GREATEST
 24 HR. TOTAL    1.13   03/31 TO 03/31           03/28 TO 03/28
                                                          03/28 TO 03/28
                                                          03/28 TO 03/28
 STORM TOTAL       MM                                 MM
 (MM/DD(HH))            MM                    03/28(00) TO 03/28(00)
                                                 03/28(00) TO 03/28(00)8
                                                 03/28(00) TO 03/28(00)8

SNOWFALL (INCHES)
TOTALS             MM

DEGREE_DAYS
HEATING TOTAL     636               671     -35      437
 SINCE 7/1       3667              4461    -794     3650
COOLING TOTAL       2                 3      -1        8
 SINCE 1/1          6                 3       3        8
.........................................................

WIND (MPH)
AVERAGE WIND SPEED              7.8
HIGHEST WIND SPEED/DIRECTION    37/270    DATE  03/02
HIGHEST GUST SPEED/DIRECTION    54/260    DATE  03/02

SKY COVER
POSSIBLE SUNSHINE (PERCENT)    0
AVERAGE SKY COVER           0.50
NUMBER OF DAYS FAIR           12
NUMBER OF DAYS PC              9
NUMBER OF DAYS CLOUDY         10

AVERAGE RH (PERCENT)     58

WEATHER CONDITIONS. NUMBER OF DAYS WITH
THUNDERSTORM              0     MIXED PRECIP               0
HEAVY RAIN                3     RAIN                       6
LIGHT RAIN               13     FREEZING RAIN              0
LT FREEZING RAIN          0     HAIL                       0
HEAVY SNOW                1     SNOW                       2
LIGHT SNOW                5     SLEET                      0
FOG                      15     FOG W/VIS <= 1/4 MILE      2
HAZE                     10

-  INDICATES NEGATIVE NUMBERS.
R  INDICATES RECORD WAS SET OR TIED.
MM INDICATES DATA IS MISSING.
T  INDICATES TRACE AMOUNT.

$$
