000
CXUS51 KRLX 030433
CLMPKB


CLIMATE REPORT
NATIONAL WEATHER SERVICE CHARLESTON WV
1232 AM EDT FRI NOV 3 2017

...................................

...THE PARKERSBURG WV CLIMATE SUMMARY FOR THE MONTH OF OCTOBER 2017...

CLIMATE NORMAL PERIOD 1981 TO 2010
CLIMATE RECORD PERIOD 1889 TO 2017

WEATHER         OBSERVED          NORMAL  DEPART  LAST YEAR`S
                 VALUE   DATE(S)  VALUE   FROM    VALUE  DATE(S)
                                          NORMAL
................................................................
TEMPERATURE (F)
RECORD
 HIGH              92   10/08/2007
 LOW               20   10/30/1895
HIGHEST            88   10/07                         85
LOWEST             33   10/31                         32
AVG. MAXIMUM     70.3              66.5     3.8     71.5
AVG. MINIMUM     46.8              44.1     2.7     47.4
MEAN             58.5              55.3     3.2     59.4
DAYS MAX >= 90      0               0.1    -0.1        0
DAYS MAX <= 32      0               0.0     0.0        0
DAYS MIN <= 32      0               3.0    -3.0        1
DAYS MIN <= 0       0               0.0     0.0        0

PRECIPITATION (INCHES)
RECORD
 MAXIMUM         7.89   1970
 MINIMUM         0.07   1897
TOTALS           3.84              2.86    0.98     2.77
DAILY AVG.       0.12              0.09    0.03     0.09
DAYS >= .01        10              10.1    -0.1        8
DAYS >= .10         6               6.3    -0.3        5
DAYS >= .50         4               2.2     1.8
DAYS >= 1.00        1               0.6     0.4        2
GREATEST
 24 HR. TOTAL    1.19   10/23 TO 10/23           10/20 TO 10/21
                                                          10/21 TO 10/21
                                                          10/21 TO 10/21
 STORM TOTAL       MM                                 MM
 (MM/DD(HH))            MM                    10/21(00) TO 10/21(00)
                                                 10/21(00) TO 10/21(00)1
                                                 10/21(00) TO 10/21(00)1

SNOWFALL (INCHES)
TOTALS             MM

DEGREE_DAYS
HEATING TOTAL     239               318     -79      204
 SINCE 7/1        299               394     -95      215
COOLING TOTAL      46                17      29       37
 SINCE 1/1        973               953      20     1350
..................................................

WIND (MPH)
AVERAGE WIND SPEED              4.0
HIGHEST WIND SPEED/DIRECTION    28/310    DATE  10/15
HIGHEST GUST SPEED/DIRECTION    34/190    DATE  10/24

SKY COVER
POSSIBLE SUNSHINE (PERCENT)   MM
AVERAGE SKY COVER           0.40
NUMBER OF DAYS FAIR           15
NUMBER OF DAYS PC              9
NUMBER OF DAYS CLOUDY          7

AVERAGE RH (PERCENT)     72

WEATHER CONDITIONS. NUMBER OF DAYS WITH
THUNDERSTORM              0     MIXED PRECIP               0
HEAVY RAIN                4     RAIN                       5
LIGHT RAIN               10     FREEZING RAIN              0
LT FREEZING RAIN          0     HAIL                       0
HEAVY SNOW                0     SNOW                       0
LIGHT SNOW                0     SLEET                      0
FOG                      26     FOG W/VIS <= 1/4 MILE     13
HAZE                      7

-  INDICATES NEGATIVE NUMBERS.
R  INDICATES RECORD WAS SET OR TIED.
MM INDICATES DATA IS MISSING.
T  INDICATES TRACE AMOUNT.

$$
