000
CXUS54 KMOB 190154 CCA
CLMPNS

CLIMATE REPORT...ADDED RECORD LOW TEMP DATES
NATIONAL WEATHER SERVICE MOBILE AL
754 PM CST SUN JAN 18 2015

...................................

...THE PENSACOLA CLIMATE SUMMARY FOR THE MONTH OF DECEMBER 2014...

CLIMATE NORMAL PERIOD 1981 TO 2010
CLIMATE RECORD PERIOD 1879 TO 2015

WEATHER         OBSERVED          NORMAL  DEPART  LAST YEAR`S
                 VALUE   DATE(S)  VALUE   FROM    VALUE  DATE(S)
                                          NORMAL
................................................................
TEMPERATURE (F)
RECORD
 HIGH              81   12/06/2014
                        12/03/1978
                        12/29/1974
 LOW               11   12/24/1989
                        12/25/1983
                        12/13/1962
HIGHEST            81R  12/06                         80  12/06
LOWEST             37   12/11                         32  12/25
                        12/10
                        12/09
AVG. MAXIMUM     65.5              62.6     2.9     66.0
AVG. MINIMUM     47.3              44.4     2.9     47.3
MEAN             56.4              53.5     2.9     56.7
DAYS MAX >= 90      0               0.0     0.0        0
DAYS MAX <= 32      0               0.1    -0.1        0
DAYS MIN <= 32      0               3.5    -3.5        1
DAYS MIN <= 0       0               0.0     0.0        0

PRECIPITATION (INCHES)

TOTALS           3.50              4.55   -1.05     3.76
DAILY AVG.       0.11              0.15   -0.04     0.12
DAYS >= .01        10               9.0     1.0        9
DAYS >= .10         9               6.0     3.0        5
DAYS >= .50         3               2.7     0.3        2
DAYS >= 1.00        1               1.4    -0.4        1
GREATEST
 24 HR. TOTAL    1.38   12/23 TO 12/24

SNOWFALL (INCHES)


TOTALS            0.0               0.0     0.0      0.0
SINCE 7/1         0.0               0.0     0.0      0.0
SNOWDEPTH AVG.      0                                  0
DAYS >= 1.0         0               0.0     0.0        0
GREATEST
 SNOW DEPTH         0                                  0
 24 HR TOTAL      0.0   12/31 TO 12/31

DEGREE_DAYS
HEATING TOTAL     273               370     -97      290
 SINCE 7/1        600               582      18      495
COOLING TOTAL      13                13       0       38
 SINCE 1/1       2557              2609     -52     2756
.................................................................

WIND (MPH)
AVERAGE WIND SPEED              6.8
HIGHEST WIND SPEED/DIRECTION    26/180    DATE  12/23
HIGHEST GUST SPEED/DIRECTION    35/230    DATE  12/24

SKY COVER
POSSIBLE SUNSHINE (PERCENT)   MM
AVERAGE SKY COVER           0.40
NUMBER OF DAYS FAIR           17
NUMBER OF DAYS PC              6
NUMBER OF DAYS CLOUDY          8

AVERAGE RH (PERCENT)     77

WEATHER CONDITIONS. NUMBER OF DAYS WITH
THUNDERSTORM              4     MIXED PRECIP               0
HEAVY RAIN                6     RAIN                       7
LIGHT RAIN               12     FREEZING RAIN              0
LT FREEZING RAIN          0     HAIL                       0
HEAVY SNOW                0     SNOW                       0
LIGHT SNOW                0     SLEET                      0
FOG                      17     FOG W/VIS <= 1/4 MILE      2
HAZE                      2

-  INDICATES NEGATIVE NUMBERS.
R  INDICATES RECORD WAS SET OR TIED.
MM INDICATES DATA IS MISSING.
T  INDICATES TRACE AMOUNT.

$$
