000
CXZS50 NSTU 172202
CLMPPG

CLIMATE REPORT
NATIONAL WEATHER SERVICE PAGO PAGO AS
1055 AM SST FRI APR 17 2014

.....................................

...THE PAGO PAGO AIRPORT CLIMATE SUMMARY FOR THE MONTH OF MARCH 2014...

CLIMATE NORMAL PERIOD 1981 TO 2010
CLIMATE RECORD PERIOD 1956 TO 2014

WEATHER ITEM      OBSERVED    DATES       NORMAL      DEPARTURE   LAST YEAR
                  VALUE                   VALUE       FROM        VALUE DATE(S)
                                                      NORMAL
.............................................................................
TEMPERATURE (F)
RECORD
 HIGH             95          03/25/1998
 LOW              63          03/02/1965
HIGHEST           90          03/12        88         2           91 03/26
LOWEST            75          03/30        77        -2           74 03/11
                                                                     03/02

AVG. MAXIMUM      87.8                    88.1       -0.3         88.0
AVG. MINIMUM      77.9                    77.5        0.4         77.2
MEAN              82.9                    82.8        0.1         82.6
DAYS MAX >= 90     1                       5.3       -4.3          3
DAYS MAX <= 32     0                       0.0        0.0          0
DAYS MIN <= 32     0                       0.0        0.0          0
DAYS MIN <= 0      0                       0.0        0.0          0

PRECIPITATION (INCHES)
RECORD
 MAXIMUM          31.84      1961
 MINIMUM           4.01      1976
TOTALS             6.95                  11.66       -4.71         9.97
DAILY AVG.         0.22                   0.38       -0.15         0.32
DAYS >= .01       21                     23.8        -2.8         21
DAYS >= .10       15                     16.8        -1.8         13
DAYS >= .50        3                      6.9        -3.9          8
DAYS >= 1.00       1                      3.2        -2.2          4
GREATEST
 24 HR. TOTAL      2.43      03/06 TO 07               3.59 03/10 TO 11

DEGREE DAYS
HEATING TOTAL     000                     00          00          00
SINCE 1/1         000                     00          00          00
COOLING TOTAL     559                    552          07         555
SINCE 1/1        1601                   1590          11        1600

WIND (MPH)
AVERAGE WIND SPEED  6.9
HIGHEST WIND SPEED/DIRECTION   25/130     DATE 03/17
                               25/120          03/16
                               25/120          03/15
HIGHEST GUST SPEED/DIRECTION   MM         DATE MM

SKY COVER
POSSIBLE SUNSHINE (PERCENT)    MM
AVERAGE SKY COVER               5.9
NUMBER OF DAYS FAIR            01
NUMBER OF DAYS PC              15
NUMBER OF DAYS CLOUDY          15

AVERAGE RH (PERCENT)           86

WEATHER CONDITIONS NUMBER OF DAYS WITH
THUNDERSTORM            02    MIXED PRECIP            00
HEAVY RAIN              07    RAIN                    09
LIGHT RAIN              21    FREEZING RAIN           00
LT FREEZING RAIN        00    HAIL                    00
HEAVY SNOW              00    SNOW                    00
LIGHT SNOW              00    SLEET                   00
FOG                     00    FOG W/VIS <= 1/4 MILE   00
HAZE                    00

- INDICATES NEGATIVE NUMBERS
R INDICATES RECORD WAS SET OR TIED
MM INDICATES DATA IS MISSING
T INDICATES TRACE AMOUNT

$$
