000
CXUS56 KPDT 011739
CLMPSC

CLIMATE REPORT
NATIONAL WEATHER SERVICE PENDLETON OREGON
931 AM PST THU DEC 01 2016

....................................

...THE PASCO WA CLIMATE SUMMARY FOR THE MONTH OF NOVEMBER 2016...

CLIMATE NORMAL PERIOD 1981 TO 2010
CLIMATE RECORD PERIOD 1942 TO 2016

WEATHER         OBSERVED          NORMAL  DEPART  LAST YEAR`S
                 VALUE   DATE(S)  VALUE   FROM    VALUE  DATE(S)
                                          NORMAL

................................................................

TEMPERATURE (F)
RECORD
 HIGH              77  11/13/1999
 LOW               -7  11/24/2010
HIGHEST            70  11/ 2       30        40            66  11/17
LOWEST             25  11/29        6        19            13  11/27
AVG. MAXIMUM     57.2            50.2       7.0          47.6
AVG. MINUMUM     36.4            32.4       4.0          31.2
MEAN             46.8            41.3       5.5          39.4
DAYS MAX >= 90      0               0         0             0
DAYS MAX <= 32      0              18       -18             6
DAYS MIN <= 32      9              24       -15            18
DAYS MIN <= 0       0              17       -17            18


PRECIPITATION (INCHES)
RECORD
 MAXIMUM          1.23   2001
 MINIMUM          0.17   2011
TOTALS            0.54            1.09     -0.55          0.61
DAILY AVG.        0.02            0.04     -0.02          0.02
DAYS >=  0.01        9               3         6             8
DAYS >=  0.10        2               1         1             3
DAYS >=  0.50        0               0         0             0
DAYS >=  1.00        0               0         0             0
GREATEST
 24 HR. TOTAL     0.28  11/14



SNOWFALL (INCHES)
RECORD
 MAXIMUM           1.0   1945
 MINIMUM           0.0   2013
TOTALS             0.0             0.0       0.0           0.5
SINCE 7/1          0.0             0.0       0.0           0.5
DAYS >=  TRACE                       0         0             2
DAYS >=  1.0         0               0         0             0
GREATEST
 24 HR. TOTAL      0.0  11/30


DEGREE DAYS
HEATING TOTAL      538             710      -172           761
 SINCE 7/1         946            1221      -275          1102
COOLING TOTAL        0               0         0             0
 SINCE 1/1         778             704        74          1122

.............................................................

WIND (MPH)
AVERAGE WIND SPEED                     5.7
RESULTANT WIND SPEED/DIRECTION         5/232
HIGHEST WIND SPEED/DIRECTION          31/220      DATE          11/12
HIGHEST GUST SPEED/DIRECTION          41/220      DATE          11/12


WEATHER CONDITIONS. NUMBER OF DAYS WITH
THUNDERSTORM               0    MIXED PRECIP                           0
HEAVY RAIN                 0    RAIN                                   2
LIGHT RAIN                19    FREEZING RAIN                          0
LT FREEZING RAIN           0    HAIL                                   0
HEAVY SNOW                 0    SNOW                                   0
LIGHT SNOW                 1    SLEET                                  0
FOG                       21    FOG W/VIS <=1/4 MILE                   6
HAZE                       6

-  INDICATES NEGATIVE NUMBERS.
R  INDICATES RECORD WAS SET OR TIED.
MM INDICATES DATA IS MISSING.
T  INDICATES TRACE AMOUNT.

$$
