000
CXUS55 KPUB 012150
CLMPUB


CLIMATE REPORT
NATIONAL WEATHER SERVICE PUEBLO
244 PM MST THU DEC 1 2016

...................................

...THE PUEBLO CO CLIMATE SUMMARY FOR THE MONTH OF NOVEMBER 2016...

CLIMATE NORMAL PERIOD 1981 TO 2010
CLIMATE RECORD PERIOD 1888 TO 2016

WEATHER         OBSERVED          NORMAL  DEPART  LAST YEAR`S
                 VALUE   DATE(S)  VALUE   FROM    VALUE  DATE(S)
                                          NORMAL
................................................................
TEMPERATURE (F)
RECORD
 HIGH              85   11/08/2006
 LOW              -17   11/29/1896
HIGHEST            82   11/16        61      21       81  11/01
LOWEST             14   11/30        18      -4        6  11/27
                        11/19
AVG. MAXIMUM     63.8              56.1     7.7     59.3
AVG. MINIMUM     28.0              22.5     5.5     23.7
MEAN             45.9              39.3     6.6     41.5
DAYS MAX >= 90      0               0.0     0.0
DAYS MAX <= 32      0               1.2    -1.2
DAYS MIN <= 32     22              26.4    -4.4
DAYS MIN <= 0       0               0.3    -0.3

PRECIPITATION (INCHES)
RECORD
 MAXIMUM         2.48   1991
 MINIMUM         0.00   1989
                        1966
                        1904
TOTALS           0.78              0.47    0.31     0.57
DAILY AVG.       0.03              0.02    0.01
DAYS >= .01         2               3.9    -1.9
DAYS >= .10         1               1.4    -0.4
DAYS >= .50         1               0.1     0.9
DAYS >= 1.00        0               0.0     0.0
GREATEST
 24 HR. TOTAL    0.70   11/22 TO 11/22

SNOWFALL (INCHES)
RECORDS
 TOTAL           29.3   1946
TOTALS              T               4.4    -4.4      6.4
SINCE 7/1           T               6.0    -6.0      6.4
SNOWDEPTH AVG.      0
DAYS >= 1.0         0               1.2    -1.2
GREATEST
 SNOW DEPTH         0   MM                             5
 24 HR TOTAL        T   11/17 TO 11/17               5.0

DEGREE_DAYS
HEATING TOTAL     568               771    -203      698
 SINCE 7/1        782              1281    -499      874
COOLING TOTAL       0                 0       0        0
 SINCE 1/1       1358               897     461     1273
.................................................................

WIND (MPH)
AVERAGE WIND SPEED              7.1
HIGHEST WIND SPEED/DIRECTION    40/280    DATE  11/27
HIGHEST GUST SPEED/DIRECTION    48/270    DATE  11/27

SKY COVER
POSSIBLE SUNSHINE (PERCENT)   MM
AVERAGE SKY COVER           0.10
NUMBER OF DAYS FAIR           28
NUMBER OF DAYS PC              2
NUMBER OF DAYS CLOUDY          0

AVERAGE RH (PERCENT)     46

WEATHER CONDITIONS. NUMBER OF DAYS WITH
THUNDERSTORM              1     MIXED PRECIP               1
HEAVY RAIN                1     RAIN                       2
LIGHT RAIN                2     FREEZING RAIN              0
LT FREEZING RAIN          0     HAIL                       0
HEAVY SNOW                0     SNOW                       0
LIGHT SNOW                1     SLEET                      0
FOG                       1     FOG W/VIS <= 1/4 MILE      0
HAZE                      1

-  INDICATES NEGATIVE NUMBERS.
R  INDICATES RECORD WAS SET OR TIED.
MM INDICATES DATA IS MISSING.
T  INDICATES TRACE AMOUNT.

$$
