000
CXUS51 KBOX 011442
CLMPVD


CLIMATE REPORT
NATIONAL WEATHER SERVICE TAUNTON MA
1031 AM EDT THU JUN 1 2017

...................................

...THE PROVIDENCE RI CLIMATE SUMMARY FOR THE MONTH OF MAY 2017...

CLIMATE NORMAL PERIOD 1981 TO 2010
CLIMATE RECORD PERIOD 1904 TO 2017

WEATHER         OBSERVED          NORMAL  DEPART  LAST YEAR`S
                 VALUE   DATE(S)  VALUE   FROM    VALUE
                                          NORMAL
.............................................................
TEMPERATURE (F)
RECORD
 HIGH              96   05/26/2010
 LOW               29   05/09/1956
HIGHEST            93   05/18
LOWEST             40   05/09
                        05/08
AVG. MAXIMUM     66.2              68.4    -2.2
AVG. MINIMUM     50.0              48.6     1.4
MEAN             58.1              58.5    -0.4
DAYS MAX >= 90      2               0.5     1.5
DAYS MAX <= 32      0               0.0     0.0
DAYS MIN <= 32      0               0.0     0.0
DAYS MIN <= 0       0               0.0     0.0

PRECIPITATION (INCHES)
RECORD
 MAXIMUM         9.25   1948
 MINIMUM         0.57   1939
TOTALS           6.89              3.55    3.34
DAYS >= .01        13              12.0     1.0
DAYS >= .10        10               7.3     2.7
DAYS >= .50         4               2.2     1.8
DAYS >= 1.00        2               0.6     1.4
GREATEST
 24 HR. TOTAL    2.29   05/05 TO 05/05

SNOWFALL (INCHES)
RECORDS
 TOTAL            7.0   1977
 SNOW DEPTH        MM   MM
TOTALS            0.0               0.0     0.0
SINCE 7/1        45.9              33.8    12.1
SNOWDEPTH AVG.      0
DAYS >= 1.0         0               0.0     0.0
GREATEST
 SNOW DEPTH         0   MM
 24 HR TOTAL      0.0   05/31 TO 05/31

DEGREE_DAYS
HEATING TOTAL     247               225      22
 SINCE 7/1       5108              5575    -467
COOLING TOTAL      41                24      17
 SINCE 1/1         58                26      32
..............................................................

WIND (MPH)
AVERAGE WIND SPEED              9.0
RESULTANT WIND SPEED/DIRECTION   1/238
HIGHEST WIND SPEED/DIRECTION    31/270    DATE  05/02
HIGHEST GUST SPEED/DIRECTION    42/270    DATE  05/02

SKY COVER
POSSIBLE SUNSHINE (PERCENT)   MM
AVERAGE SKY COVER           0.70
NUMBER OF DAYS FAIR            2
NUMBER OF DAYS PC             12
NUMBER OF DAYS CLOUDY         17

AVERAGE RH (PERCENT)     73

WEATHER CONDITIONS. NUMBER OF DAYS WITH
THUNDERSTORM              4     MIXED PRECIP               0
HEAVY RAIN                6     RAIN                       9
LIGHT RAIN               18     FREEZING RAIN              0
LT FREEZING RAIN          0     HAIL                       0
HEAVY SNOW                0     SNOW                       0
LIGHT SNOW                0     SLEET                      0
FOG                      16     FOG W/VIS <= 1/4 MILE      1
HAZE                      0

-  INDICATES NEGATIVE NUMBERS.
R  INDICATES RECORD WAS SET OR TIED.
MM INDICATES DATA IS MISSING.
T  INDICATES TRACE AMOUNT.

$$

SIPPRELL
