000
CXUS53 KLOT 021558
CLMRFD


CLIMATE REPORT
NATIONAL WEATHER SERVICE CHICAGO IL
1054 AM CDT FRI SEP 2 2016

...................................

...THE ROCKFORD IL CLIMATE SUMMARY FOR THE SEASON, FROM
6/1/2016 TO 8/31/2016...

CLIMATE NORMAL PERIOD 1981 TO 2010
CLIMATE RECORD PERIOD 1905 TO 2016

WEATHER         OBSERVED          NORMAL  DEPART  LAST YEAR`S
                 VALUE   DATE(S)  VALUE   FROM    VALUE
                                          NORMAL
.............................................................
TEMPERATURE (F)
RECORD
 HIGH             112   07/14/1936
 LOW               35   06/05/1945
                        06/04/1945
                        08/30/1915
HIGHEST            94   07/24        MM      MM       92
                        07/21
LOWEST             49   06/08        MM      MM       43
AVG. MAXIMUM     83.8              82.7     1.1     81.1
AVG. MINIMUM     63.6              61.0     2.6     60.7
MEAN             73.7              71.8     1.9     70.9
DAYS MAX >= 90     10
DAYS MAX <= 32      0
DAYS MIN <= 32      0
DAYS MIN <= 0       0

PRECIPITATION (INCHES)
RECORD
 MAXIMUM        25.76   1972
 MINIMUM         3.82   1927
TOTALS          14.36             13.19    1.17    13.34
DAYS >= .01        32
DAYS >= .10        22
DAYS >= .50        10
DAYS >= 1.00        5

DEGREE_DAYS
HEATING TOTAL       6                45     -39
 SINCE 7/1          0                14     -14
COOLING TOTAL     832               672     160
 SINCE 1/1        917               727     190
..............................................................

WIND (MPH)
AVERAGE WIND SPEED              7.0
HIGHEST WIND SPEED/DIRECTION    35/290    DATE  08/04
HIGHEST GUST SPEED/DIRECTION    46/010    DATE  07/06


WEATHER CONDITIONS. NUMBER OF DAYS WITH
THUNDERSTORM              0     MIXED PRECIP               0
HEAVY RAIN               10     RAIN                      18
LIGHT RAIN               36     FREEZING RAIN              0
LT FREEZING RAIN          0     HAIL                       0
HEAVY SNOW                0     SNOW                       0
LIGHT SNOW                0     SLEET                      0
FOG                      43     FOG W/VIS <= 1/4 MILE      2
HAZE                      5

-  INDICATES NEGATIVE NUMBERS.
R  INDICATES RECORD WAS SET OR TIED.
MM INDICATES DATA IS MISSING.
T  INDICATES TRACE AMOUNT.

$$
