000
CXUS53 KGRB 010727
CLMRHI


CLIMATE REPORT
NATIONAL WEATHER SERVICE GREEN BAY
225 AM CDT MON MAY 1 2017

...................................

...THE RHINELANDER WI CLIMATE SUMMARY FOR THE MONTH OF APRIL 2017...

CLIMATE NORMAL PERIOD 1981 TO 2010
CLIMATE RECORD PERIOD 1908 TO 2017

WEATHER         OBSERVED          NORMAL  DEPART  LAST YEAR`S
                 VALUE   DATE(S)  VALUE   FROM    VALUE  DATE(S)
                                          NORMAL
................................................................
TEMPERATURE (F)
RECORD
 HIGH              92   04/28/1952
 LOW               -4   04/06/2003
                        04/06/1982
HIGHEST            75   04/25        75       0       79  04/17
LOWEST             24   04/12        12      12       11  04/09
                        04/01
AVG. MAXIMUM     55.6              53.3     2.3     50.6
AVG. MINIMUM     32.8              29.8     3.0     29.8
MEAN             44.2              41.6     2.6     40.2
DAYS MAX >= 90      0               0.0     0.0        0
DAYS MAX <= 32      0               1.4    -1.4        4
DAYS MIN <= 32     18              17.7     0.3       17
DAYS MIN <= 0       0               0.1    -0.1        0

PRECIPITATION (INCHES)
RECORD
 MAXIMUM         6.33   2002
 MINIMUM         0.33   1946
TOTALS           6.93R             2.58    4.35     2.78
DAILY AVG.       0.23              0.09    0.14     0.09
DAYS >= .01        14                MM      MM       11
DAYS >= .10        10                MM      MM        6
DAYS >= .50         6                MM      MM        2
DAYS >= 1.00        2                MM      MM        0
GREATEST
 STORM TOTAL       MM
 (MM/DD(HH))            MM

SNOWFALL (INCHES)
RECORDS
 TOTAL           28.1   2014
TOTALS            8.5                MM      MM     11.9
SINCE 7/1        65.8                MM      MM     55.9
DAYS >= TRACE       4                MM      MM       12
DAYS >= 1.0         2                MM      MM        4
GREATEST
 SNOW DEPTH         2   04/27                          6  04/08
                        04/11
 24 HR TOTAL      5.4   04/11 TO 04/11

DEGREE_DAYS
HEATING TOTAL     616               705     -89      736
 SINCE 7/1       7279              8500   -1221     7358
COOLING TOTAL       0                 1      -1        0
 SINCE 1/1          0                 1      -1        0
.................................................................

WIND (MPH)
AVERAGE WIND SPEED              7.6
HIGHEST WIND SPEED/DIRECTION    32/260    DATE  04/16
HIGHEST GUST SPEED/DIRECTION    42/270    DATE  04/16

SKY COVER
POSSIBLE SUNSHINE (PERCENT)   MM
AVERAGE SKY COVER           0.50
NUMBER OF DAYS FAIR            8
NUMBER OF DAYS PC             12
NUMBER OF DAYS CLOUDY         10

AVERAGE RH (PERCENT)     69

WEATHER CONDITIONS. NUMBER OF DAYS WITH
THUNDERSTORM              0     MIXED PRECIP               0
HEAVY RAIN                5     RAIN                       6
LIGHT RAIN               17     FREEZING RAIN              1
LT FREEZING RAIN          3     HAIL                       0
HEAVY SNOW                0     SNOW                       2
LIGHT SNOW                4     SLEET                      0
FOG                      17     FOG W/VIS <= 1/4 MILE      4
HAZE                      2

-  INDICATES NEGATIVE NUMBERS.
R  INDICATES RECORD WAS SET OR TIED.
MM INDICATES DATA IS MISSING.
T  INDICATES TRACE AMOUNT.

$$
