000
CXUS51 KRNK 011247
CLMRNK

CLIMATE REPORT
NATIONAL WEATHER SERVICE BLACKSBURG VA
725 AM EST THU DEC 1 2016

...................................

...THE BLACKSBURG VA CLIMATE SUMMARY FOR THE MONTH OF NOVEMBER 2016...

CLIMATE NORMAL PERIOD 1981 TO 2010
CLIMATE RECORD PERIOD 1952 TO 2016

WEATHER         OBSERVED          NORMAL  DEPART  LAST YEAR`S
                 VALUE   DATE(S)  VALUE   FROM    VALUE
                                          NORMAL
.............................................................
TEMPERATURE (F)
RECORD
 HIGH              82   11/01/2004
 LOW                0   11/25/1970
HIGHEST            78   11/02                         77
LOWEST             19   11/13                         22
AVG. MAXIMUM     59.7              55.5     4.2     58.9
AVG. MINIMUM     33.5              31.0     2.5     38.7
MEAN             46.6              43.3     3.3     48.8
DAYS MAX >= 90      0               0.0     0.0        0
DAYS MAX <= 32      0               0.4    -0.4        0
DAYS MIN <= 32     18              17.3     0.7       10
DAYS MIN <= 0       0               0.0     0.0        0

PRECIPITATION (INCHES)
RECORD
 MAXIMUM         7.41   1077
 MINIMUM         0.41   2001
TOTALS           1.42              2.87   -1.45     4.13
DAILY AVG.       0.05              0.10   -0.05     0.14
DAYS >= .01         5               9.1    -4.1        9
DAYS >= .10         2               6.0    -4.0        6
DAYS >= .50         2               2.1    -0.1        4
DAYS >= 1.00        0               0.4    -0.4        0
GREATEST
 24 HR. TOTAL    0.79                               0.99

SNOWFALL (INCHES)
TOTALS              T                                  T
DAYS >= TRACE       2                                  2
DAYS >= 1.0         0                                  0
GREATEST
 24 HR TOTAL        T                                  T

DEGREE_DAYS
HEATING TOTAL     544               653    -109      480
COOLING TOTAL       0                 0       0        1
..............................................................

WIND (MPH)
AVERAGE WIND SPEED              4.3
HIGHEST WIND SPEED/DIRECTION    24/300    DATE  11/19
HIGHEST GUST SPEED/DIRECTION    37/300    DATE  11/19

SKY COVER
AVERAGE SKY COVER           0.30

AVERAGE RH (PERCENT)     65

WEATHER CONDITIONS. NUMBER OF DAYS WITH
THUNDERSTORM              1     MIXED PRECIP               0
HEAVY RAIN                2     RAIN                       4
LIGHT RAIN                9     FREEZING RAIN              0
LT FREEZING RAIN          0     HAIL                       0
HEAVY SNOW                0     SNOW                       0
LIGHT SNOW                2     SLEET                      0
FOG                      10     FOG W/VIS <= 1/4 MILE      2
HAZE                      1

-  INDICATES NEGATIVE NUMBERS.
R  INDICATES RECORD WAS SET OR TIED.
MM INDICATES DATA IS MISSING.
T  INDICATES TRACE AMOUNT.

$$

RAB
