000
CXUS52 KCHS 011343
CLMSAV

CLIMATE REPORT
NATIONAL WEATHER SERVICE CHARLESTON SC
933 AM EDT TUE APR 1 2014

...................................

...THE SAVANNAH GA CLIMATE SUMMARY FOR THE MONTH OF MARCH 2014...

CLIMATE NORMAL PERIOD 1981 TO 2010
CLIMATE RECORD PERIOD 1871 TO 2014

WEATHER         OBSERVED          NORMAL  DEPART  LAST YEAR`S
                 VALUE   DATE(S)  VALUE   FROM    VALUE  DATE(S)
                                          NORMAL
................................................................
TEMPERATURE (F)
RECORD
 HIGH              94   03/23/1907
 LOW               20   03/03/1980
                        03/06/1960
HIGHEST            83   03/11                         81  03/31
LOWEST             33   03/14                         29  03/04
AVG. MAXIMUM     68.3              70.9    -2.6     65.8
AVG. MINIMUM     44.9              47.6    -2.7     41.8
MEAN             56.6              59.2    -2.6     53.8
DAYS MAX >= 90      0               0.0     0.0        0
DAYS MAX <= 32      0               0.0     0.0        0
DAYS MIN <= 32      0               1.2    -1.2        4
DAYS MIN <= 0       0               0.0     0.0        0

PRECIPITATION (INCHES)
RECORD
 MAXIMUM        10.18   1872
 MINIMUM         0.04   1925
TOTALS           2.65              3.73   -1.08     2.02
DAYS >= .01        12               7.7     4.3        7
DAYS >= .10         9               5.3     3.7        4
DAYS >= .50         2               2.5    -0.5        1
DAYS >= 1.00        0               1.3    -1.3        1
GREATEST
 24 HR. TOTAL    0.76   03/06

SNOWFALL (INCHES)
TOTALS            0.0                 T     0.0
SINCE 7/1         0.0               0.3    -0.3

DEGREE_DAYS
HEATING TOTAL     264               210      54
 SINCE 7/1       1645              1727     -82
COOLING TOTAL      12                32     -20
 SINCE 1/1         30                42     -12
.................................................................

WIND (MPH)
AVERAGE WIND SPEED              8.0
HIGHEST WIND SPEED/DIRECTION    35/300
HIGHEST GUST SPEED/DIRECTION    45/300


WEATHER CONDITIONS. NUMBER OF DAYS WITH
THUNDERSTORM              1     MIXED PRECIP               0
HEAVY RAIN                1     RAIN                       3
LIGHT RAIN               12     FREEZING RAIN              0
LT FREEZING RAIN          0     HAIL                       0
HEAVY SNOW                0     SNOW                       0
LIGHT SNOW                0     SLEET                      0
FOG                      18     FOG W/VIS <= 1/4 MILE      2
HAZE                      5

-  INDICATES NEGATIVE NUMBERS.
R  INDICATES RECORD WAS SET OR TIED.
MM INDICATES DATA IS MISSING.
T  INDICATES TRACE AMOUNT.

$$
