902
CXUS51 KAKQ 012143
CLMSBY


CLIMATE REPORT
NATIONAL WEATHER SERVICE WAKEFIELD, VA
540 PM EDT THU SEP 1 2016

...................................

...THE SALISBURY MD CLIMATE SUMMARY FOR THE MONTH OF AUGUST 2016...

CLIMATE NORMAL PERIOD 1981 TO 2010
CLIMATE RECORD PERIOD 1900 TO 2016

WEATHER         OBSERVED          NORMAL  DEPART  LAST YEAR`S
                 VALUE   DATE(S)  VALUE   FROM    VALUE  DATE(S)
                                          NORMAL
................................................................
TEMPERATURE (F)
RECORD
 HIGH             106   08/07/1918
 LOW               45   08/30/1986
                        08/29/1986
                        08/24/1952
HIGHEST            98   08/14        88      10       91  08/04
LOWEST             57   08/24        63      -6       56  08/29
AVG. MAXIMUM     89.0              84.4     4.6     84.6
AVG. MINIMUM     68.4              65.4     3.0     64.4
MEAN             78.7              74.9     3.8     74.5
DAYS MAX >= 90     13               4.4     8.6        3
DAYS MAX <= 32      0               0.0     0.0        0
DAYS MIN <= 32      0               0.0     0.0        0
DAYS MIN <= 0       0               0.0     0.0        0

PRECIPITATION (INCHES)
RECORD
 MAXIMUM        13.03   1933
 MINIMUM         0.36   1966
TOTALS           2.70              4.43   -1.73     5.66
DAILY AVG.       0.09              0.14   -0.05     0.18
DAYS >= .01         6               8.8    -2.8        9
DAYS >= .10         3               5.9    -2.9        3
DAYS >= .50         3               2.8     0.2        3
DAYS >= 1.00        1               1.4    -0.4        2
GREATEST
 24 HR. TOTAL    1.06   08/21 TO 08/21
                        08/20 TO 08/21
                        08/21 TO 08/21

DEGREE_DAYS
HEATING TOTAL       0                 1      -1        0
 SINCE 7/1          0                 2      -2        0
COOLING TOTAL     435               308     127      305
 SINCE 1/1       1189               983     206     1106
.................................................................

WIND (MPH)
AVERAGE WIND SPEED              5.7
HIGHEST WIND SPEED/DIRECTION    37/260    DATE  08/17
HIGHEST GUST SPEED/DIRECTION    47/260    DATE  08/17

SKY COVER
POSSIBLE SUNSHINE (PERCENT)   MM
AVERAGE SKY COVER           0.20

AVERAGE RH (PERCENT)     74

WEATHER CONDITIONS. NUMBER OF DAYS WITH
THUNDERSTORM              0     MIXED PRECIP               0
HEAVY RAIN                2     RAIN                       3
LIGHT RAIN                6     FREEZING RAIN              0
LT FREEZING RAIN          0     HAIL                       0
HEAVY SNOW                0     SNOW                       0
LIGHT SNOW                0     SLEET                      0
FOG                      10     FOG W/VIS <= 1/4 MILE      2
HAZE                      0

-  INDICATES NEGATIVE NUMBERS.
R  INDICATES RECORD WAS SET OR TIED.
MM INDICATES DATA IS MISSING.
T  INDICATES TRACE AMOUNT.

$$
