000
CXUS54 KSJT 011423
CLMSJT


CLIMATE REPORT
NATIONAL WEATHER SERVICE SAN ANGELO TX
922 AM CDT FRI JUL 1 2016

...................................

...THE SAN ANGELO CLIMATE SUMMARY FOR THE MONTH OF JUNE 2016...

CLIMATE NORMAL PERIOD 1981 TO 2010
CLIMATE RECORD PERIOD 1907 TO 2016

WEATHER         OBSERVED          NORMAL  DEPART  LAST YEAR`S
                 VALUE   DATE(S)  VALUE   FROM    VALUE  DATE(S)
                                          NORMAL
................................................................
TEMPERATURE (F)
RECORD
 HIGH             110   06/28/1994
                        06/20/1969
                        06/16/1924
 LOW               40   06/23/1912
HIGHEST            98   06/18                         95  06/26
                        06/17                             06/14
                                                          06/11
LOWEST             55   06/06                         62  06/01
AVG. MAXIMUM     90.8              92.1    -1.3     90.8
AVG. MINIMUM     68.3              68.8    -0.5     68.2
MEAN             79.6              80.4    -0.8     79.5
DAYS MAX >= 90     20              19.4     0.6       20
DAYS MAX <= 32      0               0.0     0.0        0
DAYS MIN <= 32      0               0.0     0.0        0
DAYS MIN <= 0       0               0.0     0.0        0

PRECIPITATION (INCHES)
RECORD
 MAXIMUM         7.02   2016
 MINIMUM            T   1924
                        1933
TOTALS           7.02              2.59    4.43     3.55
DAILY AVG.       0.23              0.09    0.14     0.12
DAYS >= .01         7               6.2     0.8        7
DAYS >= .10         6               4.1     1.9        5
DAYS >= .50         4               1.8     2.2        2
DAYS >= 1.00        3               0.8     2.2        2
GREATEST
 24 HR. TOTAL    3.79   06/26 TO 06/27           06/26 TO 06/27



SNOWFALL (INCHES)
RECORDS
 TOTAL            0.0   2013
                        2012
                        2011
TOTALS            0.0               0.0     0.0      0.0
SINCE 7/1         3.1               2.2     0.9      1.4
SNOWDEPTH AVG.      0                MM      MM        0
DAYS >= 1.0         0               0.0     0.0        0
GREATEST
 SNOW DEPTH         0   MM                             0  MM

DEGREE_DAYS
HEATING TOTAL       0                 0       0        0
 SINCE 7/1       1825              2316    -491     2185
COOLING TOTAL     446               464     -18      444
 SINCE 1/1        857               924     -67      911
.................................................

WIND (MPH)
AVERAGE WIND SPEED              7.7
HIGHEST WIND SPEED/DIRECTION    29/360    DATE  06/19
HIGHEST GUST SPEED/DIRECTION    37/350    DATE  06/19

SKY COVER
AVERAGE SKY COVER           0.20

AVERAGE RH (PERCENT)     66

WEATHER CONDITIONS. NUMBER OF DAYS WITH
THUNDERSTORM              0     MIXED PRECIP               0
HEAVY RAIN                6     RAIN                       7
LIGHT RAIN                7     FREEZING RAIN              0
LT FREEZING RAIN          0     HAIL                       0
HEAVY SNOW                0     SNOW                       0
LIGHT SNOW                0     SLEET                      0
FOG                      11     FOG W/VIS <= 1/4 MILE      0
HAZE                      2

-  INDICATES NEGATIVE NUMBERS.
R  INDICATES RECORD WAS SET OR TIED.
MM INDICATES DATA IS MISSING.
T  INDICATES TRACE AMOUNT.

$$
