000
CXCA52 TJSJ 010501
CLMSJU


CLIMATE REPORT
NATIONAL WEATHER SERVICE SAN JUAN, PR
100 AM AST WED JUL 1 2015

...................................

...THE SAN JUAN AREA/PR CLIMATE SUMMARY FOR THE MONTH OF JUNE 2015...

CLIMATE NORMAL PERIOD 1981 TO 2010
CLIMATE RECORD PERIOD 1898 TO 2015

WEATHER         OBSERVED          NORMAL  DEPART  LAST YEAR`S
                 VALUE   DATE(S)  VALUE   FROM    VALUE  DATE(S)
                                          NORMAL
................................................................
TEMPERATURE (F)
RECORD
 HIGH              97   06/05/1988
                        06/23/1983
                        06/22/1983
 LOW               66   06/19/1909
HIGHEST            94   06/05        93       1       94  06/21
LOWEST             76   06/22        73       3       77  06/04
                        06/12                             06/02
                        06/11                             06/01
AVG. MAXIMUM     89.8              88.9     0.9     91.1
AVG. MINIMUM     78.0              77.7     0.3     79.2
MEAN             83.9              83.3     0.6     85.2
DAYS MAX >= 90     17               8.3     8.7       25
DAYS MAX <= 32      0               0.0     0.0        0
DAYS MIN <= 32      0               0.0     0.0        0
DAYS MIN <= 0       0               0.0     0.0        0

PRECIPITATION (INCHES)
RECORD
 MAXIMUM        13.60   2011
 MINIMUM         0.16   2012
TOTALS           2.11              4.41   -2.30     0.77
DAILY AVG.       0.07              0.15   -0.08     0.03
DAYS >= .01        15              14.4     0.6       12
DAYS >= .10         6               8.0    -2.0        3
DAYS >= .50         1               2.9    -1.9        0
DAYS >= 1.00        0               1.1    -1.1        0
GREATEST
 24 HR. TOTAL    0.70   06/11 TO 06/12

SNOWFALL (INCHES)
TOTALS            0.0               0.0     0.0      0.0

DEGREE_DAYS
HEATING TOTAL       0                 0       0        0
COOLING TOTAL     574               549      25      610
.................................................................

WIND (MPH)
AVERAGE WIND SPEED              10.0
HIGHEST WIND SPEED/DIRECTION    40/090    DATE  06/22
HIGHEST GUST SPEED/DIRECTION    48/090    DATE  06/22

SKY COVER
AVERAGE SKY COVER           0.40

AVERAGE RH (PERCENT)     76

WEATHER CONDITIONS. NUMBER OF DAYS WITH
THUNDERSTORM              0     MIXED PRECIP               0
HEAVY RAIN                2     RAIN                       2
LIGHT RAIN               11     FREEZING RAIN              0
LT FREEZING RAIN          0     HAIL                       0
HEAVY SNOW                0     SNOW                       0
LIGHT SNOW                0     SLEET                      0
FOG                      11     FOG W/VIS <= 1/4 MILE      0
HAZE                      5

-  INDICATES NEGATIVE NUMBERS.
R  INDICATES RECORD WAS SET OR TIED.
MM INDICATES DATA IS MISSING.
T  INDICATES TRACE AMOUNT.

$$
