000
CXUS45 KSLC 021922
CLMSLC

SLCCLMSLC 000
TTAA00 KSLC 021921

CLIMATE REPORT
NATIONAL WEATHER SERVICE SALT LAKE CITY UT
1220 PM MST MON FEB 2 2015

...................................

...THE SALT LAKE CITY UT CLIMATE SUMMARY FOR THE MONTH OF JANUARY 2015...

CLIMATE NORMAL PERIOD 1981 TO 2010
CLIMATE RECORD PERIOD 1874 TO 2015

WEATHER         OBSERVED          NORMAL  DEPART  LAST YEAR`S
                 VALUE   DATE(S)  VALUE   FROM    VALUE  DATE(S)
                                          NORMAL
................................................................
TEMPERATURE (F)
RECORD
 HIGH              63   01/31/2003
 LOW              -22   01/25/1949
HIGHEST            58   01/27                         52  01/11
LOWEST              5   01/01                         11  01/05
AVG. MAXIMUM     42.0              37.4     4.6     39.0
AVG. MINIMUM     26.5              21.6     4.9     21.8
MEAN             34.3              29.5     4.8     30.4
DAYS MAX >= 90      0               0.0     0.0        0
DAYS MAX <= 32      3               8.6    -5.6        1
DAYS MIN <= 32     26              27.4    -1.4       29
DAYS MIN <= 0       0               0.4    -0.4        0

PRECIPITATION (INCHES)
TOTALS           0.86              1.25   -0.39     1.20
DAYS >= .01         5              10.1    -5.1        6
DAYS >= .10         1               3.9    -2.9        6
DAYS >= .50         1               0.4     0.6        1
DAYS >= 1.00        0               0.0     0.0        0

SNOWFALL (INCHES)
TOTALS            0.3              12.5   -12.2     10.1
SINCE 7/1         6.8              34.7             32.8

DEGREE_DAYS
HEATING TOTAL     944              1100    -156     1063
 SINCE 7/1       2764              3394    -630     3354
COOLING TOTAL       0                 0       0        0
 SINCE 1/1          0                 0       0        0
.................................................................

WIND (MPH)
AVERAGE WIND SPEED              4.4
HIGHEST WIND SPEED/DIRECTION    24/180    DATE  01/27
HIGHEST GUST SPEED/DIRECTION    35/170    DATE  01/27


WEATHER CONDITIONS. NUMBER OF DAYS WITH
THUNDERSTORM              0     RAIN                       4
HAIL                      0     SNOW                       2
FOG                      22     FOG W/VIS <= 1/4 MILE      3
HAZE                     17

-  INDICATES NEGATIVE NUMBERS.
R  INDICATES RECORD WAS SET OR TIED.
MM INDICATES DATA IS MISSING.
T  INDICATES TRACE AMOUNT.

$$
