000
CXUS45 KSLC 022225
CLMSLC

SLCCLMSLC 000
TTAA00 KSLC 022222


CLIMATE REPORT
NATIONAL WEATHER SERVICE SALT LAKE CITY UT
421 PM MDT TUE AUG 2 2016

...................................

...THE SALT LAKE CITY UT CLIMATE SUMMARY FOR THE MONTH OF JULY 2016...

CLIMATE NORMAL PERIOD 1981 TO 2010
CLIMATE RECORD PERIOD 1874 TO 2016

WEATHER         OBSERVED          NORMAL  DEPART  LAST YEAR`S
                 VALUE   DATE(S)  VALUE   FROM    VALUE  DATE(S)
                                          NORMAL
................................................................
TEMPERATURE (F)
RECORD
 HIGH             107   07/13/2002
                        07/26/1960
 LOW               40   07/01/1968
HIGHEST           104   07/26                         99  07/04
                                                          07/03
LOWEST             51   07/11                         53  07/29
AVG. MAXIMUM     96.2              92.6     3.6     89.3
AVG. MINIMUM     70.0              64.7     5.3     65.5
MEAN             83.1              78.7     4.4     77.4
DAYS MAX >= 90     27              22.0     5.0       14
DAYS MAX <= 32      0               0.0     0.0        0
DAYS MIN <= 32      0               0.0     0.0        0
DAYS MIN <= 0       0               0.0     0.0        0

PRECIPITATION (INCHES)
TOTALS              T              0.61   -0.61     1.22
DAYS >= .01         0               4.4    -4.4        6
DAYS >= .10         0               1.7    -1.7        2
DAYS >= .50         0               0.3    -0.3        1
DAYS >= 1.00        0               0.0     0.0        0

SNOWFALL (INCHES)
TOTALS            0.0               0.0     0.0      0.0
SINCE 7/1         0.0               0.0              0.0

DEGREE_DAYS
HEATING TOTAL       1                 2      -1        0
 SINCE 7/1          1                 2      -1        0
COOLING TOTAL     571               425     146      393
 SINCE 1/1        998               662     336      804
.................................................................

WIND (MPH)
AVERAGE WIND SPEED              9.5
HIGHEST WIND SPEED/DIRECTION    37/340    DATE  07/04
HIGHEST GUST SPEED/DIRECTION    55/340    DATE  07/04


WEATHER CONDITIONS. NUMBER OF DAYS WITH
THUNDERSTORM              4     RAIN                       0
HAIL                      0     SNOW                       0
FOG                       0     FOG W/VIS <= 1/4 MILE      0
HAZE                      4

-  INDICATES NEGATIVE NUMBERS.
R  INDICATES RECORD WAS SET OR TIED.
MM INDICATES DATA IS MISSING.
T  INDICATES TRACE AMOUNT.

$$
