000
CXAK58 PASN 011347
CLMSNP

CLIMATE REPORT
NATIONAL WEATHER SERVICE ST PAUL, AK
547 AM AKDT THU SEP 1 2016

...................................

...THE ST PAUL AIRPORT CLIMATE SUMMARY FOR THE MONTH OF AUGUST 2016...

CLIMATE NORMAL PERIOD 1981 TO 2010
CLIMATE RECORD PERIOD 1892 TO 2016

WEATHER         OBSERVED          NORMAL  DEPART  LAST YEAR`S
                 VALUE   DATE(S)  VALUE   FROM    VALUE  DATE(S)
                                          NORMAL
................................................................
TEMPERATURE (F)
RECORD
 HIGH              66   8/25/1987
 LOW               29   8/15/1981
HIGHEST            60   8/07         53       7      58  8/27
LOWEST             37   8/02         34       3      36  8/10
AVG. MAXIMUM       56.3              52.1     4.2    54.3
AVG. MINIMUM       49.5              45.6     3.9    47.3
MEAN               52.9              48.8     4.1    50.8
DAYS MAX >= 90      0                 0.0     0.0     0
DAYS MAX <= 32      0                 0.0     0.0     0
DAYS MAX >= 80      0                 0.0     0.0     0
DAYS MAX >= 70      0                 0.0     0.0     0
DAYS MIN <= 32      0                 0.1    -0.1     0
DAYS MIN <= 0       0                 0.0     0.0     0

PRECIPITATION (INCHES)
RECORD
 MAXIMUM            9.32   1953
 MINIMUM            0.17   1977
TOTALS              2.98              3.07   -0.09    2.43
DAILY AVG.          0.10              0.10    0.00    0.08
DAYS >= .01        18                16.2     1.8    16
DAYS >= .10         9                 7.6     1.4     4
DAYS >= .50         1                 1.4    -0.4     1
DAYS >= 1.0         0                 0.3    -0.3     1
GREATEST
 24 HR TOTAL        0.71   8/12                       1.32  8/29

SNOWFALL (INCHES)
RECORDS
 TOTAL              0.0   1949
 24 HR TOTAL        0.0   8-31-2016
 SNOW DEPTH         0     8-31-2016
TOTALS              0.0               0.0     0.0     0.0
SINCE 7/1           0.0               0.0     0.0     0.0
SNOWDEPTH AVG.      0                 0       0       0
DAYS >= TRACE       0                 0.0     0.0     0
DAYS >= 1.0         0                 0.0     0.0     0
DAYS >= 6.0         0                 0.0     0.0     0
GREATEST
 SNOW DEPTH         0   MM                            0  MM
 24 HR TOTAL      0.0   MM                          0.0  MM

DEGREE_DAYS
HEATING TOTAL     368               499    -131     432
 SINCE 7/1        760              1052    -292     910
COOLING TOTAL       0                 0       0       0
 SINCE 1/1          0                 0       0       0
................................................................

WIND (MPH)
AVERAGE WIND SPEED               12.7
HIGHEST WIND SPEED/DIRECTION    350/020    DATE    08/4
HIGHEST GUST SPEED/DIRECTION     41/340    DATE   08/13

SKY COVER
POSSIBLE SUNSHINE (PERCENT)   MM
AVERAGE SKY COVER             MM
NUMBER OF DAYS FAIR           MM
NUMBER OF DAYS PC             MM
NUMBER OF DAYS CLOUDY         MM

AVERAGE RH (PERCENT)     MM

WEATHER CONDITIONS. NUMBER OF DAYS WITH
THUNDERSTORM              0     ICE PELLETS                 0
RAIN                     25     GLAZE                       0
DRIZZLE                   5     HAIL                        0
SNOW                      0     HAZE                        1
FOG                      29     FOG W/VIS <= 1/4 MILE       0
BLOWING SNOW              0


-  INDICATES NEGATIVE NUMBERS.
R  INDICATES RECORD WAS SET OR TIED.
MM INDICATES DATA IS MISSING.
T  INDICATES TRACE AMOUNT.

&&
...A WARMER AND SLIGHTLY DRIER AUGUST FOR ST PAUL ALASKA...

AUGUST 2016 BEGAN WITH A HIGH PRESSURE CENTERED OVER THE BERING SEA...WHICH BROUGHT
UNUSUALLY COOLER TEMPERATURES TO START THE MONTH. TEMPERATURES MODERATED BY THE END
OF THE FIRST 10 DAYS OF THE MONTH. A LOW PRESSURE BROUGHT BACK A SOUTHERLY
FLOW...ALONG WITH RECORD AND NEAR RECORD WARMTH...ALONG WITH SOAKING RAIN. A HIGH
OVER THE NORTHERN AND EASTERN BERING BY THE END OF THE MONTH BROUGHT EASTERLY TO
SOUTHEASTERLY FLOW TO THE PRIBILOFS...ALONG WITH MORE RECORD WARMTH TO END AUGUST.

WITH RESPECT TO TEMPERATURES...THE AVERAGE DAILY MAXIMUM TEMPERATURE WAS THE SECOND
WARMEST...THE AVERAGE DAILY MINIMUM TEMPERATURE WAS THE WARMEST ON RECORD...AND THE
AVERAGE MEAN DAILY TEMPERATURE CAME IN THE WARMEST ON RECORD. ONE LOW MINIMUM FOUR
HIGH MAXIMUM AND EIGHT HIGH MINIMUM TEMPERATURE RECORDS WERE SET OR TIED AS
FOLLOWS:

8/2 TIED LOW MINIMUM OF 37  LAST SET IN 1971
8/5 TIED HIGH MAXIMUM OF 57 LAST SET IN 2013
8/12 TIED HIGH MAX OF 58 LAST SET IN 2013
8/13 NEW HIGH MINIMUM OF 52 BROKE THE OLD RECORD OF 51 IN 2014
8/14 TIED HIGH MINIMUM OF 51 LAST SET IN 2014
8/15 TIED HIGH MINIMUM OF 50 LAST SET IN 2014
8/17 TIED HIGH MINIMUM OF 50 LAST SET IN 2015
8/20 TIED HIGH MINIMUM OF 52 LAST SET IN IN 1995
8/27 NEW HIGH MINIMUM OF 50 BROKE THE OLD RECORD OF 49 IN 2015
8/28 NEW HIGH MINIMUM OF 52 BROKE THE OLD RECORD OF 50 IN 2015
8/29 NEW HIGH MAXIMUM OF 59 BROKE THE OLD RECORD OF 57 IN 1993
8/30 NEW HIGH MAXIMUM OF 58 BROKE THE OLD RECORD OF 57 IN 2014
8/31 NEW HIGH MINIMUM RECORD OF 51 BROKE THE OLD RECORD OF 49 IN 1979

AUGUST 2016 WAS SLIGHTLY BELOW NORMAL FOR PRECIPITATION. THE MONTHLY PRECIPITATION
WAS NOT IN THE TOP 25 WETTEST OR DRIEST. NO PRECIPITATION RECORDS WERE SET.

$$
WIW SEP 16
