000
CXAK58 PASN 011419
CLMSNP


CLIMATE REPORT
NATIONAL WEATHER SERVICE ANCHORAGE, AK
519 AM AKST FRI DEC 1 2017

...................................

...THE SAINT PAUL ISLAND CLIMATE SUMMARY FOR THE MONTH OF NOVEMBER 2017...

CLIMATE NORMAL PERIOD 1981 TO 2010
CLIMATE RECORD PERIOD 1892 TO 2017

WEATHER         OBSERVED          NORMAL  DEPART  LAST YEAR`S
                 VALUE   DATE(S)  VALUE   FROM    VALUE  DATE(S)
                                          NORMAL
................................................................
TEMPERATURE (F)
RECORD
 HIGH              48   11/09/1979
                        11/07/1979
                        11/06/1979
 LOW                4   11/26/2008
                        11/26/1988
HIGHEST            45                MM      MM       44
LOWEST             24                MM      MM       14
AVG. MAXIMUM     42.7              36.9     5.8     38.5
AVG. MINIMUM     36.2              29.1     7.1     29.5
MEAN             39.4              33.0     6.4     34.0
DAYS MAX >= 90      0               0.0     0.0        0
DAYS MAX <= 32      0               4.7    -4.7        2
DAYS MIN <= 32      3              19.0   -16.0       22
DAYS MIN <= 0       0               0.0     0.0        0

PRECIPITATION (INCHES)
RECORD
 MAXIMUM           MM   MM
 MINIMUM           MM   MM
TOTALS           7.77              2.89    4.88     3.59
DAILY AVG.       0.27              0.10    0.17     0.12
DAYS >= .01        23              23.4    -0.4       24
DAYS >= .10        13               9.1     3.9       17
DAYS >= .50         4               0.8     3.2        0
DAYS >= 1.00        2               0.1     1.9        0
GREATEST
 24 HR. TOTAL    2.18   11/23 TO 11/23           11/07 TO 11/08
                                                          11/08 TO 11/08
                                                          11/08 TO 11/08
 STORM TOTAL       MM                                 MM
 (MM/DD(HH))            MM                    11/08(00) TO 11/08(00)
                                                 11/08(00) TO 11/08(00)8
                                                 11/08(00) TO 11/08(00)8

SNOWFALL (INCHES)
RECORDS
 TOTAL             MM   MM
 24 HR TOTAL       MM
 SNOW DEPTH        MM   MM
TOTALS            0.2               8.3    -8.1      6.6
SINCE 7/1         2.6              10.3    -7.7      6.6
SNOWDEPTH AVG.      0                 2      -2        0
DAYS >= TRACE       7              12.8    -5.8       20
DAYS >= 1.0         0               2.8    -2.8
GREATEST
 SNOW DEPTH         T   11/22                          2  11/11
 24 HR TOTAL      0.2   11/23 TO 11/23           11/08 TO 11/08
                                                          11/08 TO 11/08
                                                          11/08 TO 11/08
 STORM TOTAL       MM                                 MM
 (MM/DD(HH))            MM

DEGREE_DAYS
HEATING TOTAL     759               960    -201      921
 SINCE 7/1       3078              3421    -343     2569
COOLING TOTAL       0                 0       0        0
 SINCE 1/1          0                 0       0        0

FREEZE DATES
RECORD
 EARLIEST     MM
 LATEST       MM
EARLIEST                        MM
LATEST                          MM
.........................................................

WIND (MPH)
AVERAGE WIND SPEED              17.8
RESULTANT WIND SPEED/DIRECTION   6/231
HIGHEST WIND SPEED/DIRECTION    52/290    DATE  11/22
HIGHEST GUST SPEED/DIRECTION   117/290    DATE  11/23

SKY COVER
POSSIBLE SUNSHINE (PERCENT)   MM
AVERAGE SKY COVER           0.90
NUMBER OF DAYS FAIR            0
NUMBER OF DAYS PC              7
NUMBER OF DAYS CLOUDY         23

AVERAGE RH (PERCENT)     88

WEATHER CONDITIONS. NUMBER OF DAYS WITH
THUNDERSTORM              0     MIXED PRECIP               0
HEAVY RAIN                0     RAIN                       7
LIGHT RAIN               27     FREEZING RAIN              0
LT FREEZING RAIN          0     HAIL                       0
HEAVY SNOW                1     SNOW                       0
LIGHT SNOW               12     SLEET                      0
FOG                      25     FOG W/VIS <= 1/4 MILE      0
HAZE                      2

-  INDICATES NEGATIVE NUMBERS.
R  INDICATES RECORD WAS SET OR TIED.
MM INDICATES DATA IS MISSING.
T  INDICATES TRACE AMOUNT.

$$
