000
CXUS54 KOUN 011441
CLMSPS
CLIMATE REPORT
NATIONAL WEATHER SERVICE NORMAN OK
841 AM CST FRI MAR 01 2024
...................................
...THE WICHITA FALLS CLIMATE SUMMARY FOR THE MONTH OF FEBRUARY 2024...
CLIMATE NORMAL PERIOD 1991 TO 2020
CLIMATE RECORD PERIOD 1897 TO 2024
WEATHER OBSERVED NORMAL DEPART LAST YEAR`S
VALUE DATE(S) VALUE FROM VALUE
NORMAL
..............................................................
TEMPERATURE (F)
RECORD
HIGH 94 02/11/2017
LOW -8 02/02/1985
HIGHEST 93 81 12 88
LOWEST 22 17 5 23
AVG. MAXIMUM 65.6 59.0 6.6 60.6
AVG. MINIMUM 39.9 33.6 6.3 34.9
MEAN 52.8 46.3 6.5 47.8
DAYS MAX >= 90 1 0.2 0.8 0
DAYS MAX <= 32 0 1.0 -1.0 1
DAYS MIN <= 32 3 12.4 -9.4 13
DAYS MIN <= 0 0 0.0 0.0 0
PRECIPITATION (INCHES)
RECORD
MAXIMUM 6.80 1903
MINIMUM 0.00 1918
TOTALS 1.59 1.40 0.19 1.75
DAILY AVG. 0.05 NAN NAN 0.06
DAYS >= .01 5 4.9 0.1 7
DAYS >= .10 3 3.2 -0.2 5
DAYS >= .50 1 0.9 0.1 1
DAYS >= 1.00 1 0.2 0.8 0
GREATEST
24 HR. TOTAL 1.01 02/11 TO 02/12
SNOWFALL (INCHES)
TOTALS T 1.1 -1.1
SINCE 7/1 T 2.9 -2.9
DEGREE DAYS
HEATING TOTAL 357 527 -170
SINCE 7/1 2122 2426 -304
..............................................................
WIND (MPH)
AVERAGE WIND SPEED 12.0
HIGHEST WIND SPEED/DIRECTION 37/230 DATE 02/02
HIGHEST GUST SPEED/DIRECTION 53/220 DATE 02/02
WEATHER CONDITIONS. NUMBER OF DAYS WITH
THUNDERSTORM 1 MIXED PRECIP 0
HEAVY RAIN 1 RAIN 2
LIGHT RAIN 5 FREEZING RAIN 0
LT FREEZING RAIN 0 HAIL 0
HEAVY SNOW 0 SNOW 0
LIGHT SNOW 2 SLEET 1
FOG 5 FOG W/VIS <= 1/4 MILE 0
HAZE 0
- INDICATES NEGATIVE NUMBERS.
R INDICATES RECORD WAS SET OR TIED.
MM INDICATES DATA IS MISSING.
T INDICATES TRACE AMOUNT.
...............................................................
RECORDS/REMARKS
NEW RECORD HIGH TEMPERATURE OF 93 DEGREES SET ON FEB 26.
EIGHTH WARMEST FEB ON RECORD.
TOTAL PRECIPITATION FOR 2024 IS 4.33 INCHES.
$$