000
CXUS52 KTBW 012116
CLMSRQ


CLIMATE REPORT
NATIONAL WEATHER SERVICE TAMPA BAY FL
415 PM EST MON FEB 1 2016

...................................

...THE SARASOTA BRADENTON CLIMATE SUMMARY FOR THE MONTH OF JANUARY 2016...

CLIMATE NORMAL PERIOD 1981 TO 2010
CLIMATE RECORD PERIOD 1911 TO 2016

WEATHER         OBSERVED          NORMAL  DEPART  LAST YEAR`S
                 VALUE   DATE(S)  VALUE   FROM    VALUE  DATE(S)
                                          NORMAL
................................................................
TEMPERATURE (F)
ALL-TIME JANUARY RECORD
 HIGH              87   01/09/2013
                        01/23/1990
                        54/01/2206
 LOW               23   01/13/1981
                        01/21/1971
                        01/29/1940

JANUARY 2016
HIGHEST            80   01/09        MM      MM       83  01/03
                        01/01
LOWEST             34   01/25        MM      MM       40  01/08
AVG. MAXIMUM     68.9              70.9    -2.0     72.0
AVG. MINIMUM     51.7              51.8    -0.1     53.4
MEAN             60.3              61.4    -1.1     62.7
DAYS MAX >= 90      0               0.0     0.0        0
DAYS MAX <= 32      0               0.0     0.0        0
DAYS MIN <= 32      0               0.6    -0.6        0
DAYS MIN <= 0       0               0.0     0.0        0

PRECIPITATION (INCHES)
ALL-TIME JANUARY RECORD
 MAXIMUM        10.26   1998
 MINIMUM         0.00   1950

JANUAR 2016
TOTALS           4.41              2.49    1.92     1.07
DAILY AVG.       0.14              0.08    0.06     0.03
DAYS >= .01        13                MM      MM        5
DAYS >= .10        10                MM      MM        2
DAYS >= .50         2                MM      MM        1
DAYS >= 1.00        0                MM      MM        0
GREATEST
 24 HR. TOTAL    1.24   01/16 TO 01/17

DEGREE_DAYS
HEATING TOTAL     163               165      -2      122
 SINCE 7/1        174               320    -146      306
COOLING TOTAL      25                52     -27       59
 SINCE 1/1         25                62     -37       59
.................................................................

WIND (MPH)
AVERAGE WIND SPEED              8.5
HIGHEST WIND SPEED/DIRECTION    37/290    DATE  01/23
HIGHEST GUST SPEED/DIRECTION    47/290    DATE  01/23

SKY COVER (DOES NOT INCLUDE ANY CLOUDS ABOVE 12000 FEET)
POSSIBLE SUNSHINE (PERCENT)   MM
AVERAGE SKY COVER           0.30
NUMBER OF DAYS FAIR           17
NUMBER OF DAYS PC             10
NUMBER OF DAYS CLOUDY          4

AVERAGE RH (PERCENT)     74

WEATHER CONDITIONS. NUMBER OF DAYS WITH
THUNDERSTORM              3     MIXED PRECIP               0
HEAVY RAIN                7     RAIN                      11
LIGHT RAIN               14     FREEZING RAIN              0
LT FREEZING RAIN          0     HAIL                       0
HEAVY SNOW                0     SNOW                       0
LIGHT SNOW                0     SLEET                      0
FOG                      16     FOG W/VIS <= 1/4 MILE      2
HAZE                      2
.................................................................

REMARKS
THE JANUARY 2016 MONTHLY AVERAGE TEMPERATURE OF 60.3 DEGREES
TIES WITH 1919 AND 1914 AS THE 66TH WARMEST/30TH COOLEST JANUARY
SINCE RECORDS BEGAN IN 1911.

THE JANUARY 2016 MONTHLY RAINFALL TOTAL OF 4.41 INCHES TIES WITH
1972 AS THE 14TH WETTEST JANUARY SINCE RECORDS BEGAN IN 1911. THE
WETTEST JANUARY ON RECORD OCCURRED IN 1998 WHEN 10.26 INCHES OF
RAIN FELL.


-  INDICATES NEGATIVE NUMBERS.
R  INDICATES RECORD WAS SET OR TIED.
MM INDICATES DATA IS MISSING.
T  INDICATES TRACE AMOUNT.

$$
