000
CXUS53 KEAX 011044
CLMSTJ

CLIMATE REPORT
NATIONAL WEATHER SERVICE KANSAS CITY/PLEASANT HILL MO
540 AM CDT FRI AUG 1 2014

...................................

...THE ST. JOSEPH MO CLIMATE SUMMARY FOR THE MONTH OF JULY 2014...

CLIMATE NORMAL PERIOD 1981 TO 2010
CLIMATE RECORD PERIOD 1892 TO 2014

WEATHER         OBSERVED          NORMAL  DEPART  LAST YEAR`S
                 VALUE   DATE(S)  VALUE   FROM    VALUE  DATE(S)
                                          NORMAL
................................................................
TEMPERATURE (F)
RECORD
 HIGH             108   07/25/1936
                        07/20/1934
                        07/19/1934
 LOW               41   07/05/1972
HIGHEST            95   07/25        97      -2      100  07/09
                        07/22
LOWEST             48   07/03        56      -8       48  07/28
AVG. MAXIMUM     83.7              87.0    -3.3     87.4
AVG. MINIMUM     62.1              67.1    -5.0     64.4
MEAN             72.9              77.1    -4.2     75.9
DAYS MAX >= 90      5              13.9    -8.9       12
DAYS MAX <= 32      0               0.0     0.0        0
DAYS MIN <= 32      0               0.0     0.0        0
DAYS MIN <= 0       0               0.0     0.0        0

PRECIPITATION (INCHES)
RECORD
 MAXIMUM        12.92   1915
 MINIMUM         0.03   1983
TOTALS           4.41              5.19   -0.78     2.27
DAILY AVG.       0.14              0.17   -0.03     0.07
DAYS >= .01         5               8.0    -3.0        7
DAYS >= .10         4               4.8    -0.8        2
DAYS >= .50         2               2.4    -0.4        1
DAYS >= 1.00        2               1.1     0.9        1
GREATEST
 24 HR. TOTAL    2.59   07/05 TO 07/05

DEGREE_DAYS
HEATING TOTAL       6                 1       5        2
 SINCE 7/1          6                 1       5        2
COOLING TOTAL     259               374    -115      346
 SINCE 1/1        699               754     -55      747
.................................................................

WIND (MPH)
AVERAGE WIND SPEED              7.2
HIGHEST WIND SPEED/DIRECTION    44/350    DATE  07/07
HIGHEST GUST SPEED/DIRECTION    54/350    DATE  07/07

SKY COVER
POSSIBLE SUNSHINE (PERCENT)   MM
AVERAGE SKY COVER           0.20
NUMBER OF DAYS FAIR           26
NUMBER OF DAYS PC              5
NUMBER OF DAYS CLOUDY          0

AVERAGE RH (PERCENT)     73

WEATHER CONDITIONS. NUMBER OF DAYS WITH
THUNDERSTORM              0     MIXED PRECIP               0
HEAVY RAIN                3     RAIN                       4
LIGHT RAIN                6     FREEZING RAIN              0
LT FREEZING RAIN          0     HAIL                       0
HEAVY SNOW                0     SNOW                       0
LIGHT SNOW                0     SLEET                      0
FOG                      17     FOG W/VIS <= 1/4 MILE      5
HAZE                      3

-  INDICATES NEGATIVE NUMBERS.
R  INDICATES RECORD WAS SET OR TIED.
MM INDICATES DATA IS MISSING.
T  INDICATES TRACE AMOUNT.

$$
