000
CXUS53 KLSX 011400
CLMSTL


CLIMATE REPORT
NATIONAL WEATHER SERVICE ST LOUIS MO
843 AM CDT FRI APR 1 2016

...................................

...THE ST. LOUIS MO CLIMATE SUMMARY FOR THE MONTH OF MARCH 2016...

CLIMATE NORMAL PERIOD 1981 TO 2010
CLIMATE RECORD PERIOD 1874 TO 2016

WEATHER         OBSERVED          NORMAL  DEPART  LAST YEAR`S
                 VALUE   DATE(S)  VALUE   FROM    VALUE
                                          NORMAL
.............................................................
TEMPERATURE (F)
RECORD
 HIGH              92   03/24/1929
 LOW               -5   03/05/1960
HIGHEST            82   03/15                         83
LOWEST             23   03/02                         13
AVG. MAXIMUM     62.5              55.9     6.6     57.2
AVG. MINIMUM     43.6              36.6     7.0     35.6
MEAN             53.0              46.3     6.7     46.4
DAYS MAX >= 90      0               0.0     0.0        0
DAYS MAX <= 32      0               0.7    -0.7        2
DAYS MIN <= 32      3              10.5    -7.5        8
DAYS MIN <= 0       0               0.0     0.0        0

PRECIPITATION (INCHES)
RECORD
 MAXIMUM         8.39   2008
 MINIMUM         0.14   1910
TOTALS           2.29              3.32   -1.03     3.00
DAILY AVG.       0.07              0.11   -0.04     0.10
DAYS >= .01        15              10.3     4.7       13
DAYS >= .10         9               6.7     2.3        7
DAYS >= .50         1               2.2    -1.2        3
DAYS >= 1.00        0               0.5    -0.5        1
GREATEST
 24 HR. TOTAL    0.96   03/30 TO 03/31

SNOWFALL (INCHES)
RECORDS
 TOTAL           28.8   1912
 24 HR TOTAL     20.4   03/30/1890 TO 03/31/1890
TOTALS            0.3               2.3    -2.0      0.6
SINCE 7/1        10.9              17.3    -6.4     16.8
GREATEST
 24 HR TOTAL      0.3   03/20 TO 03/20

DEGREE_DAYS
HEATING TOTAL     373               588    -215      569
 SINCE 7/1       3203              4186    -983     4371
COOLING TOTAL       8                 7       1        0
 SINCE 1/1          8                 7       1        0
..............................................................

WIND (MPH)
HIGHEST WIND SPEED/DIRECTION    35/280    DATE  03/15
HIGHEST GUST SPEED/DIRECTION    41/310    DATE  03/15

SKY COVER
NUMBER OF DAYS FAIR            3
NUMBER OF DAYS PC             12
NUMBER OF DAYS CLOUDY         16


WEATHER CONDITIONS. NUMBER OF DAYS WITH
THUNDERSTORM              3     MIXED PRECIP               0
HEAVY RAIN                4     RAIN                       6
LIGHT RAIN               18     FREEZING RAIN              0
LT FREEZING RAIN          0     HAIL                       0
HEAVY SNOW                0     SNOW                       1
LIGHT SNOW                2     SLEET                      0
FOG                      15     FOG W/VIS <= 1/4 MILE      2
HAZE                     19

-  INDICATES NEGATIVE NUMBERS.
R  INDICATES RECORD WAS SET OR TIED.
MM INDICATES DATA IS MISSING.
T  INDICATES TRACE AMOUNT.

$$

................................................................

MONTHLY RECORDS

9TH WARMEST MARCH ON RECORD

TIED 2ND LEAST NUMBER OF OCCURRENCES OF MINIMUM TEMPERATURE LESS
THAN OR EQUAL TO 32 DEGREES

DAILY RECORDS

3/8...RECORD HIGH MINIMUM TEMPERATURE OF 63 PREVIOUSLY 62 IN 1974

3/15...RECORD HIGH TEMPERATURE OF 82 PREVIOUSLY 81 IN 2012
