000
CXUS53 KLSX 011411
CLMSTL


CLIMATE REPORT
NATIONAL WEATHER SERVICE ST LOUIS MO
847 AM CDT WED JUN 1 2016

...................................

...THE ST. LOUIS MO CLIMATE SUMMARY FOR THE MONTH OF MAY 2016...

CLIMATE NORMAL PERIOD 1981 TO 2010
CLIMATE RECORD PERIOD 1874 TO 2016

WEATHER         OBSERVED          NORMAL  DEPART  LAST YEAR`S
                 VALUE   DATE(S)  VALUE   FROM    VALUE
                                          NORMAL
.............................................................
TEMPERATURE (F)
RECORD
 HIGH              98   05/26/1953
                        05/31/1934
 LOW               31   05/03/1976
                        05/10/1966
HIGHEST            91   05/30                         87
LOWEST             45   05/15                         44
                        05/14
AVG. MAXIMUM     75.9              76.3    -0.4     78.5
AVG. MINIMUM     56.9              57.2    -0.3     60.7
MEAN             66.4              66.8    -0.4     69.6
DAYS MAX >= 90      1               1.2    -0.2        0
DAYS MAX <= 32      0               0.0     0.0        0
DAYS MIN <= 32      0               0.0     0.0        0
DAYS MIN <= 0       0               0.0     0.0        0

PRECIPITATION (INCHES)
RECORD
 MAXIMUM        12.92   1995
 MINIMUM         0.69   1914
TOTALS           4.67              4.72   -0.05     3.62
DAILY AVG.       0.15              0.15    0.00     0.12
DAYS >= .01        12              11.9     0.1       14
DAYS >= .10         8               7.6     0.4       10
DAYS >= .50         4               3.1     0.9        3
DAYS >= 1.00        2               1.3     0.7        0
GREATEST
 24 HR. TOTAL    1.63   05/11 TO 05/12

SNOWFALL (INCHES)
RECORDS
 TOTAL            4.0   1929
 24 HR TOTAL      4.0   05/02/1929 TO 05/02/1929
TOTALS            0.0               0.0     0.0      0.0
SINCE 7/1        10.9              17.7    -6.8     16.8
GREATEST
 24 HR TOTAL      0.0   05/31 TO 05/31

DEGREE_DAYS
HEATING TOTAL      83                74       9       50
 SINCE 7/1       3484              4530   -1046     4582
COOLING TOTAL     134               128       6      199
 SINCE 1/1        194               174      20      224
..............................................................

WIND (MPH)
HIGHEST WIND SPEED/DIRECTION    45/250    DATE  05/11
HIGHEST GUST SPEED/DIRECTION    53/240    DATE  05/11

SKY COVER
NUMBER OF DAYS FAIR            3
NUMBER OF DAYS PC             18
NUMBER OF DAYS CLOUDY         10


WEATHER CONDITIONS. NUMBER OF DAYS WITH
THUNDERSTORM              9     MIXED PRECIP               0
HEAVY RAIN                4     RAIN                       5
LIGHT RAIN               18     FREEZING RAIN              0
LT FREEZING RAIN          0     HAIL                       1
HEAVY SNOW                0     SNOW                       0
LIGHT SNOW                0     SLEET                      0
FOG                      12     FOG W/VIS <= 1/4 MILE      1
HAZE                      9

-  INDICATES NEGATIVE NUMBERS.
R  INDICATES RECORD WAS SET OR TIED.
MM INDICATES DATA IS MISSING.
T  INDICATES TRACE AMOUNT.

................................................................

...MONTHLY...

NO RECORDS OF NOTE.

...DAILY...

NO RECORDS OF NOTE


WALSH
$$
