000
CXUS56 KPQR 011631
CLMTTD


CLIMATE REPORT
NATIONAL WEATHER SERVICE PORTLAND OREGON
831 AM PST SUN MAR 1 2015

...................................

...THE TROUTDALE OR CLIMATE SUMMARY FOR THE MONTH OF FEBRUARY 2015...

CLIMATE NORMAL PERIOD 1981 TO 2010
CLIMATE RECORD PERIOD 1948 TO 2015

WEATHER         OBSERVED          NORMAL  DEPART  LAST YEAR`S
                 VALUE   DATE(S)  VALUE   FROM    VALUE  DATE(S)
                                          NORMAL
................................................................
TEMPERATURE (F)
HIGHEST            64                                 57  02/15
LOWEST             30                                 19  02/07
                                                          02/06
AVG. MAXIMUM     56.9              49.8     7.1     45.1
AVG. MINIMUM     42.5              35.5     7.0     35.3
MEAN             49.7              42.7     7.0     40.2
DAYS MAX >= 90      0               0.0     0.0        0
DAYS MAX <= 32      0               0.3    -0.3        4
DAYS MIN <= 32      1               7.3    -6.3        9
DAYS MIN <= 0       0               0.0     0.0        0

PRECIPITATION (INCHES)
RECORD
 MAXIMUM           MM   MM
 MINIMUM           MM   MM
TOTALS           3.14              5.09   -1.95     3.20
DAYS >= .01        13              14.8    -1.8       14
DAYS >= .10         9              10.2    -1.2        9
DAYS >= .50         2               2.5    -0.5        2
DAYS >= 1.00        0               0.9    -0.9        0
GREATEST
 24 HR. TOTAL    0.71   02/06 TO 02/07

DEGREE_DAYS
HEATING TOTAL     421               626    -205      665
 SINCE 7/1       2445              3316    -871     3204
COOLING TOTAL       0                 0       0        0
 SINCE 1/1          0                 0                0
.................................................................

WIND (MPH)
AVERAGE WIND SPEED              9.1
RESULTANT WIND SPEED/DIRECTION   7/094
HIGHEST WIND SPEED/DIRECTION    31/090    DATE  02/05
HIGHEST GUST SPEED/DIRECTION    40/090    DATE  02/05

SKY COVER
POSSIBLE SUNSHINE (PERCENT)   MM
AVERAGE SKY COVER           0.50
NUMBER OF DAYS FAIR           11
NUMBER OF DAYS PC              7
NUMBER OF DAYS CLOUDY         10

AVERAGE RH (PERCENT)     68

WEATHER CONDITIONS. NUMBER OF DAYS WITH
THUNDERSTORM              0     MIXED PRECIP               0
HEAVY RAIN                0     RAIN                       4
LIGHT RAIN               15     FREEZING RAIN              0
LT FREEZING RAIN          0     HAIL                       0
HEAVY SNOW                0     SNOW                       0
LIGHT SNOW                0     SLEET                      0
FOG                      17     FOG W/VIS <= 1/4 MILE      1
HAZE                      2

-  INDICATES NEGATIVE NUMBERS.
R  INDICATES RECORD WAS SET OR TIED.
MM INDICATES DATA IS MISSING.
T  INDICATES TRACE AMOUNT.

$$
