000
CXUS54 KTSA 011639
CLMTUL

CLIMATE REPORT
NATIONAL WEATHER SERVICE TULSA OK
1140 AM CDT WED JUL 1 2015

...................................

...THE TULSA OKLAHOMA CLIMATE SUMMARY FOR THE MONTH OF JUNE 2015...

CLIMATE NORMAL PERIOD 1981 TO 2010
CLIMATE RECORD PERIOD 1882 TO 2015

WEATHER         OBSERVED          NORMAL  DEPART  LAST YEAR`S
                 VALUE   DATE(S)  VALUE   FROM    VALUE  DATE(S)
                                          NORMAL
................................................................
TEMPERATURE (F)
RECORD
 HIGH             108   06/10/1911
 LOW               49   06/04/1954
                        06/05/1919
                        06/04/1919
HIGHEST            98   06/30        88      10       94  06/30
                        06/10
LOWEST             55   06/01        67     -12       58  06/11
AVG. MAXIMUM     90.2              87.5     2.7     86.8
AVG. MINIMUM     71.4              67.7     3.7     69.5
MEAN             80.8              77.6     3.2     78.2
DAYS MAX >= 90     19              11.3     7.7       10
DAYS MAX <= 32      0               0.0     0.0        0
DAYS MIN <= 32      0               0.0     0.0        0
DAYS MIN <= 0       0               0.0     0.0        0

PRECIPITATION (INCHES)
RECORD
 MAXIMUM        14.87   1904
 MINIMUM         0.27   1933
TOTALS           4.77              4.72    0.05     4.67
DAILY AVG.       0.16              0.16    0.00     0.16
DAYS >= .01         7               9.8    -2.8       13
DAYS >= .10         6               6.9    -0.9        8
DAYS >= .50         4               3.2     0.8        4
DAYS >= 1.00        2               1.4     0.6        1
GREATEST
 24 HR. TOTAL    2.61   06/17 TO 06/18

DEGREE_DAYS
COOLING TOTAL     482               379     103      403
 SINCE 1/1        687               613      74      674
.................................................................

WIND (MPH)
AVERAGE WIND SPEED              9.5
HIGHEST WIND SPEED/DIRECTION    28/180    DATE  06/14
HIGHEST GUST SPEED/DIRECTION    40/190    DATE  06/22

SKY COVER
POSSIBLE SUNSHINE (PERCENT)   MM
AVERAGE SKY COVER           0.60
NUMBER OF DAYS FAIR            9
NUMBER OF DAYS PC             11
NUMBER OF DAYS CLOUDY         10

AVERAGE RH (PERCENT)     69

WEATHER CONDITIONS. NUMBER OF DAYS WITH
THUNDERSTORM              0     MIXED PRECIP               0
HEAVY RAIN                6     RAIN                       4
LIGHT RAIN                8     FREEZING RAIN              0
LT FREEZING RAIN          0     HAIL                       0
HEAVY SNOW                0     SNOW                       0
LIGHT SNOW                0     SLEET                      0
FOG                       7     FOG W/VIS <= 1/4 MILE      0
HAZE                      1

-  INDICATES NEGATIVE NUMBERS.
R  INDICATES RECORD WAS SET OR TIED.
MM INDICATES DATA IS MISSING.
T  INDICATES TRACE AMOUNT.

&&
-------------------------------------------------------------------
 YEARLY PRECIPITATION (INCHES):
 TOTAL.....................29.67
 DEPARTURE FROM NORMAL.....+8.45
$$
