000
CXUS54 KTSA 011128
CLMTUL

CLIMATE REPORT
NATIONAL WEATHER SERVICE TULSA OK
627 AM CDT FRI SEP 1 2017

...................................

...THE TULSA OKLAHOMA CLIMATE SUMMARY FOR THE MONTH OF AUGUST 2017...

CLIMATE NORMAL PERIOD 1981 TO 2010
CLIMATE RECORD PERIOD 1882 TO 2017

WEATHER         OBSERVED          NORMAL  DEPART  LAST YEAR`S
                 VALUE   DATE(S)  VALUE   FROM    VALUE  DATE(S)
                                          NORMAL
................................................................
TEMPERATURE (F)
RECORD
 HIGH             115   08/10/1936
 LOW               48   08/31/1915
HIGHEST            98   08/20        93       5      100  08/11
                        08/19                             08/04
                                                          08/03
LOWEST             59   08/30        71     -12       59  08/21
AVG. MAXIMUM     88.2              93.1    -4.9     93.2
AVG. MINIMUM     68.8              71.3    -2.5     72.7
MEAN             78.5              82.2    -3.7     83.0
DAYS MAX >= 90     12              21.9    -9.9       23
DAYS MAX <= 32      0               0.0     0.0        0
DAYS MIN <= 32      0               0.0     0.0        0
DAYS MIN <= 0       0               0.0     0.0        0

PRECIPITATION (INCHES)
RECORD
 MAXIMUM        11.80   1927
 MINIMUM         0.00   1896
TOTALS           6.07              2.90    3.17     2.31
DAILY AVG.       0.20              0.09    0.11     0.07
DAYS >= .01         9               6.6     2.4        7
DAYS >= .10         5               4.2     0.8        2
DAYS >= .50         5               2.0     3.0        1
DAYS >= 1.00        2               0.9     1.1        1
GREATEST
 24 HR. TOTAL    2.19   08/06 TO 08/06

DEGREE_DAYS
COOLING TOTAL     428               533    -105      566
 SINCE 1/1       1701              1701       0     1940
.................................................................

WIND (MPH)
AVERAGE WIND SPEED              7.2
HIGHEST WIND SPEED/DIRECTION    38/290    DATE  08/06
HIGHEST GUST SPEED/DIRECTION    48/290    DATE  08/06

SKY COVER
POSSIBLE SUNSHINE (PERCENT)   MM
AVERAGE SKY COVER           0.50
NUMBER OF DAYS FAIR            9
NUMBER OF DAYS PC             18
NUMBER OF DAYS CLOUDY          4

AVERAGE RH (PERCENT)     73

WEATHER CONDITIONS. NUMBER OF DAYS WITH
THUNDERSTORM              7     MIXED PRECIP               0
HEAVY RAIN                6     RAIN                       3
LIGHT RAIN               12     FREEZING RAIN              0
LT FREEZING RAIN          0     HAIL                       0
HEAVY SNOW                0     SNOW                       0
LIGHT SNOW                0     SLEET                      0
FOG                      15     FOG W/VIS <= 1/4 MILE      4
HAZE                      1

-  INDICATES NEGATIVE NUMBERS.
R  INDICATES RECORD WAS SET OR TIED.
MM INDICATES DATA IS MISSING.
T  INDICATES TRACE AMOUNT.

&&
-------------------------------------------------------------------
 YEARLY PRECIPITATION (INCHES):
 TOTAL.....................35.00
 DEPARTURE FROM NORMAL.....+7.52
$$
