000
CXUS53 KAPX 020037
CLMTVC


CLIMATE REPORT
NATIONAL WEATHER SERVICE GAYLORD MI
837 PM EDT FRI JUL 1 2016

...................................

...THE TRAVERSE CITY MI CLIMATE SUMMARY FOR THE MONTH OF JUNE 2016...

CLIMATE NORMAL PERIOD 1981 TO 2010
CLIMATE RECORD PERIOD 1896 TO 2016

WEATHER         OBSERVED          NORMAL  DEPART  LAST YEAR`S
                 VALUE   DATE(S)  VALUE   FROM    VALUE  DATE(S)
                                          NORMAL
................................................................
TEMPERATURE (F)
RECORD
 HIGH             104   06/01/1934
 LOW               28   06/03/1965
HIGHEST            90   06/25        MM      MM       84  06/29
                        06/19
                        06/18
LOWEST             43   06/09        MM      MM       37  06/01
                        06/08
AVG. MAXIMUM     77.4              75.6     1.8     74.3
AVG. MINIMUM     53.9              52.3     1.6     51.0
MEAN             65.6              63.9     1.7     62.7
DAYS MAX >= 90      3               1.4     1.6        0
DAYS MAX <= 32      0               0.0     0.0        0
DAYS MIN <= 32      0               0.1    -0.1        0
DAYS MIN <= 0       0               0.0     0.0        0

PRECIPITATION (INCHES)
RECORD
 MAXIMUM           MM   MM
 MINIMUM           MM   MM
TOTALS           2.07              3.16   -1.09     2.02
DAILY AVG.       0.07              0.11   -0.04     0.07
DAYS >= .01        12               9.9     2.1       10
DAYS >= .10         7               5.4     1.6        6
DAYS >= .50         1               2.0    -1.0        1
DAYS >= 1.00        0               0.8    -0.8        0
GREATEST
 24 HR. TOTAL    0.59   06/10 TO 06/10
                        06/10 TO 06/11
 STORM TOTAL       MM
 (MM/DD(HH))            MM

DEGREE_DAYS
COOLING TOTAL      90                81       9
 SINCE 1/1        140               101      39

FREEZE DATES
RECORD
 EARLIEST     MM
 LATEST       MM
EARLIEST      10/26             MM
LATEST        05/23             MM
.................................................................

WIND (MPH)
AVERAGE WIND SPEED              5.9
HIGHEST WIND SPEED/DIRECTION    38/310    DATE  06/10
HIGHEST GUST SPEED/DIRECTION    50/310    DATE  06/10

SKY COVER
POSSIBLE SUNSHINE (PERCENT)   MM
AVERAGE SKY COVER           0.50
NUMBER OF DAYS FAIR           11
NUMBER OF DAYS PC             15
NUMBER OF DAYS CLOUDY          4

AVERAGE RH (PERCENT)     63

WEATHER CONDITIONS. NUMBER OF DAYS WITH
THUNDERSTORM              0     MIXED PRECIP               0
HEAVY RAIN                2     RAIN                       5
LIGHT RAIN               16     FREEZING RAIN              0
LT FREEZING RAIN          0     HAIL                       0
HEAVY SNOW                0     SNOW                       0
LIGHT SNOW                0     SLEET                      0
FOG                      11     FOG W/VIS <= 1/4 MILE      0
HAZE                      3

-  INDICATES NEGATIVE NUMBERS.
R  INDICATES RECORD WAS SET OR TIED.
MM INDICATES DATA IS MISSING.
T  INDICATES TRACE AMOUNT.

$$
