000
CXUS53 KAPX 011321
CLMTVC


CLIMATE REPORT
NATIONAL WEATHER SERVICE GAYLORD MI
921 AM EDT WED NOV 1 2017

...................................

...THE TRAVERSE CITY MI CLIMATE SUMMARY FOR THE MONTH OF OCTOBER 2017...

CLIMATE NORMAL PERIOD 1981 TO 2010
CLIMATE RECORD PERIOD 1896 TO 2017

WEATHER         OBSERVED          NORMAL  DEPART  LAST YEAR`S
                 VALUE   DATE(S)  VALUE   FROM    VALUE  DATE(S)
                                          NORMAL
................................................................
TEMPERATURE (F)
RECORD
 HIGH              89   10/02/1922
 LOW               20   10/28/1965
                        10/26/1950
HIGHEST            80   10/02        MM      MM       79  10/05
LOWEST             30   10/26        MM      MM       32  10/26
AVG. MAXIMUM     63.6              57.2     6.4     61.6
AVG. MINIMUM     46.7              39.2     7.5     46.3
MEAN             55.2              48.2     7.0     54.0
DAYS MAX >= 90      0               0.0     0.0        0
DAYS MAX <= 32      0               0.0     0.0        0
DAYS MIN <= 32      2               6.4    -4.4        1
DAYS MIN <= 0       0               0.0     0.0        0

PRECIPITATION (INCHES)
RECORD
 MAXIMUM           MM   MM
 MINIMUM           MM   MM
TOTALS           7.04              3.22    3.82     2.83
DAILY AVG.       0.23              0.10    0.13     0.09
DAYS >= .01        16              13.2     2.8       18
DAYS >= .10        11               7.0     4.0        7
DAYS >= .50         6               1.8     4.2        1
DAYS >= 1.00        2               0.6     1.4        0
GREATEST
 24 HR. TOTAL    2.30   10/23 TO 10/23
 STORM TOTAL       MM
 (MM/DD(HH))            MM

SNOWFALL (INCHES)
RECORDS
 TOTAL             MM   MM
TOTALS             MM               0.2      MM       MM
SINCE 7/1          MM               0.2      MM       MM
SNOWDEPTH AVG.     MM                MM      MM       MM
DAYS >= TRACE       0               0.5    -0.5        0
DAYS >= 1.0         0               0.1    -0.1        0
GREATEST
 SNOW DEPTH        MM                                 MM  MM
 24 HR TOTAL       MM                                 MM

DEGREE_DAYS
HEATING TOTAL     316               525    -209
 SINCE 7/1        451               787    -336
COOLING TOTAL      21                 4      17
 SINCE 1/1        528               411     117

FREEZE DATES
RECORD
 EARLIEST     MM
 LATEST       MM
EARLIEST      10/26             MM
LATEST                          MM
.................................................................

WIND (MPH)
AVERAGE WIND SPEED              6.5
HIGHEST WIND SPEED/DIRECTION    26/290    DATE  10/24
HIGHEST GUST SPEED/DIRECTION    35/290    DATE  10/24

SKY COVER
POSSIBLE SUNSHINE (PERCENT)   MM
AVERAGE SKY COVER           0.60
NUMBER OF DAYS FAIR            5
NUMBER OF DAYS PC             14
NUMBER OF DAYS CLOUDY         12

AVERAGE RH (PERCENT)     69

WEATHER CONDITIONS. NUMBER OF DAYS WITH
THUNDERSTORM              0     MIXED PRECIP               0
HEAVY RAIN                2     RAIN                      11
LIGHT RAIN               17     FREEZING RAIN              0
LT FREEZING RAIN          0     HAIL                       0
HEAVY SNOW                0     SNOW                       1
LIGHT SNOW                1     SLEET                      1
FOG                      14     FOG W/VIS <= 1/4 MILE      1
HAZE                      3

-  INDICATES NEGATIVE NUMBERS.
R  INDICATES RECORD WAS SET OR TIED.
MM INDICATES DATA IS MISSING.
T  INDICATES TRACE AMOUNT.

$$
