000
CXUS54 KMRX 011435 RRA
CLMTYS

CLIMATE REPORT
NATIONAL WEATHER SERVICE MORRISTOWN TN
934 AM EST SUN MAR 1 2015

...................................

...THE KNOXVILLE CLIMATE SUMMARY FOR THE MONTH OF FEBRUARY 2015...

CLIMATE NORMAL PERIOD 1981 TO 2010
CLIMATE RECORD PERIOD 1871 TO 2015

WEATHER         OBSERVED          NORMAL  DEPART
                 VALUE   DATE(S)  VALUE   FROM
                                          NORMAL
................................................
TEMPERATURE (F)
HIGHEST            63   02/08
LOWEST              3   02/20
AVG. MAXIMUM     41.4              52.3   -10.9
AVG. MINIMUM     22.8              32.4    -9.6
MEAN             32.1              42.4   -10.3
DAYS MAX >= 90      0
DAYS MAX <= 32      7
DAYS MIN <= 32     24
DAYS MIN <= 0       0

PRECIPITATION (INCHES)
RECORD
 MAXIMUM        12.52   1873
 MINIMUM         0.56   1898
TOTALS           3.75              4.26   -0.51
DAYS >= .01        11
DAYS >= .10         7
DAYS >= .50         2
DAYS >= 1.00        2
GREATEST
 24 HR. TOTAL    1.23   02/16 TO 02/17

SNOWFALL (INCHES)
TOTALS            8.2               1.6     6.6
SINCE 7/1         9.3
SNOWDEPTH AVG.      0
DAYS >= TRACE      11
GREATEST
 SNOW DEPTH         6   02/25

DEGREE_DAYS
HEATING TOTAL     914               634     280
 SINCE 7/1       3265              2896     369
COOLING TOTAL       0                 0       0
 SINCE 1/1          0                 0       0
.................................................



-  INDICATES NEGATIVE NUMBERS.
R  INDICATES RECORD WAS SET OR TIED.
MM INDICATES DATA IS MISSING.
T  INDICATES TRACE AMOUNT.

$$
