000
CXUS53 KLOT 011807
CLMUGN


CLIMATE REPORT
NATIONAL WEATHER SERVICE CHICAGO IL
1159 AM CST SUN FEB 1 2015

...................................

...THE WAUKEGAN   CLIMATE SUMMARY FOR THE MONTH OF JANUARY 2015...

CLIMATE NORMAL PERIOD 1981 TO 2010
CLIMATE RECORD PERIOD 2000 TO 2015

WEATHER         OBSERVED          NORMAL  DEPART  LAST YEAR`S
                 VALUE   DATE(S)  VALUE   FROM    VALUE
                                          NORMAL
.............................................................
TEMPERATURE (F)
RECORD
 HIGH              64   01/07/2008
 LOW              -19   01/16/2009
HIGHEST            43   01/17                         44
LOWEST             -9   01/08                        -16
AVG. MAXIMUM     28.2              30.5    -2.3     22.9
AVG. MINIMUM     14.2              15.5    -1.3      4.5
MEAN             21.2              23.0    -1.8     13.7

PRECIPITATION (INCHES)
RECORD
 MAXIMUM         5.24   2003
 MINIMUM         0.26   1999
TOTALS           0.54              1.39   -0.85     1.07

DEGREE_DAYS
HEATING TOTAL    1351              1302      49     1584
 SINCE 7/1       4061              3851     210     4472
COOLING TOTAL       0                 0       0        0
 SINCE 1/1          0                 0       0        0
..............................................................

WIND (MPH)
AVERAGE WIND SPEED              8.1
HIGHEST WIND SPEED/DIRECTION    29/220    DATE  01/08
HIGHEST GUST SPEED/DIRECTION    41/200    DATE  01/08

AVERAGE RH (PERCENT)     69


-  INDICATES NEGATIVE NUMBERS.
R  INDICATES RECORD WAS SET OR TIED.
MM INDICATES DATA IS MISSING.
T  INDICATES TRACE AMOUNT.

$$
