000
CXUS55 KLKN 011756
CLMWMC


CLIMATE REPORT
NATIONAL WEATHER SERVICE ELKO NV
1039 AM PDT SAT APR 1 2017

...................................

...THE WINNEMUCCA AIRPORT NV CLIMATE SUMMARY FOR THE MONTH OF MARCH 2017...

CLIMATE NORMAL PERIOD 1981 TO 2010
CLIMATE RECORD PERIOD 1877 TO 2017

WEATHER         OBSERVED          NORMAL  DEPART  LAST YEAR`S
                 VALUE   DATE(S)  VALUE   FROM    VALUE  DATE(S)
                                          NORMAL
................................................................
TEMPERATURE (F)
RECORD
 HIGH              82   03/29/1879
 LOW               -3   03/02/1971
                        03/01/1971
                        03/12/1954
HIGHEST            74   03/14        71       3       70  03/19
LOWEST             16   03/01        12       4       13  03/23
AVG. MAXIMUM     59.2              55.7     3.5     57.6
AVG. MINIMUM     29.7              26.6     3.1     29.2
MEAN             44.5              41.1     3.4     43.4
DAYS MAX >= 90      0               0.0     0.0        0
DAYS MAX <= 32      0               0.0     0.0        0
DAYS MIN <= 32     18              23.8    -5.8       23
DAYS MIN <= 0       0               0.0     0.0        0

PRECIPITATION (INCHES)
RECORD
 MAXIMUM         3.04   1899
 MINIMUM         0.03   2004
TOTALS           1.28              0.83    0.45     0.74
DAILY AVG.       0.04              0.03    0.01     0.02
DAYS >= .01        10               8.2     1.8       10
DAYS >= .10         5               3.0     2.0        3
DAYS >= .50         1               0.1     0.9        0
DAYS >= 1.00        0               0.0     0.0        0
GREATEST
 24 HR. TOTAL    0.61   03/30 TO 03/30              0.32

SNOWFALL (INCHES)
RECORDS
 TOTAL           23.4   1952
TOTALS            2.2               3.2    -1.0      1.7
SINCE 7/1        18.3              19.2    -0.9     21.1
SNOWDEPTH AVG.      0                                  0
DAYS >= TRACE       4               2.7     1.3        5
DAYS >= 1.0         1               1.1    -0.1        1
DAYS >= 5.0         0                                  0
GREATEST
 SNOW DEPTH         T   03/06                          0
 24 HR TOTAL      1.3   03/05 TO 03/05               1.7

DEGREE_DAYS
HEATING TOTAL     626               739    -113      659
 SINCE 7/1       5065              5328    -263     4836
COOLING TOTAL       0                 0       0        0
 SINCE 1/1          0                 0       0        0
.................................................................

WIND (MPH)
AVERAGE WIND SPEED              7.7
HIGHEST WIND SPEED/DIRECTION    35/240    DATE  03/21
HIGHEST GUST SPEED/DIRECTION    44/220    DATE  03/04

AVERAGE RH (PERCENT)     62

WEATHER CONDITIONS. NUMBER OF DAYS WITH
THUNDERSTORM              0     MIXED PRECIP               0
HEAVY RAIN                1     RAIN                       1
LIGHT RAIN               10     FREEZING RAIN              0
LT FREEZING RAIN          0     HAIL                       0
HEAVY SNOW                1     SNOW                       2
LIGHT SNOW                4     SLEET                      0
FOG                       8     FOG W/VIS <= 1/4 MILE      1
HAZE                      0

-  INDICATES NEGATIVE NUMBERS.
R  INDICATES RECORD WAS SET OR TIED.
MM INDICATES DATA IS MISSING.
T  INDICATES TRACE AMOUNT.

&&

=====================================================================

...16TH WARMEST MARCH ON RECORD IN WINNEMUCCA...

A RECORD DAILY PRECIPITATION OF 0.61 INCHES WAS SET ON THE 30TH.

$$

DS
