000
CXUS55 KRIW 010952
CLMWRL


CLIMATE REPORT
NATIONAL WEATHER SERVICE RIVERTON WY
348 AM MDT FRI APR 1 2016

...................................

...THE WORLAND WY CLIMATE SUMMARY FOR THE MONTH OF MARCH 2016...

CLIMATE NORMAL PERIOD 1981 TO 2010
CLIMATE RECORD PERIOD 1947 TO 2016

WEATHER         OBSERVED          NORMAL  DEPART
                 VALUE   DATE(S)  VALUE   FROM
                                          NORMAL
................................................
TEMPERATURE (F)
RECORD
 HIGH              81   03/28/1986
 LOW              -28   03/04/1989
HIGHEST            70   03/12
                        03/11
LOWEST              6   03/19
AVG. MAXIMUM     54.2              50.5     3.7
AVG. MINIMUM     24.1              22.4     1.7
MEAN             39.2              36.5     2.7
DAYS MAX >= 90      0
DAYS MAX <= 32      0
DAYS MIN <= 32     28
DAYS MIN <= 0       0

PRECIPITATION (INCHES)
RECORD
 MAXIMUM         2.19   MM
 MINIMUM         0.00   2004
TOTALS           0.97              0.46    0.51
DAILY AVG.       0.03
DAYS >= .01         6
DAYS >= .10         2
DAYS >= .50         1
DAYS >= 1.00        0
GREATEST
 24 HR. TOTAL    0.69   03/28 TO 03/29

DEGREE_DAYS
HEATING TOTAL     793               885     -92
 SINCE 7/1       6178              6886    -708
COOLING TOTAL       0                 0       0
 SINCE 1/1          0                 0       0
.................................................

WIND (MPH)
AVERAGE WIND SPEED              7.7
RESULTANT WIND SPEED/DIRECTION   1/283
HIGHEST WIND SPEED/DIRECTION    37/320    DATE  03/31
HIGHEST GUST SPEED/DIRECTION    43/320    DATE  03/31

SKY COVER
POSSIBLE SUNSHINE (PERCENT)   MM
AVERAGE SKY COVER           0.30
NUMBER OF DAYS FAIR           17
NUMBER OF DAYS PC             10
NUMBER OF DAYS CLOUDY          4

AVERAGE RH (PERCENT)     53

WEATHER CONDITIONS. NUMBER OF DAYS WITH
THUNDERSTORM              0     MIXED PRECIP               0
HEAVY RAIN                0     RAIN                       0
LIGHT RAIN                7     FREEZING RAIN              0
LT FREEZING RAIN          0     HAIL                       0
HEAVY SNOW                0     SNOW                       0
LIGHT SNOW                3     SLEET                      0
FOG                       5     FOG W/VIS <= 1/4 MILE      0
HAZE                      2

-  INDICATES NEGATIVE NUMBERS.
R  INDICATES RECORD WAS SET OR TIED.
MM INDICATES DATA IS MISSING.
T  INDICATES TRACE AMOUNT.

$$
