000
CXUS56 KPDT 011422
CLMYKM

CLIMATE REPORT
NATIONAL WEATHER SERVICE PENDLETON OREGON
719 AM PDT MON MAY 01 2017

....................................

...THE YAKIMA WA CLIMATE SUMMARY FOR THE MONTH OF APRIL 2017...

CLIMATE NORMAL PERIOD 1981 TO 2010
CLIMATE RECORD PERIOD 1909 TO 2017

WEATHER         OBSERVED          NORMAL  DEPART  LAST YEAR`S
                 VALUE   DATE(S)  VALUE   FROM    VALUE  DATE(S)
                                          NORMAL

................................................................

TEMPERATURE (F)
RECORD
 HIGH              92   4/24/1977
 LOW               18   4/19/2008
HIGHEST            69   4/28       80       -11            88   4/20
LOWEST             26   4/ 9       24         2            32   4/26
AVG. MAXIMUM     62.9            63.8      -0.9          74.3
AVG. MINUMUM     37.6            34.4       3.2          42.5
MEAN             50.2            49.1       1.1          58.4
DAYS MAX >= 90      0               0         0             0
DAYS MAX <= 32      0               0         0             0
DAYS MIN <= 32      6              12        -6             1
DAYS MIN <= 0       0               0         0             1

PRECIPITATION (INCHES)
RECORD
 MAXIMUM          1.83   1995
 MINIMUM             T   2015
TOTALS            1.29            0.55      0.74          0.27
DAILY AVG.        0.04            0.02      0.02          0.01
DAYS >=  0.01       12               6         6             2
DAYS >=  0.10        3               2         1             1
DAYS >=  0.50        1               0         1             0
DAYS >=  1.00        0               0         0             0
GREATEST
 24 HR. TOTAL     0.50   4/12

SNOWFALL (INCHES)
RECORD
 MAXIMUM           0.8   2010
 MINIMUM           0.0   2016
TOTALS             0.0             0.0       0.0           0.0
SINCE 7/1         36.5            22.0      14.5          31.4
DAYS >=  TRACE                       0         0
DAYS >=  1.0         0               0         0             0
GREATEST
 24 HR. TOTAL      0.0   4/30

DEGREE DAYS
HEATING TOTAL      436             477       -41           196
 SINCE 7/1        5455            5680      -225          4505
COOLING TOTAL        0               0         0             6
 SINCE 1/1           0               0         0             6

.............................................................

WIND (MPH)
AVERAGE WIND SPEED                     7.1
RESULTANT WIND SPEED/DIRECTION         5/252
HIGHEST WIND SPEED/DIRECTION          37/220      DATE          04/07
HIGHEST GUST SPEED/DIRECTION          49/210      DATE          04/07


WEATHER CONDITIONS. NUMBER OF DAYS WITH
THUNDERSTORM               0    MIXED PRECIP                           0
HEAVY RAIN                 0    RAIN                                   7
LIGHT RAIN                18    FREEZING RAIN                          0
LT FREEZING RAIN           0    HAIL                                   0
HEAVY SNOW                 0    SNOW                                   0
LIGHT SNOW                 0    SLEET                                  0
FOG                        8    FOG W/VIS <=1/4 MILE                   0
HAZE                       0

-  INDICATES NEGATIVE NUMBERS.
R  INDICATES RECORD WAS SET OR TIED.
MM INDICATES DATA IS MISSING.
T  INDICATES TRACE AMOUNT.

$$
