000
CXUS56 KPDT 041542
CLMYKM

CLIMATE REPORT...CORRECTED
NATIONAL WEATHER SERVICE PENDLETON OREGON
741 AM PST MON DEC 04 2017

....................................

...THE YAKIMA WA CLIMATE SUMMARY FOR THE MONTH OF NOVEMBER 2017...

CLIMATE NORMAL PERIOD 1981 TO 2010
CLIMATE RECORD PERIOD 1909 TO 2017

WEATHER         OBSERVED          NORMAL  DEPART  LAST YEAR`S
                 VALUE   DATE(S)  VALUE   FROM    VALUE  DATE(S)
                                          NORMAL

................................................................

TEMPERATURE (F)
RECORD
 HIGH              73  11/10/1989
 LOW              -13  11/23/1985
HIGHEST            69  11/23       64         5            68  11/12
LOWEST             25  11/19       13        12            24  11/29
AVG. MAXIMUM     50.1            47.9       2.2          56.8
AVG. MINUMUM     32.3            26.8       5.5          35.3
MEAN             41.2            37.4       3.8          46.0
DAYS MAX >= 90      0               0         0             0
DAYS MAX <= 32      0               2        -2             0
DAYS MIN <= 32     16              23        -7            10
DAYS MIN <= 0       0               0         0            10


PRECIPITATION (INCHES)
RECORD
 MAXIMUM          7.08   2017
 MINIMUM             T   1990
TOTALS            1.14            1.05      0.09          0.62
DAILY AVG.        0.04            0.04      0.00          0.02
DAYS >=  0.01       14               9         5            10
DAYS >=  0.10        3               3         0             2
DAYS >=  0.50        0               0         0             0
DAYS >=  1.00        0               0         0             0
GREATEST
 24 HR. TOTAL     0.28  11/ 9



SNOWFALL (INCHES)
RECORD
 MAXIMUM          21.2   1955
 MINIMUM           0.0   2013
TOTALS             0.4             3.6      -3.2             T
SINCE 7/1          0.4             3.7      -3.3           0.0
DAYS >=  TRACE       2               2         0             1
DAYS >=  1.0         0               1         0             0
GREATEST
 24 HR. TOTAL      0.4  11/ 5


DEGREE DAYS
HEATING TOTAL      708             830      -122           561
 SINCE 7/1        1269            1533      -264          1019
COOLING TOTAL        0               0         0             0
 SINCE 1/1        1054             463       591           774

.............................................................

WIND (MPH)
AVERAGE WIND SPEED                     4.6
RESULTANT WIND SPEED/DIRECTION         3/264
HIGHEST WIND SPEED/DIRECTION          31/210      DATE          11/13
HIGHEST GUST SPEED/DIRECTION          42/210      DATE          11/13


WEATHER CONDITIONS. NUMBER OF DAYS WITH
THUNDERSTORM               0    MIXED PRECIP                           0
HEAVY RAIN                 0    RAIN                                   1
LIGHT RAIN                18    FREEZING RAIN                          0
LT FREEZING RAIN           0    HAIL                                   0
HEAVY SNOW                 0    SNOW                                   0
LIGHT SNOW                 2    SLEET                                  0
FOG                       16    FOG W/VIS <=1/4 MILE                   1
HAZE                       2

-  INDICATES NEGATIVE NUMBERS.
R  INDICATES RECORD WAS SET OR TIED.
MM INDICATES DATA IS MISSING.
T  INDICATES TRACE AMOUNT.

$$
