000
CXUS53 KGRB 020935
CLSAUW

SEASONAL CLIMATE SUMMARY
NATIONAL WEATHER SERVICE GREEN BAY WI
435 AM CDT WED SEP 2 2015

...THE WAUSAU WI SUMMER CLIMATE SUMMARY FROM 6/1/2015 TO 8/31/2015...

CLIMATE NORMAL PERIOD 1981 TO 2010
CLIMATE RECORD PERIOD 1896 TO 2015

WEATHER         OBSERVED          NORMAL  DEPART  LAST YEAR`S
                 VALUE   DATE(S)  VALUE   FROM    VALUE  DATE(S)
                                          NORMAL
................................................................
TEMPERATURE (F)
RECORD
 HIGH             107   07/13/1936
 LOW               29   06/01/1897
HIGHEST            92   08/14        94      -2       87  07/22
LOWEST             40   06/02        40       0       44  07/16
                        06/01
AVG. MAXIMUM     77.3              77.9    -0.6     77.1
AVG. MINIMUM     56.5              56.5     0.0     57.2
MEAN             66.9              67.2    -0.3     67.2
DAYS MAX >= 90      1               3.9    -2.9        0
DAYS MAX <= 32      0               0.0     0.0        0
DAYS MIN <= 32      0               0.0     0.0        0
DAYS MIN <= 0       0               0.0     0.0        0

PRECIPITATION (INCHES)
RECORD
 MAXIMUM        20.60   1995
 MINIMUM         5.58   1976
TOTALS          11.26             12.30   -1.04    15.21
DAILY AVG.       0.12              0.13   -0.01     0.16
DAYS >= .01        29              34.5    -5.5       44
DAYS >= .10        18              21.8    -3.8       32
DAYS >= .50         8               8.0     0.0       10
DAYS >= 1.00        4               3.1     0.9        3

SNOWFALL (INCHES)
RECORDS
 TOTAL            0.0   MM
 24 HR TOTAL       MM
TOTALS            0.0               0.0     0.0      0.0
SINCE 7/1         0.0               0.0     0.0      0.0
DAYS >= TRACE       0               0.0     0.0        0
DAYS >= 1.0         0               0.0     0.0        0
GREATEST
 SNOW DEPTH         0   MM                             0  MM
 24 HR TOTAL      0.0   MM

DEGREE_DAYS
HEATING TOTAL     123               154     -31       76
 SINCE 7/1         62                66      -4       54
COOLING TOTAL     320               356     -36      301
 SINCE 1/1        338               375     -37      326

FREEZE DATES
RECORD
 EARLIEST     08/30/1915
 LATEST       06/12/1903
EARLIEST                        10/02
LATEST                          05/05
.................................................................

WIND (MPH)
AVERAGE WIND SPEED              7.2
HIGHEST WIND SPEED/DIRECTION    37/270    DATE  07/18
HIGHEST GUST SPEED/DIRECTION    46/290    DATE  07/29

SKY COVER
POSSIBLE SUNSHINE (PERCENT)   MM
AVERAGE SKY COVER           0.30
NUMBER OF DAYS FAIR           50
NUMBER OF DAYS PC             28
NUMBER OF DAYS CLOUDY         14

AVERAGE RH (PERCENT)     71

WEATHER CONDITIONS. NUMBER OF DAYS WITH
THUNDERSTORM             12     MIXED PRECIP               0
HEAVY RAIN               11     RAIN                      19
LIGHT RAIN               35     FREEZING RAIN              0
LT FREEZING RAIN          0     HAIL                       0
HEAVY SNOW                0     SNOW                       0
LIGHT SNOW                0     SLEET                      0
FOG                      45     FOG W/VIS <= 1/4 MILE      5
HAZE                     11

-  INDICATES NEGATIVE NUMBERS.
R  INDICATES RECORD WAS SET OR TIED.
MM INDICATES DATA IS MISSING.
T  INDICATES TRACE AMOUNT.
...................................

$$

ECKBERG
