000
CXUS53 KGRR 032101
CLSAZO

WRKCLMAZO 000
TTAA00 KGRR 032055


CLIMATE REPORT
NATIONAL WEATHER SERVICE GRAND RAPIDS, MI
339 PM EST TUE MAR 3 2015

...................................

...THE KALAMAZOO MI CLIMATE SUMMARY FOR THE SEASON, FROM
12/1/2014 TO 2/28/2015...

CLIMATE NORMAL PERIOD 1981 TO 2010
CLIMATE RECORD PERIOD 1998 TO 2015

WEATHER         OBSERVED          NORMAL  DEPART  LAST YEAR`S
                 VALUE   DATE(S)  VALUE   FROM    VALUE  DATE(S)
                                          NORMAL
................................................................
TEMPERATURE (F)
HIGHEST            53   12/23        MM      MM       58  12/05
                        12/14                             12/04
                        12/15
LOWEST            -15   02/20        MM      MM      -13  02/28
                                                          01/28
                                                          01/08
AVG. MAXIMUM     30.0              33.3    -3.3     27.8
AVG. MINIMUM     15.4              20.2    -4.8     12.8
MEAN             22.7              26.7    -4.0     20.3
DAYS MAX >= 90      0               0.0     0.0        0
DAYS MAX <= 32     49              43.1     5.9       62
DAYS MIN <= 32     79              77.5     1.5       82
DAYS MIN <= 0      13               3.6     9.4       14

PRECIPITATION (INCHES)
TOTALS           2.59              5.22   -2.63     3.99
DAILY AVG.       0.03              0.06   -0.03     0.05
DAYS >= .01        25                MM      MM       31
DAYS >= .10         5                MM      MM       12
DAYS >= .50         2                MM      MM        1
DAYS >= 1.00        0                MM      MM        0
GREATEST
 24 HR. TOTAL    0.68   01/03 TO 01/04           02/28 TO 02/28

DEGREE_DAYS
HEATING TOTAL    3756              3446     310     3811
 SINCE 7/1       5286              4773     513     5168
COOLING TOTAL       0                 0       0        0
 SINCE 1/1          0                 0       0        0

.........................................................

WIND (MPH)
AVERAGE WIND SPEED              8.8
RESULTANT WIND SPEED/DIRECTION   3/260
HIGHEST WIND SPEED/DIRECTION    38/320    DATE  02/14
HIGHEST GUST SPEED/DIRECTION    46/320    DATE  02/14

SKY COVER
AVERAGE SKY COVER           0.70
NUMBER OF DAYS FAIR           14
NUMBER OF DAYS PC             32
NUMBER OF DAYS CLOUDY         44

AVERAGE RH (PERCENT)     73

WEATHER CONDITIONS. NUMBER OF DAYS WITH
THUNDERSTORM              0     MIXED PRECIP               0
HEAVY RAIN                0     RAIN                       3
LIGHT RAIN               14     FREEZING RAIN              1
LT FREEZING RAIN          3     HAIL                       0
HEAVY SNOW                4     SNOW                      11
LIGHT SNOW               47     SLEET                      0
FOG                      66     FOG W/VIS <= 1/4 MILE      8
HAZE                     56

-  INDICATES NEGATIVE NUMBERS.
R  INDICATES RECORD WAS SET OR TIED.
MM INDICATES DATA IS MISSING.
T  INDICATES TRACE AMOUNT.

$$

HOVING
