000
CXUS51 KRLX 030656
CLSBKW


CLIMATE REPORT
NATIONAL WEATHER SERVICE CHARLESTON WV
154 AM EST FRI MAR 3 2017

...................................

...THE BECKLEY WV CLIMATE SUMMARY FOR THE SEASON, FROM
12/1/2016 TO 2/28/2017...

CLIMATE NORMAL PERIOD 1981 TO 2010
CLIMATE RECORD PERIOD 1963 TO 2017

WEATHER         OBSERVED          NORMAL  DEPART  LAST YEAR`S
                 VALUE   DATE(S)  VALUE   FROM    VALUE  DATE(S)
                                          NORMAL
................................................................
TEMPERATURE (F)
HIGHEST            73   02/24        MM      MM       74
LOWEST              0   01/08        MM      MM       -2
AVG. MAXIMUM     47.0              41.5     5.5     45.3
AVG. MINIMUM     30.3              24.9     5.4     28.8
MEAN             38.7              33.2     5.5     37.0
DAYS MAX >= 90      0               0.0     0.0        0
DAYS MAX <= 32     15              21.3    -6.3       20
DAYS MIN <= 32     53              67.7   -14.7       57
DAYS MIN <= 0       1               1.9    -0.9        1

PRECIPITATION (INCHES)
TOTALS          11.01              8.57    2.44     9.41
DAILY AVG.       0.12              0.10    0.02     0.10
DAYS >= .01        45              43.9     1.1       45
DAYS >= .10        25              21.1     3.9       25
DAYS >= .50         7               4.9     2.1        5
DAYS >= 1.00        2               1.0     1.0        0
GREATEST
 24 HR. TOTAL    1.60   MM                       02/29 TO 02/29
                                                          02/29 TO 02/29
                                                          02/29 TO 02/29

SNOWFALL (INCHES)
TOTALS           18.6              47.5   -28.9     36.8
SINCE 7/1        18.8              50.5   -31.7     36.8
DAYS >= TRACE      19              26.6    -7.6       30
DAYS >= 1.0         6              14.5    -8.5       10
GREATEST
 SNOW DEPTH         6   01/07                         15  01/24
 24 HR TOTAL      4.0   MM                       02/29 TO 02/29
                                                          02/29 TO 02/29
                                                          02/29 TO 02/29

DEGREE_DAYS
HEATING TOTAL    2359              2861    -502     2516
 SINCE 7/1         MM              4001      MM       MM
COOLING TOTAL       0                 0       0        0
 SINCE 1/1          0                 0       0        0
..........................................................

WIND (MPH)
AVERAGE WIND SPEED              8.7
HIGHEST WIND SPEED/DIRECTION    33/250    DATE  02/07
HIGHEST GUST SPEED/DIRECTION    47/220    DATE  02/07

SKY COVER
POSSIBLE SUNSHINE (PERCENT)   MM
AVERAGE SKY COVER           0.60
NUMBER OF DAYS FAIR           16
NUMBER OF DAYS PC             34
NUMBER OF DAYS CLOUDY         40

AVERAGE RH (PERCENT)     69

WEATHER CONDITIONS. NUMBER OF DAYS WITH
THUNDERSTORM              0     MIXED PRECIP               0
HEAVY RAIN                9     RAIN                      18
LIGHT RAIN               43     FREEZING RAIN              0
LT FREEZING RAIN          2     HAIL                       0
HEAVY SNOW                3     SNOW                       5
LIGHT SNOW               20     SLEET                      0
FOG                      52     FOG W/VIS <= 1/4 MILE     12
HAZE                      8

-  INDICATES NEGATIVE NUMBERS.
R  INDICATES RECORD WAS SET OR TIED.
MM INDICATES DATA IS MISSING.
T  INDICATES TRACE AMOUNT.

$$
