000
CXUS51 KRLX 011212
CLSBKW


CLIMATE REPORT
NATIONAL WEATHER SERVICE CHARLESTON WV
809 AM EDT THU JUN 1 2017

...................................

...THE BECKLEY WV CLIMATE SUMMARY FOR THE SEASON, FROM
3/1/2017 TO 5/31/2017...

CLIMATE NORMAL PERIOD 1981 TO 2010
CLIMATE RECORD PERIOD 1963 TO 2017

WEATHER         OBSERVED          NORMAL  DEPART  LAST YEAR`S
                 VALUE   DATE(S)  VALUE   FROM    VALUE  DATE(S)
                                          NORMAL
................................................................
TEMPERATURE (F)
HIGHEST            85   05/20        MM      MM       85
                        05/17
                        04/29
LOWEST              9   03/15        MM      MM       17
AVG. MAXIMUM     63.1              61.6     1.5     64.9
AVG. MINIMUM     44.4              41.1     3.3     43.5
MEAN             53.8              51.3     2.5     54.2
DAYS MAX >= 90      0               0.1    -0.1        0
DAYS MAX <= 32      2               2.0     0.0        1
DAYS MIN <= 32     19              21.9    -2.9       16
DAYS MIN <= 0       0               0.0     0.0        0

PRECIPITATION (INCHES)
TOTALS          14.09             11.59    2.50    11.25
DAILY AVG.       0.15              0.13    0.02     0.12
DAYS >= .01        54              44.5     9.5       42
DAYS >= .10        35              25.6     9.4       29
DAYS >= .50         8               7.2     0.8        6
DAYS >= 1.00        1               1.9    -0.9        1
GREATEST
 24 HR. TOTAL    1.37   MM                       05/31 TO 05/31
                                                          05/31 TO 05/31
                                                          05/31 TO 05/31

SNOWFALL (INCHES)
TOTALS            7.2              11.5    -4.3      8.7
SINCE 7/1        26.0              62.0   -36.0     45.5
DAYS >= TRACE      11               7.8     3.2       10
DAYS >= 1.0         3               3.3    -0.3        3
GREATEST
 SNOW DEPTH         3   03/14                          4  03/04
 24 HR TOTAL      4.2   MM                       05/31 TO 05/31
                                                          05/31 TO 05/31
                                                          05/31 TO 05/31

DEGREE_DAYS
HEATING TOTAL    1083              1300    -217     1004
 SINCE 7/1         MM              5301      MM       MM
COOLING TOTAL      65                40      25       41
 SINCE 1/1         65                41      24       41
..................................................

WIND (MPH)
AVERAGE WIND SPEED              8.8
HIGHEST WIND SPEED/DIRECTION    39/300    DATE  03/01
HIGHEST GUST SPEED/DIRECTION    56/290    DATE  03/01

SKY COVER
POSSIBLE SUNSHINE (PERCENT)   MM
AVERAGE SKY COVER           0.50
NUMBER OF DAYS FAIR           33
NUMBER OF DAYS PC             32
NUMBER OF DAYS CLOUDY         27

AVERAGE RH (PERCENT)     66

WEATHER CONDITIONS. NUMBER OF DAYS WITH
THUNDERSTORM              0     MIXED PRECIP               0
HEAVY RAIN               19     RAIN                      31
LIGHT RAIN               54     FREEZING RAIN              0
LT FREEZING RAIN          2     HAIL                       0
HEAVY SNOW                1     SNOW                       3
LIGHT SNOW               11     SLEET                      0
FOG                      56     FOG W/VIS <= 1/4 MILE      8
HAZE                      5

-  INDICATES NEGATIVE NUMBERS.
R  INDICATES RECORD WAS SET OR TIED.
MM INDICATES DATA IS MISSING.
T  INDICATES TRACE AMOUNT.

$$
