000
CXUS51 KRLX 011715
CLSBKW


CLIMATE REPORT
NATIONAL WEATHER SERVICE CHARLESTON WV
111 PM EDT WED JUN 1 2016

...................................

...THE BECKLEY WV CLIMATE SUMMARY FOR THE SEASON, FROM
3/1/2016 TO 5/31/2016...

CLIMATE NORMAL PERIOD 1981 TO 2010
CLIMATE RECORD PERIOD 1963 TO 2016

WEATHER         OBSERVED          NORMAL  DEPART  LAST YEAR`S
                 VALUE   DATE(S)  VALUE   FROM    VALUE  DATE(S)
                                          NORMAL
................................................................
TEMPERATURE (F)
HIGHEST            85   05/27        MM      MM       MM
LOWEST             17   04/10        MM      MM       MM
AVG. MAXIMUM     64.9              61.6     3.3       MM
AVG. MINIMUM     43.5              41.1     2.4       MM
MEAN             54.2              51.3     2.9       MM
DAYS MAX >= 90      0               0.1    -0.1       MM
DAYS MAX <= 32      1               2.0    -1.0       MM
DAYS MIN <= 32     16              21.9    -5.9       MM
DAYS MIN <= 0       0               0.0     0.0       MM

PRECIPITATION (INCHES)
TOTALS          11.25             11.59   -0.34       MM
DAILY AVG.       0.12              0.13   -0.01       MM
DAYS >= .01        42              44.5    -2.5       MM
DAYS >= .10        29              25.6     3.4       MM
DAYS >= .50         6               7.2    -1.2       MM
DAYS >= 1.00        1               1.9    -0.9       MM
GREATEST
 24 HR. TOTAL    1.28   MM                            MM

SNOWFALL (INCHES)
TOTALS            8.7              11.5    -2.8       MM
SINCE 7/1        45.5              62.0   -16.5       MM
DAYS >= TRACE      10               7.8     2.2       MM
DAYS >= 1.0         3               3.3    -0.3       MM
GREATEST
 SNOW DEPTH         4   03/04                         MM  MM
 24 HR TOTAL      5.9   MM                            MM

DEGREE_DAYS
HEATING TOTAL    1004              1300    -296       MM
 SINCE 7/1         MM              5301      MM       MM
COOLING TOTAL      41                40       1       MM
 SINCE 1/1         41                41       0       MM
.................................................................

WIND (MPH)
AVERAGE WIND SPEED              8.0
HIGHEST WIND SPEED/DIRECTION    43/280    DATE  04/02
HIGHEST GUST SPEED/DIRECTION    56/260    DATE  04/02

SKY COVER
POSSIBLE SUNSHINE (PERCENT)   MM
AVERAGE SKY COVER           0.50
NUMBER OF DAYS FAIR           36
NUMBER OF DAYS PC             32
NUMBER OF DAYS CLOUDY         24

AVERAGE RH (PERCENT)     62

WEATHER CONDITIONS. NUMBER OF DAYS WITH
THUNDERSTORM              0     MIXED PRECIP               0
HEAVY RAIN               15     RAIN                      24
LIGHT RAIN               48     FREEZING RAIN              0
LT FREEZING RAIN          0     HAIL                       0
HEAVY SNOW                2     SNOW                       4
LIGHT SNOW               11     SLEET                      0
FOG                      46     FOG W/VIS <= 1/4 MILE     10
HAZE                      3

-  INDICATES NEGATIVE NUMBERS.
R  INDICATES RECORD WAS SET OR TIED.
MM INDICATES DATA IS MISSING.
T  INDICATES TRACE AMOUNT.

$$
