000
CXUS51 KRLX 020203 CCA
CLSBKW

CLIMATE REPORT
NATIONAL WEATHER SERVICE CHARLESTON WV
941 PM EDT MON SEP 1 2014

...................................

...THE BECKLEY WV CLIMATE SUMMARY FOR THE SEASON, FROM
6/1/2014 TO 8/31/2014...

CLIMATE NORMAL PERIOD 1981 TO 2010
CLIMATE RECORD PERIOD 1963 TO 2014

WEATHER         OBSERVED          NORMAL  DEPART  LAST YEAR`S
                 VALUE   DATE(S)  VALUE   FROM    VALUE  DATE(S)
                                          NORMAL
................................................................
TEMPERATURE (F)
RECORD
 HIGH              96   08/17/1988
 LOW               32   06/11/1972
HIGHEST            86   07/13
                        07/12
LOWEST             48   07/05
                        06/07
                        06/06
AVG. MAXIMUM     78.3              78.7    -0.4
AVG. MINIMUM     60.2              59.8     0.4
MEAN             69.2              69.3    -0.1
DAYS MAX >= 90      0               0.9    -0.9
DAYS MAX <= 32      0               0.0     0.0
DAYS MIN <= 32      0               0.0     0.0
DAYS MIN <= 0       0               0.0     0.0

PRECIPITATION (INCHES)
RECORD
 MAXIMUM        23.74   1940
 MINIMUM         7.34   1964
TOTALS          10.38             12.50   -2.12       MM
DAILY AVG.       0.11              0.14   -0.03       MM
DAYS >= .01        39              37.0     2.0       MM
DAYS >= .10        23              24.0    -1.0       MM
DAYS >= .50         5               8.4    -3.4       MM
DAYS >= 1.00        2               2.6    -0.6       MM
GREATEST
 24 HR. TOTAL    1.73   MM                            MM
 STORM TOTAL       MM                                 MM
 (MM/DD(HH))            MM                                MM

DEGREE_DAYS
HEATING TOTAL      41                60     -19
 SINCE 7/1         29                21       8
COOLING TOTAL     449               453      -4
 SINCE 1/1        524               493      31


.................................................................

WIND (MPH)
AVERAGE WIND SPEED              6.1
HIGHEST WIND SPEED/DIRECTION    32/270    DATE  06/11
HIGHEST GUST SPEED/DIRECTION    46/270    DATE  06/11

SKY COVER
POSSIBLE SUNSHINE (PERCENT)   MM
AVERAGE SKY COVER           0.40
NUMBER OF DAYS FAIR           36
NUMBER OF DAYS PC             44
NUMBER OF DAYS CLOUDY         12

AVERAGE RH (PERCENT)     72

WEATHER CONDITIONS. NUMBER OF DAYS WITH
THUNDERSTORM              M     MIXED PRECIP               0
HEAVY RAIN               18     RAIN                      22
LIGHT RAIN               46     FREEZING RAIN              0
LT FREEZING RAIN          0     HAIL                       0
HEAVY SNOW                0     SNOW                       0
LIGHT SNOW                0     SLEET                      0
FOG                      57     FOG W/VIS <= 1/4 MILE     15
HAZE                     11

-  INDICATES NEGATIVE NUMBERS.
R  INDICATES RECORD WAS SET OR TIED.
MM INDICATES DATA IS MISSING.
T  INDICATES TRACE AMOUNT.

$$
