000
CXUS51 KRLX 010930
CLSBKW


CLIMATE REPORT
NATIONAL WEATHER SERVICE CHARLESTON WV
428 AM EST FRI DEC 1 2017

...................................

...THE BECKLEY WV CLIMATE SUMMARY FOR THE SEASON, FROM
9/1/2017 TO 11/30/2017...

CLIMATE NORMAL PERIOD 1981 TO 2010
CLIMATE RECORD PERIOD 1963 TO 2017

WEATHER         OBSERVED          NORMAL  DEPART  LAST YEAR`S
                 VALUE   DATE(S)  VALUE   FROM    VALUE  DATE(S)
                                          NORMAL
................................................................
TEMPERATURE (F)
RECORD
 HIGH              93   09/03/2011
 LOW                4   11/25/1970
HIGHEST            83   09/24                         86
                        09/23
LOWEST             18   11/23                         21
AVG. MAXIMUM     64.9              63.1     1.8     68.2
AVG. MINIMUM     45.0              43.8     1.2     47.3
MEAN             55.0              53.4     1.6     57.8
DAYS MAX >= 90      0               0.1    -0.1        0
DAYS MAX <= 32      0               1.3    -1.3        1
DAYS MIN <= 32     17              16.9     0.1       10
DAYS MIN <= 0       0               0.0     0.0        0

PRECIPITATION (INCHES)
RECORD
 MAXIMUM        17.00   1924
 MINIMUM         2.73   2001
TOTALS           7.77              8.53   -0.76     7.87
DAILY AVG.       0.09              0.09    0.00     0.09
DAYS >= .01        31              31.9    -0.9       21
DAYS >= .10        15              18.2    -3.2       14
DAYS >= .50         6               5.0     1.0        7
DAYS >= 1.00        1               1.4    -0.4        3
GREATEST
 24 HR. TOTAL    1.58   MM                       11/30 TO 11/30
                                                          11/30 TO 11/30
                                                          11/30 TO 11/30

SNOWFALL (INCHES)
RECORDS
 TOTAL             MM   5
 24 HR TOTAL       MM
 SNOW DEPTH        MM   MM
TOTALS            0.1               3.0    -2.9      0.2
SINCE 7/1         0.1               3.0    -2.9      0.2
SNOWDEPTH AVG.      0                                  0
DAYS >= TRACE       2               3.3    -1.3        2
DAYS >= 1.0         0               0.9    -0.9        0
GREATEST
 SNOW DEPTH         0   MM                            -1  11/20
 24 HR TOTAL      0.1   MM                       11/30 TO 11/30
                                                          11/30 TO 11/30
                                                          11/30 TO 11/30

DEGREE_DAYS
HEATING TOTAL     966              1119    -153      775
 SINCE 7/1        983              1140    -157       MM
COOLING TOTAL      81                64      17      143
 SINCE 1/1        594               557      37      844
.................................................

WIND (MPH)
AVERAGE WIND SPEED              6.5
HIGHEST WIND SPEED/DIRECTION    33/230    DATE  11/18
HIGHEST GUST SPEED/DIRECTION    44/300    DATE  11/19

SKY COVER
POSSIBLE SUNSHINE (PERCENT)   MM
AVERAGE SKY COVER           0.40
NUMBER OF DAYS FAIR           44
NUMBER OF DAYS PC             28
NUMBER OF DAYS CLOUDY         19

AVERAGE RH (PERCENT)     70

WEATHER CONDITIONS. NUMBER OF DAYS WITH
THUNDERSTORM              0     MIXED PRECIP               0
HEAVY RAIN               11     RAIN                      17
LIGHT RAIN               32     FREEZING RAIN              0
LT FREEZING RAIN          2     HAIL                       0
HEAVY SNOW                0     SNOW                       0
LIGHT SNOW                3     SLEET                      0
FOG                      45     FOG W/VIS <= 1/4 MILE      8
HAZE                      4

-  INDICATES NEGATIVE NUMBERS.
R  INDICATES RECORD WAS SET OR TIED.
MM INDICATES DATA IS MISSING.
T  INDICATES TRACE AMOUNT.

$$
