000
CXUS51 KRLX 041137
CLSBKW


CLIMATE REPORT
NATIONAL WEATHER SERVICE CHARLESTON WV
736 AM EDT MON SEP 4 2017

...................................

...THE BECKLEY WV CLIMATE SUMMARY FOR THE SEASON, FROM
6/1/2017 TO 8/31/2017...

CLIMATE NORMAL PERIOD 1981 TO 2010
CLIMATE RECORD PERIOD 1963 TO 2017

WEATHER         OBSERVED          NORMAL  DEPART  LAST YEAR`S
                 VALUE   DATE(S)  VALUE   FROM    VALUE  DATE(S)
                                          NORMAL
................................................................
TEMPERATURE (F)
HIGHEST            89   07/22        MM      MM       91
LOWEST             46   06/07        MM      MM       47
AVG. MAXIMUM     78.7              78.7     0.0     80.7
AVG. MINIMUM     59.3              59.8    -0.5     62.7
MEAN             69.0              69.3    -0.3     71.7
DAYS MAX >= 90      0               0.9    -0.9        1
DAYS MAX <= 32      0               0.0     0.0        0
DAYS MIN <= 32      0               0.0     0.0        0
DAYS MIN <= 0       0               0.0     0.0        0

PRECIPITATION (INCHES)
RECORD
 MAXIMUM        23.74   1940
TOTALS          12.88             12.50    0.38    18.02
DAILY AVG.       0.14              0.14    0.00     0.20
DAYS >= .01        35              37.0    -2.0       41
DAYS >= .10        19              24.0    -5.0       33
DAYS >= .50         8               8.4    -0.4       15
DAYS >= 1.00        3               2.6     0.4        5
GREATEST
 24 HR. TOTAL    3.04   MM                       08/31 TO 08/31
                                                          08/31 TO 08/31
                                                          08/31 TO 08/31

SNOWFALL (INCHES)
TOTALS            0.0               0.0     0.0      0.0
SINCE 7/1         0.0               0.0     0.0      0.0
DAYS >= TRACE       0               0.0     0.0        0
DAYS >= 1.0         0               0.0     0.0        0
GREATEST
 SNOW DEPTH         0   MM                             0  MM
 24 HR TOTAL      0.0   MM                       08/31 TO 08/31
                                                          08/31 TO 08/31
                                                          08/31 TO 08/31

DEGREE_DAYS
HEATING TOTAL      55                60      -5       16
 SINCE 7/1         17                21      -4        0
COOLING TOTAL     448               453      -5      660
 SINCE 1/1        513               493      20      701
..................................................

WIND (MPH)
AVERAGE WIND SPEED              5.4
HIGHEST WIND SPEED/DIRECTION    40/340    DATE  06/13
HIGHEST GUST SPEED/DIRECTION    57/340    DATE  06/13

SKY COVER
POSSIBLE SUNSHINE (PERCENT)   MM
AVERAGE SKY COVER           0.30
NUMBER OF DAYS FAIR           51
NUMBER OF DAYS PC             35
NUMBER OF DAYS CLOUDY          6

AVERAGE RH (PERCENT)     72

WEATHER CONDITIONS. NUMBER OF DAYS WITH
THUNDERSTORM              0     MIXED PRECIP               0
HEAVY RAIN               16     RAIN                      20
LIGHT RAIN               43     FREEZING RAIN              0
LT FREEZING RAIN          0     HAIL                       0
HEAVY SNOW                0     SNOW                       0
LIGHT SNOW                0     SLEET                      0
FOG                      45     FOG W/VIS <= 1/4 MILE      5
HAZE                      1

-  INDICATES NEGATIVE NUMBERS.
R  INDICATES RECORD WAS SET OR TIED.
MM INDICATES DATA IS MISSING.
T  INDICATES TRACE AMOUNT.

$$
