000
CXUS53 KDVN 012119
CLSBRL

CLIMATE REPORT
NATIONAL WEATHER SERVICE QUAD CITIES IA IL
319 PM CST WED MAR 1 2017

...................................

...THE BURLINGTON IA CLIMATE SUMMARY FOR THE SEASON, FROM
12/1/2016 TO 2/28/2017...

CLIMATE NORMAL PERIOD 1981 TO 2010
CLIMATE RECORD PERIOD 1897 TO 2017

WEATHER         OBSERVED          NORMAL  DEPART
                 VALUE   DATE(S)  VALUE   FROM
                                          NORMAL
................................................
TEMPERATURE (F)
RECORD
 HIGH              76   02/24/1930
 LOW              -27   02/13/1905
HIGHEST            74   02/20        44      30
LOWEST             -9   12/18        17     -26
AVG. MAXIMUM     40.4              36.8     3.6
AVG. MINIMUM     24.3              19.8     4.5
MEAN             32.3              28.3     4.0
DAYS MAX >= 90      0
DAYS MAX <= 32     26
DAYS MIN <= 32     69
DAYS MIN <= 0       4

PRECIPITATION (INCHES)
TOTALS           2.84              4.95   -2.11
DAILY AVG.       0.03              0.05   -0.02
DAYS >= .01        20
DAYS >= .10         7
DAYS >= .50         2
DAYS >= 1.00        1
GREATEST
 24 HR. TOTAL    1.05   01/16 TO 01/16

DEGREE_DAYS
HEATING TOTAL    2938              3305    -367
 SINCE 7/1       3694              4378    -684
COOLING TOTAL       0                 0       0
 SINCE 1/1          0                 0       0
.................................................

WIND (MPH)
AVERAGE WIND SPEED              9.2
HIGHEST WIND SPEED/DIRECTION    36/250    DATE  01/10
HIGHEST GUST SPEED/DIRECTION    45/310    DATE  12/29

SKY COVER
POSSIBLE SUNSHINE (PERCENT)   MM
AVERAGE SKY COVER           0.50
NUMBER OF DAYS FAIR           33
NUMBER OF DAYS PC             24
NUMBER OF DAYS CLOUDY         27

AVERAGE RH (PERCENT)     74

WEATHER CONDITIONS. NUMBER OF DAYS WITH
THUNDERSTORM              2     HAIL                       0
SLEET                     0     FOG                       41
FOG W/VIS <= 1/4 MILE    15     HAZE                      17

-  INDICATES NEGATIVE NUMBERS.
R  INDICATES RECORD WAS SET OR TIED.
MM INDICATES DATA IS MISSING.
T  INDICATES TRACE AMOUNT.

$$
