000
CXUS53 KGRR 021601
CLSBTL

WRKCLMBTL 000
TTAA00 KGRR 011855


CLIMATE REPORT
NATIONAL WEATHER SERVICE GRAND RAPIDS, MI
1100 AM EST SAT DEC 2 2017

...................................

...THE BATTLE CREEK MI CLIMATE SUMMARY FOR THE SEASON, FROM
9/1/2017 TO 11/30/2017...

CLIMATE NORMAL PERIOD 1981 TO 2010
CLIMATE RECORD PERIOD 1998 TO 2017

WEATHER         OBSERVED          NORMAL  DEPART  LAST YEAR`S
                 VALUE   DATE(S)  VALUE   FROM    VALUE  DATE(S)
                                          NORMAL
................................................................
TEMPERATURE (F)
HIGHEST            94   09/23        MM      MM       88  09/07
                        09/22
LOWEST             17   11/10        MM      MM       19  11/22
AVG. MAXIMUM     63.2              60.8     2.4       MM
AVG. MINIMUM     43.7              39.9     3.8       MM
MEAN             53.5              50.3     3.2       MM
DAYS MAX >= 90      6               0.2     5.8        0
DAYS MAX <= 32      1               1.6    -0.6        1
DAYS MIN <= 32     26              25.3     0.7       10
DAYS MIN <= 0       0               0.0     0.0        0

PRECIPITATION (INCHES)
TOTALS          14.70              9.62    5.08       MM
DAILY AVG.       0.24              0.11    0.13       MM
DAYS >= .01        26              33.1    -7.1       27
DAYS >= .10        17              18.5    -1.5       15
DAYS >= .50        11               6.2     4.8        6
DAYS >= 1.00        4               2.5     1.5        1
GREATEST
 24 HR. TOTAL    4.21   10/14 TO 10/14
 STORM TOTAL       MM                                 MM
 (MM/DD(HH))            MM                    09/17(00) TO 09/17(00)
                                                 09/17(00) TO 09/17(00)@
                                                 09/17(00) TO 09/17(00)@

DEGREE_DAYS
HEATING TOTAL    1175              1396    -221        0
 SINCE 7/1       1195              1438    -243        8
COOLING TOTAL     148                60      88      111
 SINCE 1/1        735               578     157      727

FREEZE DATES
EARLIEST                        MM
LATEST                          MM
.................................................................

WIND (MPH)
AVERAGE WIND SPEED              8.0
RESULTANT WIND SPEED/DIRECTION   3/215
HIGHEST WIND SPEED/DIRECTION    36/260    DATE  10/07
HIGHEST GUST SPEED/DIRECTION    45/240    DATE  10/15

SKY COVER
POSSIBLE SUNSHINE (PERCENT)   MM
AVERAGE SKY COVER           0.40
NUMBER OF DAYS FAIR           39
NUMBER OF DAYS PC             27
NUMBER OF DAYS CLOUDY         25

AVERAGE RH (PERCENT)     72

WEATHER CONDITIONS. NUMBER OF DAYS WITH
THUNDERSTORM              9     MIXED PRECIP               0
HEAVY RAIN               11     RAIN                      20
LIGHT RAIN               44     FREEZING RAIN              0
LT FREEZING RAIN          1     HAIL                       0
HEAVY SNOW                0     SNOW                       0
LIGHT SNOW                2     SLEET                      0
FOG                      40     FOG W/VIS <= 1/4 MILE      3
HAZE                      4

-  INDICATES NEGATIVE NUMBERS.
R  INDICATES RECORD WAS SET OR TIED.
MM INDICATES DATA IS MISSING.
T  INDICATES TRACE AMOUNT.

$$

JAM
