000
CXUS55 KPUB 031555 CCA
CLSCOS

CLIMATE REPORT
NATIONAL WEATHER SERVICE PUEBLO
920 AM MDT TUE JUN 3 2014

...................................

...THE COLORADO SPRINGS CO CLIMATE SUMMARY FOR THE SEASON, FROM
3/1/2014 TO 5/31/2014...

CLIMATE NORMAL PERIOD 1981 TO 2010
CLIMATE RECORD PERIOD 1872 TO 2014

WEATHER         OBSERVED          NORMAL  DEPART  LAST YEAR`S
                 VALUE   DATE(S)  VALUE   FROM    VALUE  DATE(S)
                                          NORMAL
................................................................
TEMPERATURE (F)
RECORD
 HIGH              94   05/30/2000
 LOW              -16   03/02/1943
HIGHEST            84   05/28                         87  05/25
                        05/19
LOWEST              6   03/02                          5  03/24
AVG. MAXIMUM     62.1              60.3     1.8     59.4
AVG. MINIMUM     33.8              34.0    -0.2     32.2
MEAN             47.9              47.2     0.7     45.9
DAYS MAX >= 90      0               0.2    -0.2
DAYS MAX <= 32      3               2.7     0.3
DAYS MIN <= 32     49              38.0    11.0
DAYS MIN <= 0       0               0.1    -0.1

PRECIPITATION (INCHES)
RECORD
 MAXIMUM        12.13   1957
 MINIMUM         1.14   2006
TOTALS           3.90              4.45   -0.55     1.65
DAILY AVG.       0.04              0.05   -0.01
DAYS >= .01        23              26.5    -3.5
DAYS >= .10        12              11.3     0.7
DAYS >= .50         2               1.9     0.1
DAYS >= 1.00        0               0.5    -0.5
GREATEST
 24 HR. TOTAL    1.01   05/23 TO 05/24

SNOWFALL (INCHES)
RECORDS
 TOTAL           63.1   1957
TOTALS           10.7              13.7    -3.0      9.6
SINCE 7/1        34.0              37.7    -3.7     29.7
SNOWDEPTH AVG.      0
DAYS >= 1.0         4               4.0     0.0
GREATEST
 SNOW DEPTH         6   04/03                          3
 24 HR TOTAL      6.0   04/03 TO 04/03               3.1

DEGREE_DAYS
HEATING TOTAL    1559              1650     -91     1759
 SINCE 7/1       6046              6213    -167     6103
COOLING TOTAL      13                10       3       22
 SINCE 1/1         13                10       3       22
.................................................................

WIND (MPH)
AVERAGE WIND SPEED              11.5
HIGHEST WIND SPEED/DIRECTION    52/250    DATE  03/17
HIGHEST GUST SPEED/DIRECTION    67/270    DATE  03/31

SKY COVER
POSSIBLE SUNSHINE (PERCENT)   MM
AVERAGE SKY COVER           0.60
NUMBER OF DAYS FAIR           17
NUMBER OF DAYS PC             58
NUMBER OF DAYS CLOUDY         17

AVERAGE RH (PERCENT)     47

WEATHER CONDITIONS. NUMBER OF DAYS WITH
THUNDERSTORM             10     MIXED PRECIP               3
HEAVY RAIN                3     RAIN                       6
LIGHT RAIN               29     FREEZING RAIN              0
LT FREEZING RAIN          0     HAIL                       3
HEAVY SNOW                3     SNOW                       8
LIGHT SNOW               22     SLEET                      0
FOG                      22     FOG W/VIS <= 1/4 MILE      7
HAZE                      6

-  INDICATES NEGATIVE NUMBERS.
R  INDICATES RECORD WAS SET OR TIED.
MM INDICATES DATA IS MISSING.
T  INDICATES TRACE AMOUNT.

$$
