000
CXUS55 KPUB 032129 CCA
CLSCOS

CLIMATE REPORT...CORRECTION
NATIONAL WEATHER SERVICE PUEBLO
1000 AM MST SUN MAR 2 2014

...................................

...THE COLORADO SPRINGS CO CLIMATE SUMMARY FOR THE SEASON, FROM
12/1/2013 TO 2/28/2014...

CLIMATE NORMAL PERIOD 1981 TO 2010
CLIMATE RECORD PERIOD 1872 TO 2014

WEATHER         OBSERVED          NORMAL  DEPART  LAST YEAR`S
                 VALUE   DATE(S)  VALUE   FROM    VALUE  DATE(S)
                                          NORMAL
................................................................
TEMPERATURE (F)
RECORD
 HIGH              77   12/23/1955
 LOW              -27   02/01/1951
                        12/09/1919
HIGHEST            66   02/16                         68  01/23
LOWEST            -15   02/06                         -4  01/15
AVG. MAXIMUM     43.9              43.4     0.5     43.5
AVG. MINIMUM     16.2              18.2    -2.0     16.9
MEAN             30.1              30.8    -0.7     30.2
DAYS MAX >= 90      0               0.0     0.0
DAYS MAX <= 32     21              16.8     4.2
DAYS MIN <= 32     86              85.8     0.2
DAYS MIN <= 0      12               4.5     7.5

PRECIPITATION (INCHES)
RECORD
 MAXIMUM         4.05   1934
 MINIMUM         0.16   1928
TOTALS           0.96              1.00   -0.04     1.34
DAILY AVG.       0.01              0.01    0.00
DAYS >= .01        13              12.8     0.2
DAYS >= .10         3               2.8     0.2
DAYS >= .50         0               0.2    -0.2
DAYS >= 1.00        0               0.0     0.0
GREATEST
 24 HR. TOTAL    0.19   01/27 TO 01/27

SNOWFALL (INCHES)...CORRECTION
RECORDS
 TOTAL           56.3   1987
                  2.6   1952
TOTALS           19.9              16.2     3.7     19.2
SINCE 7/1        24.1              24.0     0.1     20.1
SNOWDEPTH AVG.      1
DAYS >= 1.0         7               5.3     1.7
GREATEST
 SNOW DEPTH         4   02/07                          7
                        02/02
                        01/06
 24 HR TOTAL      3.5   01/04 TO 01/04               7.3
                        01/27 TO 01/27

DEGREE_DAYS...CORRECTION
HEATING TOTAL    3126              3082      44     3108
 SINCE 7/1       4487              4563     -76     4344
COOLING TOTAL       0                 0       0        0
 SINCE 1/1          0                 0       0        0
.................................................................

WIND (MPH)
AVERAGE WIND SPEED              9.3
HIGHEST WIND SPEED/DIRECTION    51/280    DATE  01/30
HIGHEST GUST SPEED/DIRECTION    62/280    DATE  01/30

SKY COVER
POSSIBLE SUNSHINE (PERCENT)   MM
AVERAGE SKY COVER           0.50
NUMBER OF DAYS FAIR           30
NUMBER OF DAYS PC             45
NUMBER OF DAYS CLOUDY         15

AVERAGE RH (PERCENT)     53

WEATHER CONDITIONS. NUMBER OF DAYS WITH
THUNDERSTORM              0     MIXED PRECIP               0
HEAVY RAIN                0     RAIN                       0
LIGHT RAIN                1     FREEZING RAIN              0
LT FREEZING RAIN          0     HAIL                       0
HEAVY SNOW                3     SNOW                       6
LIGHT SNOW               37     SLEET                      0
FOG                      36     FOG W/VIS <= 1/4 MILE     11
HAZE                     10

-  INDICATES NEGATIVE NUMBERS.
R  INDICATES RECORD WAS SET OR TIED.
MM INDICATES DATA IS MISSING.
T  INDICATES TRACE AMOUNT.

$$
