405
CXUS55 KPUB 012231
CLSCOS

CLIMATE REPORT
NATIONAL WEATHER SERVICE PUEBLO
431 PM MDT FRI SEP 1 2017

...................................

...THE COLORADO SPRINGS CO CLIMATE SUMMARY FOR THE SEASON, FROM
6/1/2017 TO 8/31/2017...

CLIMATE NORMAL PERIOD 1981 TO 2010
CLIMATE RECORD PERIOD 1872 TO 2017

WEATHER         OBSERVED          NORMAL  DEPART  LAST YEAR`S
                 VALUE   DATE(S)  VALUE   FROM    VALUE  DATE(S)
                                          NORMAL
................................................................
TEMPERATURE (F)
RECORD
 HIGH             101   06/21/2016
                        06/26/2012

 LOW               27   06/01/1903

HIGHEST            95   06/21                        101  06/21
LOWEST             46   06/01                         43  08/25

AVG. MAXIMUM     83.7              81.8     1.9     85.6
AVG. MINIMUM     56.9              54.7     2.2     56.9
MEAN             70.3              68.3     2.0     71.3

DAYS MAX >= 90     25              13.9    11.1
DAYS MAX <= 32      0               0.0     0.0
DAYS MIN <= 32      0               0.0     0.0
DAYS MIN <= 0       0               0.0     0.0

PRECIPITATION (INCHES)
RECORD
 MAXIMUM        16.85   1965
 MINIMUM         2.47   1939

TOTALS           9.16              8.68    0.48     6.51

DAILY AVG.       0.10              0.09    0.01
DAYS >= .01        39              35.3     3.7
DAYS >= .10        17              18.0    -1.0
DAYS >= .50         6               4.9     1.1
DAYS >= 1.00        2               1.7     0.3

GREATEST 24 HR. TOTAL    1.75   07/26 TO 07/27


SNOWFALL (INCHES)
RECORDS
 TOTAL            2.0   1917

TOTALS              T               0.0     0.0        T
SINCE 7/1           T               0.0     0.0        T
SNOWDEPTH AVG.      0
DAYS >= 1.0         0               0.0     0.0
GREATEST
 SNOW DEPTH         0   MM                             0
 24 HR TOTAL        T   MM                             T

DEGREE_DAYS
HEATING TOTAL      30               110     -80       29
 SINCE 7/1          9                31     -22       21
COOLING TOTAL     546               409     137      624
 SINCE 1/1        548               418     130      626
.................................................................

WIND (MPH)
AVERAGE WIND SPEED              8.6
HIGHEST WIND SPEED/DIRECTION    41/290    DATE  08/20
HIGHEST GUST SPEED/DIRECTION    53/180    DATE  06/12

SKY COVER
POSSIBLE SUNSHINE (PERCENT)   MM
AVERAGE SKY COVER           0.60
NUMBER OF DAYS FAIR           14
NUMBER OF DAYS PC             64
NUMBER OF DAYS CLOUDY         14

AVERAGE RH (PERCENT)     53

WEATHER CONDITIONS. NUMBER OF DAYS WITH
THUNDERSTORM             52     MIXED PRECIP               0
HEAVY RAIN               12     RAIN                      23
LIGHT RAIN               57     FREEZING RAIN              0
LT FREEZING RAIN          0     HAIL                       6
HEAVY SNOW                0     SNOW                       0
LIGHT SNOW                0     SLEET                      0
FOG                      26     FOG W/VIS <= 1/4 MILE      4
HAZE                     13

-  INDICATES NEGATIVE NUMBERS.
R  INDICATES RECORD WAS SET OR TIED.
MM INDICATES DATA IS MISSING.
T  INDICATES TRACE AMOUNT.

$$
